{"id":32,"date":"2021-02-23T15:21:11","date_gmt":"2021-02-23T14:21:11","guid":{"rendered":"https:\/\/blogs.uni-siegen.de\/architekturlehre1zu1\/?page_id=32"},"modified":"2024-07-01T19:18:08","modified_gmt":"2024-07-01T17:18:08","slug":"methodenwissen","status":"publish","type":"page","link":"https:\/\/blogs.uni-siegen.de\/architekturlehre1zu1\/methodenwissen\/","title":{"rendered":"Methodenwissen"},"content":{"rendered":"\n<div class=\"wp-block-columns is-layout-flex wp-container-core-columns-is-layout-9d6595d7 wp-block-columns-is-layout-flex\">\n<div class=\"wp-block-column is-layout-flow wp-block-column-is-layout-flow\"><\/div>\n\n\n\n<div class=\"wp-block-column is-layout-flow wp-block-column-is-layout-flow\"><\/div>\n\n\n\n<div class=\"wp-block-column is-layout-flow wp-block-column-is-layout-flow\"><\/div>\n<\/div>\n\n\n\n<h5 class=\"wp-block-heading has-primary-color has-text-color\">Prim\u00e4rkonstruktion<\/h5>\n\n\n\n<figure class=\"wp-block-image size-large\"><a href=\"https:\/\/video.zimt.uni-siegen.de\/paella7\/ui\/watch.html?id=014fe9f1-6bd1-4043-ab90-b2958f31c911\"><img loading=\"lazy\" decoding=\"async\" width=\"900\" height=\"504\" src=\"https:\/\/blogs.uni-siegen.de\/architekturlehre1zu1\/files\/2021\/06\/Bildschirmfoto-2021-02-10-um-10.15.19-Kopie.jpg\" alt=\"\" class=\"wp-image-1561\" srcset=\"https:\/\/blogs.uni-siegen.de\/architekturlehre1zu1\/files\/2021\/06\/Bildschirmfoto-2021-02-10-um-10.15.19-Kopie.jpg 900w, https:\/\/blogs.uni-siegen.de\/architekturlehre1zu1\/files\/2021\/06\/Bildschirmfoto-2021-02-10-um-10.15.19-Kopie-300x168.jpg 300w, https:\/\/blogs.uni-siegen.de\/architekturlehre1zu1\/files\/2021\/06\/Bildschirmfoto-2021-02-10-um-10.15.19-Kopie-768x430.jpg 768w\" sizes=\"auto, (max-width: 900px) 100vw, 900px\" \/><\/a><\/figure>\n\n\n\n<p>In diesem Methodenwissen soll es um eine ganzheitliche Betrachtungen der drei behandelten baustoffe Holz, Stahl, Stein (Beton) gehen. Es wird dar\u00fcber diskutiert, wie die Konstruktionen unter folgenden Bewertungsaspekten kritisch betrachtet werden m\u00fcssen: Verf\u00fcgbarkeit, Nachhaltigkeit, Kreisulaufwirtschaft, Herstellung und Montageablauf, Langlebigkeit, L\u00f6sbarkeit der Konstruktion und recyclef\u00e4higkeit.&nbsp;<\/p>\n\n\n\n<h5 class=\"wp-block-heading has-primary-color has-text-color\">Sehen Lernen<\/h5>\n\n\n\n<figure class=\"wp-block-image size-large\"><a href=\"https:\/\/video.zimt.uni-siegen.de\/paella7\/ui\/watch.html?id=5faa2056-38ae-418e-ad18-414205217f99\"><img loading=\"lazy\" decoding=\"async\" width=\"900\" height=\"503\" src=\"http:\/\/blogs.uni-siegen.de\/architekturlehre1zu1\/files\/2021\/03\/Bildschirmfoto-2020-12-16-um-12.44.14-1024x572-1.jpg\" alt=\"\" class=\"wp-image-389\" srcset=\"https:\/\/blogs.uni-siegen.de\/architekturlehre1zu1\/files\/2021\/03\/Bildschirmfoto-2020-12-16-um-12.44.14-1024x572-1.jpg 900w, https:\/\/blogs.uni-siegen.de\/architekturlehre1zu1\/files\/2021\/03\/Bildschirmfoto-2020-12-16-um-12.44.14-1024x572-1-300x168.jpg 300w, https:\/\/blogs.uni-siegen.de\/architekturlehre1zu1\/files\/2021\/03\/Bildschirmfoto-2020-12-16-um-12.44.14-1024x572-1-768x429.jpg 768w\" sizes=\"auto, (max-width: 900px) 100vw, 900px\" \/><\/a><\/figure>\n\n\n\n<p><\/p>\n","protected":false},"excerpt":{"rendered":"<p>Prim\u00e4rkonstruktion In diesem Methodenwissen soll es um eine ganzheitliche Betrachtungen der drei behandelten baustoffe Holz, Stahl, Stein (Beton) gehen. Es wird dar\u00fcber diskutiert, wie die Konstruktionen unter folgenden Bewertungsaspekten kritisch betrachtet werden m\u00fcssen: Verf\u00fcgbarkeit, Nachhaltigkeit, Kreisulaufwirtschaft, Herstellung und Montageablauf, Langlebigkeit, L\u00f6sbarkeit der Konstruktion und recyclef\u00e4higkeit.&nbsp; Sehen Lernen<\/p>\n","protected":false},"author":474,"featured_media":0,"parent":0,"menu_order":0,"comment_status":"closed","ping_status":"closed","template":"","meta":{"footnotes":""},"class_list":["post-32","page","type-page","status-publish","hentry"],"yoast_head":"<!-- This site is optimized with the Yoast SEO plugin v27.4 - https:\/\/yoast.com\/product\/yoast-seo-wordpress\/ -->\n<title>Methodenwissen - Architekturlehre 1zu1<\/title>\n<meta name=\"robots\" content=\"index, follow, max-snippet:-1, max-image-preview:large, max-video-preview:-1\" \/>\n<link rel=\"canonical\" href=\"https:\/\/blogs.uni-siegen.de\/architekturlehre1zu1\/methodenwissen\/\" \/>\n<meta property=\"og:locale\" content=\"de_DE\" \/>\n<meta property=\"og:type\" content=\"article\" \/>\n<meta property=\"og:title\" content=\"Methodenwissen - Architekturlehre 1zu1\" \/>\n<meta property=\"og:description\" content=\"Prim\u00e4rkonstruktion In diesem Methodenwissen soll es um eine ganzheitliche Betrachtungen der drei behandelten baustoffe Holz, Stahl, Stein (Beton) gehen. Es wird dar\u00fcber diskutiert, wie die Konstruktionen unter folgenden Bewertungsaspekten kritisch betrachtet werden m\u00fcssen: Verf\u00fcgbarkeit, Nachhaltigkeit, Kreisulaufwirtschaft, Herstellung und Montageablauf, Langlebigkeit, L\u00f6sbarkeit der Konstruktion und recyclef\u00e4higkeit.&nbsp; Sehen Lernen\" \/>\n<meta property=\"og:url\" content=\"https:\/\/blogs.uni-siegen.de\/architekturlehre1zu1\/methodenwissen\/\" \/>\n<meta property=\"og:site_name\" content=\"Architekturlehre 1zu1\" \/>\n<meta property=\"article:modified_time\" content=\"2024-07-01T17:18:08+00:00\" \/>\n<meta property=\"og:image\" content=\"https:\/\/blogs.uni-siegen.de\/architekturlehre1zu1\/files\/2021\/06\/Bildschirmfoto-2021-02-10-um-10.15.19-Kopie.jpg\" \/>\n<meta name=\"twitter:card\" content=\"summary_large_image\" \/>\n<meta name=\"twitter:label1\" content=\"Gesch\u00e4tzte Lesezeit\" \/>\n\t<meta name=\"twitter:data1\" content=\"1\u00a0Minute\" \/>\n<script type=\"application\/ld+json\" class=\"yoast-schema-graph\">{\"@context\":\"https:\\\/\\\/schema.org\",\"@graph\":[{\"@type\":\"WebPage\",\"@id\":\"https:\\\/\\\/blogs.uni-siegen.de\\\/architekturlehre1zu1\\\/methodenwissen\\\/\",\"url\":\"https:\\\/\\\/blogs.uni-siegen.de\\\/architekturlehre1zu1\\\/methodenwissen\\\/\",\"name\":\"Methodenwissen - Architekturlehre 1zu1\",\"isPartOf\":{\"@id\":\"https:\\\/\\\/blogs.uni-siegen.de\\\/architekturlehre1zu1\\\/#website\"},\"primaryImageOfPage\":{\"@id\":\"https:\\\/\\\/blogs.uni-siegen.de\\\/architekturlehre1zu1\\\/methodenwissen\\\/#primaryimage\"},\"image\":{\"@id\":\"https:\\\/\\\/blogs.uni-siegen.de\\\/architekturlehre1zu1\\\/methodenwissen\\\/#primaryimage\"},\"thumbnailUrl\":\"https:\\\/\\\/blogs.uni-siegen.de\\\/architekturlehre1zu1\\\/files\\\/2021\\\/06\\\/Bildschirmfoto-2021-02-10-um-10.15.19-Kopie.jpg\",\"datePublished\":\"2021-02-23T14:21:11+00:00\",\"dateModified\":\"2024-07-01T17:18:08+00:00\",\"breadcrumb\":{\"@id\":\"https:\\\/\\\/blogs.uni-siegen.de\\\/architekturlehre1zu1\\\/methodenwissen\\\/#breadcrumb\"},\"inLanguage\":\"de\",\"potentialAction\":[{\"@type\":\"ReadAction\",\"target\":[\"https:\\\/\\\/blogs.uni-siegen.de\\\/architekturlehre1zu1\\\/methodenwissen\\\/\"]}]},{\"@type\":\"ImageObject\",\"inLanguage\":\"de\",\"@id\":\"https:\\\/\\\/blogs.uni-siegen.de\\\/architekturlehre1zu1\\\/methodenwissen\\\/#primaryimage\",\"url\":\"https:\\\/\\\/blogs.uni-siegen.de\\\/architekturlehre1zu1\\\/files\\\/2021\\\/06\\\/Bildschirmfoto-2021-02-10-um-10.15.19-Kopie.jpg\",\"contentUrl\":\"https:\\\/\\\/blogs.uni-siegen.de\\\/architekturlehre1zu1\\\/files\\\/2021\\\/06\\\/Bildschirmfoto-2021-02-10-um-10.15.19-Kopie.jpg\",\"width\":900,\"height\":504},{\"@type\":\"BreadcrumbList\",\"@id\":\"https:\\\/\\\/blogs.uni-siegen.de\\\/architekturlehre1zu1\\\/methodenwissen\\\/#breadcrumb\",\"itemListElement\":[{\"@type\":\"ListItem\",\"position\":1,\"name\":\"Startseite\",\"item\":\"https:\\\/\\\/blogs.uni-siegen.de\\\/architekturlehre1zu1\\\/\"},{\"@type\":\"ListItem\",\"position\":2,\"name\":\"Methodenwissen\"}]},{\"@type\":\"WebSite\",\"@id\":\"https:\\\/\\\/blogs.uni-siegen.de\\\/architekturlehre1zu1\\\/#website\",\"url\":\"https:\\\/\\\/blogs.uni-siegen.de\\\/architekturlehre1zu1\\\/\",\"name\":\"Architekturlehre 1zu1\",\"description\":\"\",\"publisher\":{\"@id\":\"https:\\\/\\\/blogs.uni-siegen.de\\\/architekturlehre1zu1\\\/#organization\"},\"potentialAction\":[{\"@type\":\"SearchAction\",\"target\":{\"@type\":\"EntryPoint\",\"urlTemplate\":\"https:\\\/\\\/blogs.uni-siegen.de\\\/architekturlehre1zu1\\\/?s={search_term_string}\"},\"query-input\":{\"@type\":\"PropertyValueSpecification\",\"valueRequired\":true,\"valueName\":\"search_term_string\"}}],\"inLanguage\":\"de\"},{\"@type\":\"Organization\",\"@id\":\"https:\\\/\\\/blogs.uni-siegen.de\\\/architekturlehre1zu1\\\/#organization\",\"name\":\"Architekturlehre 1zu1\",\"url\":\"https:\\\/\\\/blogs.uni-siegen.de\\\/architekturlehre1zu1\\\/\",\"logo\":{\"@type\":\"ImageObject\",\"inLanguage\":\"de\",\"@id\":\"https:\\\/\\\/blogs.uni-siegen.de\\\/architekturlehre1zu1\\\/#\\\/schema\\\/logo\\\/image\\\/\",\"url\":\"https:\\\/\\\/blogs.uni-siegen.de\\\/architekturlehre1zu1\\\/files\\\/2021\\\/03\\\/cropped-Logo_\u00dcberarbeitet-3.png\",\"contentUrl\":\"https:\\\/\\\/blogs.uni-siegen.de\\\/architekturlehre1zu1\\\/files\\\/2021\\\/03\\\/cropped-Logo_\u00dcberarbeitet-3.png\",\"width\":3475,\"height\":1232,\"caption\":\"Architekturlehre 1zu1\"},\"image\":{\"@id\":\"https:\\\/\\\/blogs.uni-siegen.de\\\/architekturlehre1zu1\\\/#\\\/schema\\\/logo\\\/image\\\/\"}}]}<\/script>\n<!-- \/ Yoast SEO plugin. -->","yoast_head_json":{"title":"Methodenwissen - Architekturlehre 1zu1","robots":{"index":"index","follow":"follow","max-snippet":"max-snippet:-1","max-image-preview":"max-image-preview:large","max-video-preview":"max-video-preview:-1"},"canonical":"https:\/\/blogs.uni-siegen.de\/architekturlehre1zu1\/methodenwissen\/","og_locale":"de_DE","og_type":"article","og_title":"Methodenwissen - Architekturlehre 1zu1","og_description":"Prim\u00e4rkonstruktion In diesem Methodenwissen soll es um eine ganzheitliche Betrachtungen der drei behandelten baustoffe Holz, Stahl, Stein (Beton) gehen. Es wird dar\u00fcber diskutiert, wie die Konstruktionen unter folgenden Bewertungsaspekten kritisch betrachtet werden m\u00fcssen: Verf\u00fcgbarkeit, Nachhaltigkeit, Kreisulaufwirtschaft, Herstellung und Montageablauf, Langlebigkeit, L\u00f6sbarkeit der Konstruktion und recyclef\u00e4higkeit.&nbsp; Sehen Lernen","og_url":"https:\/\/blogs.uni-siegen.de\/architekturlehre1zu1\/methodenwissen\/","og_site_name":"Architekturlehre 1zu1","article_modified_time":"2024-07-01T17:18:08+00:00","og_image":[{"url":"https:\/\/blogs.uni-siegen.de\/architekturlehre1zu1\/files\/2021\/06\/Bildschirmfoto-2021-02-10-um-10.15.19-Kopie.jpg","type":"","width":"","height":""}],"twitter_card":"summary_large_image","twitter_misc":{"Gesch\u00e4tzte Lesezeit":"1\u00a0Minute"},"schema":{"@context":"https:\/\/schema.org","@graph":[{"@type":"WebPage","@id":"https:\/\/blogs.uni-siegen.de\/architekturlehre1zu1\/methodenwissen\/","url":"https:\/\/blogs.uni-siegen.de\/architekturlehre1zu1\/methodenwissen\/","name":"Methodenwissen - Architekturlehre 1zu1","isPartOf":{"@id":"https:\/\/blogs.uni-siegen.de\/architekturlehre1zu1\/#website"},"primaryImageOfPage":{"@id":"https:\/\/blogs.uni-siegen.de\/architekturlehre1zu1\/methodenwissen\/#primaryimage"},"image":{"@id":"https:\/\/blogs.uni-siegen.de\/architekturlehre1zu1\/methodenwissen\/#primaryimage"},"thumbnailUrl":"https:\/\/blogs.uni-siegen.de\/architekturlehre1zu1\/files\/2021\/06\/Bildschirmfoto-2021-02-10-um-10.15.19-Kopie.jpg","datePublished":"2021-02-23T14:21:11+00:00","dateModified":"2024-07-01T17:18:08+00:00","breadcrumb":{"@id":"https:\/\/blogs.uni-siegen.de\/architekturlehre1zu1\/methodenwissen\/#breadcrumb"},"inLanguage":"de","potentialAction":[{"@type":"ReadAction","target":["https:\/\/blogs.uni-siegen.de\/architekturlehre1zu1\/methodenwissen\/"]}]},{"@type":"ImageObject","inLanguage":"de","@id":"https:\/\/blogs.uni-siegen.de\/architekturlehre1zu1\/methodenwissen\/#primaryimage","url":"https:\/\/blogs.uni-siegen.de\/architekturlehre1zu1\/files\/2021\/06\/Bildschirmfoto-2021-02-10-um-10.15.19-Kopie.jpg","contentUrl":"https:\/\/blogs.uni-siegen.de\/architekturlehre1zu1\/files\/2021\/06\/Bildschirmfoto-2021-02-10-um-10.15.19-Kopie.jpg","width":900,"height":504},{"@type":"BreadcrumbList","@id":"https:\/\/blogs.uni-siegen.de\/architekturlehre1zu1\/methodenwissen\/#breadcrumb","itemListElement":[{"@type":"ListItem","position":1,"name":"Startseite","item":"https:\/\/blogs.uni-siegen.de\/architekturlehre1zu1\/"},{"@type":"ListItem","position":2,"name":"Methodenwissen"}]},{"@type":"WebSite","@id":"https:\/\/blogs.uni-siegen.de\/architekturlehre1zu1\/#website","url":"https:\/\/blogs.uni-siegen.de\/architekturlehre1zu1\/","name":"Architekturlehre 1zu1","description":"","publisher":{"@id":"https:\/\/blogs.uni-siegen.de\/architekturlehre1zu1\/#organization"},"potentialAction":[{"@type":"SearchAction","target":{"@type":"EntryPoint","urlTemplate":"https:\/\/blogs.uni-siegen.de\/architekturlehre1zu1\/?s={search_term_string}"},"query-input":{"@type":"PropertyValueSpecification","valueRequired":true,"valueName":"search_term_string"}}],"inLanguage":"de"},{"@type":"Organization","@id":"https:\/\/blogs.uni-siegen.de\/architekturlehre1zu1\/#organization","name":"Architekturlehre 1zu1","url":"https:\/\/blogs.uni-siegen.de\/architekturlehre1zu1\/","logo":{"@type":"ImageObject","inLanguage":"de","@id":"https:\/\/blogs.uni-siegen.de\/architekturlehre1zu1\/#\/schema\/logo\/image\/","url":"https:\/\/blogs.uni-siegen.de\/architekturlehre1zu1\/files\/2021\/03\/cropped-Logo_\u00dcberarbeitet-3.png","contentUrl":"https:\/\/blogs.uni-siegen.de\/architekturlehre1zu1\/files\/2021\/03\/cropped-Logo_\u00dcberarbeitet-3.png","width":3475,"height":1232,"caption":"Architekturlehre 1zu1"},"image":{"@id":"https:\/\/blogs.uni-siegen.de\/architekturlehre1zu1\/#\/schema\/logo\/image\/"}}]}},"_links":{"self":[{"href":"https:\/\/blogs.uni-siegen.de\/architekturlehre1zu1\/wp-json\/wp\/v2\/pages\/32","targetHints":{"allow":["GET"]}}],"collection":[{"href":"https:\/\/blogs.uni-siegen.de\/architekturlehre1zu1\/wp-json\/wp\/v2\/pages"}],"about":[{"href":"https:\/\/blogs.uni-siegen.de\/architekturlehre1zu1\/wp-json\/wp\/v2\/types\/page"}],"author":[{"embeddable":true,"href":"https:\/\/blogs.uni-siegen.de\/architekturlehre1zu1\/wp-json\/wp\/v2\/users\/474"}],"replies":[{"embeddable":true,"href":"https:\/\/blogs.uni-siegen.de\/architekturlehre1zu1\/wp-json\/wp\/v2\/comments?post=32"}],"version-history":[{"count":13,"href":"https:\/\/blogs.uni-siegen.de\/architekturlehre1zu1\/wp-json\/wp\/v2\/pages\/32\/revisions"}],"predecessor-version":[{"id":2925,"href":"https:\/\/blogs.uni-siegen.de\/architekturlehre1zu1\/wp-json\/wp\/v2\/pages\/32\/revisions\/2925"}],"wp:attachment":[{"href":"https:\/\/blogs.uni-siegen.de\/architekturlehre1zu1\/wp-json\/wp\/v2\/media?parent=32"}],"curies":[{"name":"wp","href":"https:\/\/api.w.org\/{rel}","templated":true}]}}