{"id":15,"date":"2020-05-11T12:40:54","date_gmt":"2020-05-11T10:40:54","guid":{"rendered":"http:\/\/blogs.uni-siegen.de\/epitexte\/?page_id=15"},"modified":"2020-06-29T08:53:00","modified_gmt":"2020-06-29T06:53:00","slug":"aktivitaeten","status":"publish","type":"page","link":"https:\/\/blogs.uni-siegen.de\/epitexte\/aktivitaeten\/","title":{"rendered":"Aktivit\u00e4ten"},"content":{"rendered":"\n<p>Unter Aktivit\u00e4ten finden sich Informationen zu <a href=\"https:\/\/blogs.uni-siegen.de\/epitexte\/aktivitaeten\/vortraege\/\">anstehenden und bereits gehaltenen Vortr\u00e4gen<\/a>, ein \u00dcberblick \u00fcber unsere neuen <a href=\"https:\/\/blogs.uni-siegen.de\/epitexte\/aktivitaeten\/veroeffentlichungen\/\">Ver\u00f6ffentlichungen<\/a> sowie eine Liste unserer <a href=\"https:\/\/blogs.uni-siegen.de\/epitexte\/aktivitaeten\/lehrveranstaltungen\/\">Lehrveranstaltungen<\/a> in Innsbruck und Siegen.<\/p>\n","protected":false},"excerpt":{"rendered":"<p>Unter Aktivit\u00e4ten finden sich Informationen zu anstehenden und bereits gehaltenen Vortr\u00e4gen, ein \u00dcberblick \u00fcber unsere neuen Ver\u00f6ffentlichungen sowie eine Liste unserer Lehrveranstaltungen in Innsbruck und Siegen.<\/p>\n","protected":false},"author":420,"featured_media":0,"parent":0,"menu_order":0,"comment_status":"closed","ping_status":"closed","template":"","meta":{"footnotes":""},"class_list":["post-15","page","type-page","status-publish","hentry"],"_links":{"self":[{"href":"https:\/\/blogs.uni-siegen.de\/epitexte\/wp-json\/wp\/v2\/pages\/15","targetHints":{"allow":["GET"]}}],"collection":[{"href":"https:\/\/blogs.uni-siegen.de\/epitexte\/wp-json\/wp\/v2\/pages"}],"about":[{"href":"https:\/\/blogs.uni-siegen.de\/epitexte\/wp-json\/wp\/v2\/types\/page"}],"author":[{"embeddable":true,"href":"https:\/\/blogs.uni-siegen.de\/epitexte\/wp-json\/wp\/v2\/users\/420"}],"replies":[{"embeddable":true,"href":"https:\/\/blogs.uni-siegen.de\/epitexte\/wp-json\/wp\/v2\/comments?post=15"}],"version-history":[{"count":3,"href":"https:\/\/blogs.uni-siegen.de\/epitexte\/wp-json\/wp\/v2\/pages\/15\/revisions"}],"predecessor-version":[{"id":485,"href":"https:\/\/blogs.uni-siegen.de\/epitexte\/wp-json\/wp\/v2\/pages\/15\/revisions\/485"}],"wp:attachment":[{"href":"https:\/\/blogs.uni-siegen.de\/epitexte\/wp-json\/wp\/v2\/media?parent=15"}],"curies":[{"name":"wp","href":"https:\/\/api.w.org\/{rel}","templated":true}]}}