{"id":22,"date":"2020-05-11T12:40:54","date_gmt":"2020-05-11T10:40:54","guid":{"rendered":"http:\/\/blogs.uni-siegen.de\/epitexte\/?page_id=22"},"modified":"2022-07-04T12:52:03","modified_gmt":"2022-07-04T10:52:03","slug":"ritualisierte-epitexte","status":"publish","type":"page","link":"https:\/\/blogs.uni-siegen.de\/epitexte\/projekt\/ritualisierte-epitexte\/","title":{"rendered":"Ritualisierte Epitexte"},"content":{"rendered":"\n<p><strong>Projektleiter: <a href=\"http:\/\/blogs.uni-siegen.de\/epitexte\/team\/prof-dr-thomas-wegmann\/\">Prof. Dr. Thomas Wegmann<\/a> (Innsbruck)<br>Wissenschaftlicher Mitarbeiter: <a href=\"http:\/\/blogs.uni-siegen.de\/epitexte\/team\/max-mayr-m-a\/\">Max Mayr, M.A.<\/a> (Innsbruck)<\/strong><\/p>\n\n\n\n<p>Das Arbeitspaket <em>Ritualisierte Epitexte<\/em> untersucht Literaturpreisreden zeitgen\u00f6ssischer Autor*innen im Kontext des im literarischen Feld signifikanten Rituals der Literaturpreisverleihung.<\/p>\n\n\n\n<p>Die bisherige Forschung zu modernen Literaturpreisen (im Einzelnen wie Allgemeinen) hat diese auf ihre Geschichte, Soziologie und kulturpolitische bzw. literaturbetriebliche Funktion und Wirkung hin untersucht.<a href=\"https:\/\/blogs.uni-siegen.de\/epitexte\/projekt\/ritualisierte-epitexte\/#rit-FN\">\u00b9<\/a> Vorhandene Arbeiten zu einzelnen Preisreden analysieren diese vornehmlich mit Blick auf zeit- und werkgeschichtliche Zusammenh\u00e4nge der Autor*innen.<a href=\"https:\/\/blogs.uni-siegen.de\/epitexte\/projekt\/ritualisierte-epitexte\/#rit-FN\">\u00b2<\/a> Demgegen\u00fcber fokussiert das hier verfolgte Arbeitspaket ausschlie\u00dflich das bis dato nur wenig beachtete Ritual der Literaturpreisverleihung als medial inszeniertes Ereignis, wenn es die daf\u00fcr eigens verfassten Dankesreden zeitgen\u00f6ssischer Autor*innen seit 2000 erstmals im Zusammenhang mit dieser Praxisform exemplarisch untersucht und in zweifacher Hinsicht perspektiviert.<\/p>\n\n\n\n<p>Erstens hinsichtlich ihrer auktorialen Funktion innerhalb eines f\u00fcr den gegenw\u00e4rtigen Literaturbetrieb signifikanten Rituals:<a href=\"https:\/\/blogs.uni-siegen.de\/epitexte\/projekt\/ritualisierte-epitexte\/#rit-FN\">\u00b3<\/a> Welche Tauschverh\u00e4ltnisse und damit verbundenen Erwartungshaltungen liegen ihnen zugrunde, und k\u00f6nnen diese sinnvoll als eine spezifische Form des \u201aGabentauschs\u2018<a href=\"https:\/\/blogs.uni-siegen.de\/epitexte\/projekt\/ritualisierte-epitexte\/#rit-FN\">\u2074<\/a> begriffen werden? Welche Stellung nehmen diese ritualisierten Epitexte im Kontext zeitgen\u00f6ssischer Werkpolitik ein? Und welchen Einfluss haben die jeweiligen Publikationsmedien und -weisen auf die Danksagungen?<\/p>\n\n\n\n<p>Zweitens ist mit solchen Formen der Rede eine \u00f6ffentlichkeitswirksame Positionierung des jeweiligen Autors bzw. der Autorin im literarischen Feld verbunden. Es handelt sich um eine \u00e4sthetische und\/oder poetologische, bisweilen auch politische und\/oder moralische Standortbestimmung, die zugleich als Inszenierung des gesprochenen Dichterworts und als De-Anonymisierung des Literaturbetriebs aufzufassen ist. Urspr\u00fcnglich zumeist schriftlich verfasst und bei der Verleihung m\u00fcndlich vorgetragen, zielen Literaturpreisreden als Epitexte dabei im Rahmen ihrer Publikation auf Emanzipation vom Ritual der Verleihung und beanspruchen eigenst\u00e4ndigen Werkstatus. Zu ber\u00fccksichtigen ist dabei speziell auch ihre konkrete mediale Verfasstheit, die sich je nach Publikationsart bzw. -ort \u2013 als Text in Zeitungen, Jahrb\u00fcchern und Sammelb\u00e4nden oder als audiovisueller Mitschnitt auf YouTube etwa \u2013 \u00e4ndert. Diese unterschiedlichen Kontexte erm\u00f6glichen je andere Lesarten und Interpretationsm\u00f6glichkeiten der konkreten Reden.<\/p>\n\n\n\n<p>Die Korpusbildung des Arbeitspakets orientiert sich exemplarisch an den distinkten Formaten und Vergabemodalit\u00e4ten von Literaturpreisen sowie an den spezifischen Dokumentationsformen der Dankesreden im deutschsprachigen Raum seit 2000. Erhoben und analysiert werden die Reden der Preistr\u00e4ger*innen des Georg-B\u00fcchner-Preises, des Wilhelm-Raabe-Preises, des seit 2010 in \u00d6sterreich verliehenen Literaturpreises Alpha, des Deutschen Buchpreises und des Kleist-Preises.<\/p>\n\n\n\n<p class=\"has-text-align-right\"><a href=\"http:\/\/blogs.uni-siegen.de\/epitexte\/projekt\/ritualisierte-epitexte\/#top\">\u2191<\/a><\/p>\n\n\n\n<h6 class=\"wp-block-heading\" id=\"rit-FN\"><strong>Fu\u00dfnoten:<\/strong><\/h6>\n\n\n\n<p class=\"has-small-font-size\">1. U.a.: Heckmann, Herbert: \u201eDie Sache des K\u00fcnstlers ist die Sache des Volkes. Zur Geschichte des Georg-B\u00fcchner-Preises\u201c, in: Heiner Boehncke (Hg.): <em>Ein Haus f\u00fcr Georg B\u00fcchner<\/em>. Marburg 1997, S. 47\u201353; Hornfeck, Susanne: \u201eGoethepreise. Der Dichter als kulturpolitisches Programm\u201c, in: Ortrud Gutjahr (Hg.): <em>West\u00f6stlicher und nords\u00fcdlicher Divan. Goethe in interkultureller Perspektive.<\/em> Paderborn 2000, S. 251\u2013261; Leitgeb, Hanna: <em>Der ausgezeichnete Autor. St\u00e4dtische Literaturpreise und Kulturpolitik in Deutschland 1926\u20131971<\/em>. Berlin u.a. 1994; Maier, Hans: \u201eLiteraturpreise als Instrument der Kulturpolitik\u201c, in: <em>Jahrbuch der Deutschen Akademie f\u00fcr Sprache und Dichtung<\/em> <em>1987<\/em>. Darmstadt 1988, S. 107\u2013115; Ulmer, Judith S.: <em>Geschichte des Georg-B\u00fcchner-Preises. Soziologie eines Rituals<\/em>. Berlin\/New York 2006; Verweyen, Theodor: \u201eDichterkr\u00f6nung. Rechts- und sozialgeschichtliche Aspekte literarischen Lebens in Deutschland\u201c, in: Conrad Wiedemann (Hg.):<em> Literatur und Gesellschaft im deutschen Barock<\/em>. Heidelberg 1979 (=GRM-Beiheft 1), S. 7\u201329.<\/p>\n\n\n\n<p class=\"has-small-font-size\">2. U.a.: Geier, Ruth: \u201eGrenz\u00fcberschreitungen. Vom Ritual zum Fanal; die Lobrede des G\u00fcnter Grass zur Verleihung des Friedenspreises des deutschen Buchhandels 1997 als Philippika\u201c, in: <em>Textlinguistik<\/em>. Aix-en-Provence 1999, S. 99\u2013109; Weissenberger, Klaus: \u201ePaul Celans Meridian \u2013 ein moderner Essay\u201c, in: Roland Jost\/Hansgeorg Schmidt-Bergmann (Hgg.): <em>Im Dialog mit der Moderne. Zur deutschsprachigen Literatur von der Gr\u00fcnderzeit bis zur Gegenwart<\/em>. Frankfurt a. M. 1986, S. 347\u2013360.<\/p>\n\n\n\n<p class=\"has-small-font-size\">3. Schaffrick, Matthias: <em>In der Gesellschaft des Autors. Religi\u00f6se und politische Inszenierungen von Autorschaft. <\/em>Heidelberg 2014, S. 76f.<\/p>\n\n\n\n<p class=\"has-small-font-size\">4. Godelier, Maurice: <em>Das R\u00e4tsel der Gabe. Geld, Geschenke, heilige Objekte<\/em>. M\u00fcnchen 1999.<\/p>\n\n\n\n<p class=\"has-text-align-right\"><a href=\"http:\/\/blogs.uni-siegen.de\/epitexte\/projekt\/ritualisierte-epitexte\/#top\">\u2191<\/a><\/p>\n","protected":false},"excerpt":{"rendered":"<p>Projektleiter: Prof. Dr. Thomas Wegmann (Innsbruck)Wissenschaftlicher Mitarbeiter: Max Mayr, M.A. (Innsbruck) Das Arbeitspaket Ritualisierte Epitexte untersucht Literaturpreisreden zeitgen\u00f6ssischer Autor*innen im Kontext des im literarischen Feld signifikanten Rituals der Literaturpreisverleihung. Die bisherige Forschung zu modernen Literaturpreisen (im Einzelnen wie Allgemeinen) hat diese auf ihre Geschichte, Soziologie und kulturpolitische bzw. literaturbetriebliche Funktion und Wirkung hin untersucht.\u00b9 Vorhandene &hellip; <a href=\"https:\/\/blogs.uni-siegen.de\/epitexte\/projekt\/ritualisierte-epitexte\/\" class=\"more-link\"><span class=\"screen-reader-text\">Ritualisierte Epitexte<\/span> weiterlesen <span class=\"meta-nav\">&rarr;<\/span><\/a><\/p>\n","protected":false},"author":420,"featured_media":0,"parent":13,"menu_order":0,"comment_status":"closed","ping_status":"closed","template":"","meta":{"footnotes":""},"class_list":["post-22","page","type-page","status-publish","hentry"],"_links":{"self":[{"href":"https:\/\/blogs.uni-siegen.de\/epitexte\/wp-json\/wp\/v2\/pages\/22","targetHints":{"allow":["GET"]}}],"collection":[{"href":"https:\/\/blogs.uni-siegen.de\/epitexte\/wp-json\/wp\/v2\/pages"}],"about":[{"href":"https:\/\/blogs.uni-siegen.de\/epitexte\/wp-json\/wp\/v2\/types\/page"}],"author":[{"embeddable":true,"href":"https:\/\/blogs.uni-siegen.de\/epitexte\/wp-json\/wp\/v2\/users\/420"}],"replies":[{"embeddable":true,"href":"https:\/\/blogs.uni-siegen.de\/epitexte\/wp-json\/wp\/v2\/comments?post=22"}],"version-history":[{"count":17,"href":"https:\/\/blogs.uni-siegen.de\/epitexte\/wp-json\/wp\/v2\/pages\/22\/revisions"}],"predecessor-version":[{"id":2349,"href":"https:\/\/blogs.uni-siegen.de\/epitexte\/wp-json\/wp\/v2\/pages\/22\/revisions\/2349"}],"up":[{"embeddable":true,"href":"https:\/\/blogs.uni-siegen.de\/epitexte\/wp-json\/wp\/v2\/pages\/13"}],"wp:attachment":[{"href":"https:\/\/blogs.uni-siegen.de\/epitexte\/wp-json\/wp\/v2\/media?parent=22"}],"curies":[{"name":"wp","href":"https:\/\/api.w.org\/{rel}","templated":true}]}}