{"id":23,"date":"2020-05-11T12:40:54","date_gmt":"2020-05-11T10:40:54","guid":{"rendered":"http:\/\/blogs.uni-siegen.de\/epitexte\/?page_id=23"},"modified":"2022-07-04T11:50:50","modified_gmt":"2022-07-04T09:50:50","slug":"lyrik-hoeren","status":"publish","type":"page","link":"https:\/\/blogs.uni-siegen.de\/epitexte\/verweise\/lyrik-hoeren\/","title":{"rendered":"Lyrik h\u00f6ren"},"content":{"rendered":"\n<div class=\"wp-block-columns is-layout-flex wp-container-core-columns-is-layout-9d6595d7 wp-block-columns-is-layout-flex\">\n<div class=\"wp-block-column is-layout-flow wp-block-column-is-layout-flow\">\n<figure class=\"wp-block-image size-large\"><img loading=\"lazy\" decoding=\"async\" width=\"1024\" height=\"684\" src=\"http:\/\/blogs.uni-siegen.de\/epitexte\/files\/2020\/05\/Amrei-Marie_Lutz-Seiler-stellt-auf-dem-Erlanger-Poetenfest-2014-seinen-Roman-Kruso-vor-1024x684.jpg\" alt=\"\" class=\"wp-image-248\" title=\"Lutz Seiler auf dem Poetenfest 2014 (wikimedia commons)\" srcset=\"https:\/\/blogs.uni-siegen.de\/epitexte\/files\/2020\/05\/Amrei-Marie_Lutz-Seiler-stellt-auf-dem-Erlanger-Poetenfest-2014-seinen-Roman-Kruso-vor-1024x684.jpg 1024w, https:\/\/blogs.uni-siegen.de\/epitexte\/files\/2020\/05\/Amrei-Marie_Lutz-Seiler-stellt-auf-dem-Erlanger-Poetenfest-2014-seinen-Roman-Kruso-vor-300x200.jpg 300w, https:\/\/blogs.uni-siegen.de\/epitexte\/files\/2020\/05\/Amrei-Marie_Lutz-Seiler-stellt-auf-dem-Erlanger-Poetenfest-2014-seinen-Roman-Kruso-vor-768x513.jpg 768w\" sizes=\"auto, (max-width: 1024px) 100vw, 1024px\" \/><\/figure>\n<\/div>\n\n\n\n<div class=\"wp-block-column is-layout-flow wp-block-column-is-layout-flow\">\n<p>Im Internet finden sich zahlreiche Lyrik-Audios (und nat\u00fcrlich auch -Videos). Dabei lassen sich live-Mitschnitte von Studioproduktionen unterscheiden und diejenigen Audios, in denen die Texte von den Lyriker*innen selbst vortragen werden, von solchen, bei denen Sprecher*innen die Gedichte anderer vorlesen.<\/p>\n<\/div>\n<\/div>\n\n\n\n<p>Die folgende Liste bietet ohne den Anspruch auf Vollst\u00e4ndigkeit einen \u00dcberblick \u00fcber verschiedene M\u00f6glichkeiten, im Internet Lyriker*innen ihre eigenen Texte vortragen zu h\u00f6ren, und schlie\u00dft dabei auch die lebendige englischsprachige Lyrikszene mit ein.<\/p>\n\n\n\n<p class=\"has-text-align-right\"><a href=\"http:\/\/blogs.uni-siegen.de\/epitexte\/verweise\/lyrik-hoeren\/#top\">\u2191<\/a><\/p>\n\n\n\n<h3 class=\"wp-block-heading\">Hier lesen Lyriker*innen ihre eigenen Gedichte:<\/h3>\n\n\n\n<ul class=\"wp-block-list\"><li><strong><a rel=\"noreferrer noopener\" href=\"https:\/\/www.dichterlesen.net\" target=\"_blank\">Dichterlesen<\/a><\/strong> ist das Online-Tonarchiv des <a rel=\"noreferrer noopener\" href=\"https:\/\/lcb.de\/\" target=\"_blank\">Literarischen Colloquiums Berlin (LCB)<\/a>.<\/li><li><a rel=\"noreferrer noopener\" href=\"https:\/\/www.youtube.com\/user\/dasgedichtclip\/videos\" target=\"_blank\"><strong>Das Gedicht<\/strong> <\/a>zeigt auf dem youtube-Kanal zur gleichnamigen <a rel=\"noreferrer noopener\" href=\"https:\/\/aglv.com\/epages\/e69a1c28-1dbb-42e0-a5b6-769caafe12ea.sf\/de_DE\/?ObjectPath=\/Shops\/e69a1c28-1dbb-42e0-a5b6-769caafe12ea\/Categories\" target=\"_blank\">Zeitschrift<\/a> Videos von Gedichtvortr\u00e4gen.<\/li><li>Das <strong><a rel=\"noreferrer noopener\" href=\"https:\/\/www.haus-fuer-poesie.org\/de\/literaturwerkstatt-berlin\/gespraech-des-monats\/2019\" target=\"_blank\">Haus f\u00fcr Poesie<\/a><\/strong> stellt u.a. Lesungsmitschnitte von den open mike Gewinner*innen zur Verf\u00fcgung.<\/li><li>Das <strong><a rel=\"noreferrer noopener\" href=\"http:\/\/literaturradio.at\/autoren\/sabine-scholl\/?kategorie=1063\" target=\"_blank\">Literaturradio<\/a><\/strong> h\u00e4lt u.a. Gedichte einzelner Autor*innen bereit.<\/li><li>Das <strong><a rel=\"noreferrer noopener\" href=\"https:\/\/litradio.net\/\" target=\"_blank\">Litradio<\/a><\/strong> produziert z.B. Spoken Word-Mitschnitte (auch in Zusammenarbeit mit dem <a rel=\"noreferrer noopener\" href=\"https:\/\/www.lyrik-kabinett.de\/\" target=\"_blank\">Lyrik Kabinett<\/a>, dem <a rel=\"noreferrer noopener\" href=\"https:\/\/www.haus-fuer-poesie.org\/de\/literaturwerkstatt-berlin\/home\/\" target=\"_blank\">Haus f\u00fcr Poesie<\/a> und <a rel=\"noreferrer noopener\" href=\"https:\/\/www.haus-fuer-poesie.org\/de\/open-mike\/h\/\" target=\"_blank\">open mike<\/a>).<\/li><li><strong><a rel=\"noreferrer noopener\" href=\"https:\/\/www.lyrikline.org\/de\/startseite\/\" target=\"_blank\">Lyrikline<\/a><\/strong> hat Aufnahmen zahlreicher Gedichtaufnahmen im Angebot.<\/li><li><strong><a rel=\"noreferrer noopener\" href=\"https:\/\/www.nationalpoetrylibrary.org.uk\/online-poetry\/poems?\" target=\"_blank\">National Poetry Library<\/a> <\/strong>bietet nicht nur auf ihrem <a rel=\"noreferrer noopener\" href=\"https:\/\/soundcloud.com\/nationalpoetrylibrary\" target=\"_blank\">Soundcloud-Account<\/a> (englischsprachige) Audios an.<\/li><li><strong><a rel=\"noreferrer noopener\" href=\"http:\/\/writing.upenn.edu\/pennsound\/\" target=\"_blank\">PennSound<\/a><\/strong> (Center for Programs in Contemporary Writing) verf\u00fcgt \u00fcber zahlreiche Aufzeichnungen von englischsprachigen Lyriklesungen.<\/li><li><strong><a rel=\"noreferrer noopener\" href=\"https:\/\/poetryarchive.org\/\" target=\"_blank\">Poetry Archive<\/a><\/strong> stellt eine gro\u00dfe Sammlung englischsprachiger Lyrik zur Verf\u00fcgung.<\/li><li><strong><a rel=\"noreferrer noopener\" href=\"https:\/\/www.poetryinternational.org\/pi\/poems\/filter\/country\/19\/page\/0\/en\/tile\" target=\"_blank\">Poetry International<\/a><\/strong> erweitert das Audio- bzw. Video-Archiv stetig \u2013 nicht nur durch englischsprachige Gedichte.<\/li><li><strong><a rel=\"noreferrer noopener\" href=\"https:\/\/poetrylondon.co.uk\/poetry-videos\/\" target=\"_blank\">Poetry London<\/a><\/strong> zeigt Videos verschiedener englischsprachiger Gedichtlesungen.<\/li><li><strong><a rel=\"noreferrer noopener\" href=\"https:\/\/www.vorleser.net\/lyrik-musik.html?full=yes\" target=\"_blank\">Vorleser.net<\/a> <\/strong>hat vorrangig gemeinfreie Texte im Angebot, vereinzelt findet sich jedoch auch Gegenwartslyrik.<\/li><\/ul>\n\n\n\n<p class=\"has-text-align-right\"><a href=\"http:\/\/blogs.uni-siegen.de\/epitexte\/verweise\/lyrik-hoeren\/#top\">\u2191<\/a><\/p>\n\n\n\n<h3 class=\"wp-block-heading\">Weitere Anlaufstellen, um Lyrik zu h\u00f6ren:<\/h3>\n\n\n\n<ul class=\"wp-block-list\"><li><strong><a rel=\"noreferrer noopener\" href=\"http:\/\/www.favoritepoem.org\/index.html\" target=\"_blank\">Favorite Poem<\/a><\/strong> l\u00e4sst Amerikaner*innen ihre Lieblingsgedichte selbst vortragen.<\/li><li><strong><a rel=\"noreferrer noopener\" href=\"https:\/\/www.poetryfoundation.org\/podcasts\" target=\"_blank\">Poetry Foundation<\/a><\/strong> erg\u00e4nzt t\u00e4glich das englischsprachige \u201eAudio Poem of the Day\u201c (nicht immer von den Lyriker*innen selbst vorgetragen).<\/li><li><strong><a rel=\"noreferrer noopener\" href=\"https:\/\/www.poetryoutloud.org\/competing\/listen-to-poems\/\" target=\"_blank\">Poetry Out Loud<\/a><\/strong> bietet zur Vorbereitung auf den zugeh\u00f6rigen Vortragswettbewerb H\u00f6rbeispiele einzelner englischsprachiger Gedichte (ebenfalls nicht von den Verfasser*innen selbst vorgelesen).<\/li><li>Dar\u00fcber hinaus finden sich unterschiedliche Audioversionen von Gedichten verschiedener Lyriker*innen auf <a rel=\"noreferrer noopener\" href=\"https:\/\/soundcloud.com\/\" target=\"_blank\">SoundCloud<\/a> und <a rel=\"noreferrer noopener\" href=\"https:\/\/www.tumblr.com\/\" target=\"_blank\">Tumblr<\/a>, auf <a rel=\"noreferrer noopener\" href=\"https:\/\/www.youtube.com\/\" target=\"_blank\">YouTube<\/a> und <a rel=\"noreferrer noopener\" href=\"https:\/\/vimeo.com\/de\/\" target=\"_blank\">Vimeo<\/a>.<\/li><\/ul>\n\n\n\n<p class=\"has-text-align-right\"><a href=\"http:\/\/blogs.uni-siegen.de\/epitexte\/verweise\/lyrik-hoeren\/#top\">\u2191<\/a><\/p>\n\n\n\n<div style=\"height:20px\" aria-hidden=\"true\" class=\"wp-block-spacer\"><\/div>\n\n\n\n<h6 class=\"wp-block-heading\"><strong>Haftung f\u00fcr Links<\/strong><\/h6>\n\n\n\n<p class=\"has-small-font-size\">Unser Angebot enth\u00e4lt Links zu externen Webseiten Dritter, auf deren Inhalte wir keinen Einfluss haben. Deshalb k\u00f6nnen wir f\u00fcr diese fremden Inhalte auch keine Gew\u00e4hr \u00fcbernehmen. F\u00fcr die Inhalte der verlinkten Seiten sind stets die jeweiligen Anbieter<em>innen oder Betreiber<\/em>innen der Seiten verantwortlich. Die verlinkten Seiten wurden zum Zeitpunkt der Verlinkung auf m\u00f6gliche Rechtsverst\u00f6\u00dfe \u00fcberpr\u00fcft. Rechtswidrige Inhalte waren zum Zeitpunkt der Verlinkung nicht erkennbar.<br>Eine permanente inhaltliche Kontrolle der verlinkten Seiten ist jedoch ohne konkrete Anhaltspunkte einer Rechtsverletzung nicht zumutbar. Bei Bekanntwerden von Rechtsverletzungen werden wir derartige Links umgehend entfernen.<\/p>\n\n\n\n<p class=\"has-text-align-right\"><a href=\"http:\/\/blogs.uni-siegen.de\/epitexte\/verweise\/lyrik-hoeren\/#top\">\u2191<\/a><\/p>\n","protected":false},"excerpt":{"rendered":"<p>Im Internet finden sich zahlreiche Lyrik-Audios (und nat\u00fcrlich auch -Videos). Dabei lassen sich live-Mitschnitte von Studioproduktionen unterscheiden und diejenigen Audios, in denen die Texte von den Lyriker*innen selbst vortragen werden, von solchen, bei denen Sprecher*innen die Gedichte anderer vorlesen. Die folgende Liste bietet ohne den Anspruch auf Vollst\u00e4ndigkeit einen \u00dcberblick \u00fcber verschiedene M\u00f6glichkeiten, im Internet &hellip; <a href=\"https:\/\/blogs.uni-siegen.de\/epitexte\/verweise\/lyrik-hoeren\/\" class=\"more-link\"><span class=\"screen-reader-text\">Lyrik h\u00f6ren<\/span> weiterlesen <span class=\"meta-nav\">&rarr;<\/span><\/a><\/p>\n","protected":false},"author":420,"featured_media":0,"parent":17,"menu_order":0,"comment_status":"closed","ping_status":"closed","template":"","meta":{"footnotes":""},"class_list":["post-23","page","type-page","status-publish","hentry"],"_links":{"self":[{"href":"https:\/\/blogs.uni-siegen.de\/epitexte\/wp-json\/wp\/v2\/pages\/23","targetHints":{"allow":["GET"]}}],"collection":[{"href":"https:\/\/blogs.uni-siegen.de\/epitexte\/wp-json\/wp\/v2\/pages"}],"about":[{"href":"https:\/\/blogs.uni-siegen.de\/epitexte\/wp-json\/wp\/v2\/types\/page"}],"author":[{"embeddable":true,"href":"https:\/\/blogs.uni-siegen.de\/epitexte\/wp-json\/wp\/v2\/users\/420"}],"replies":[{"embeddable":true,"href":"https:\/\/blogs.uni-siegen.de\/epitexte\/wp-json\/wp\/v2\/comments?post=23"}],"version-history":[{"count":17,"href":"https:\/\/blogs.uni-siegen.de\/epitexte\/wp-json\/wp\/v2\/pages\/23\/revisions"}],"predecessor-version":[{"id":2338,"href":"https:\/\/blogs.uni-siegen.de\/epitexte\/wp-json\/wp\/v2\/pages\/23\/revisions\/2338"}],"up":[{"embeddable":true,"href":"https:\/\/blogs.uni-siegen.de\/epitexte\/wp-json\/wp\/v2\/pages\/17"}],"wp:attachment":[{"href":"https:\/\/blogs.uni-siegen.de\/epitexte\/wp-json\/wp\/v2\/media?parent=23"}],"curies":[{"name":"wp","href":"https:\/\/api.w.org\/{rel}","templated":true}]}}