{"id":738,"date":"2020-05-11T15:30:58","date_gmt":"2020-05-11T13:30:58","guid":{"rendered":"https:\/\/blogs.uni-siegen.de\/epitexte\/?page_id=738"},"modified":"2022-10-05T08:38:15","modified_gmt":"2022-10-05T06:38:15","slug":"literaturpreise","status":"publish","type":"page","link":"https:\/\/blogs.uni-siegen.de\/epitexte\/verweise\/literaturpreise\/","title":{"rendered":"Literaturpreise"},"content":{"rendered":"\n<p>Diese \u00dcbersicht verlinkt auf ausgew\u00e4hlte Literaturpreise aus dem deutschsprachigen Bereich, die im Arbeitspaket <a href=\"https:\/\/blogs.uni-siegen.de\/epitexte\/projekt\/ritualisierte-epitexte\/\">Ritualisierte Epitexte<\/a> untersucht werden. Im Zentrum der Analyse stehen jeweils die Dankesreden der Preistr\u00e4ger*innen.<\/p>\n\n\n\n<ul class=\"wp-block-list\"><li><a href=\"https:\/\/www.deutscher-buchpreis.de\/\" target=\"_blank\" rel=\"noreferrer noopener\">Deutscher Buchpreis<\/a><\/li><li><a href=\"https:\/\/www.deutscheakademie.de\/de\/auszeichnungen\/georg-buechner-preis\" target=\"_blank\" rel=\"noreferrer noopener\">Georg-B\u00fcchner-Preis<\/a><\/li><li><a href=\"https:\/\/www.heinrich-von-kleist.org\/kleist-gesellschaft\/kleist-preis\/\" target=\"_blank\" rel=\"noreferrer noopener\">Kleist-Preis<\/a><\/li><li><a href=\"https:\/\/www.braunschweig.de\/literaturzentrum\/literaturpreis\/\" target=\"_blank\" rel=\"noreferrer noopener\">Wilhelm-Raabe-Preis<\/a><\/li><\/ul>\n\n\n\n<p class=\"has-text-align-right\"><a href=\"http:\/\/blogs.uni-siegen.de\/epitexte\/verweise\/Literaturpreise\/#top\">\u2191<\/a><\/p>\n\n\n\n<div style=\"height:20px\" aria-hidden=\"true\" class=\"wp-block-spacer\"><\/div>\n\n\n\n<h6 class=\"wp-block-heading\"><strong>Haftung f\u00fcr Links<\/strong><\/h6>\n\n\n\n<p class=\"has-small-font-size\">Unser Angebot enth\u00e4lt Links zu externen Webseiten Dritter, auf deren Inhalte wir keinen Einfluss haben. Deshalb k\u00f6nnen wir f\u00fcr diese fremden Inhalte auch keine Gew\u00e4hr \u00fcbernehmen. F\u00fcr die Inhalte der verlinkten Seiten sind stets die jeweiligen Anbieter<em>innen oder Betreiber<\/em>innen der Seiten verantwortlich. Die verlinkten Seiten wurden zum Zeitpunkt der Verlinkung auf m\u00f6gliche Rechtsverst\u00f6\u00dfe \u00fcberpr\u00fcft. Rechtswidrige Inhalte waren zum Zeitpunkt der Verlinkung nicht erkennbar.<br>Eine permanente inhaltliche Kontrolle der verlinkten Seiten ist jedoch ohne konkrete Anhaltspunkte einer Rechtsverletzung nicht zumutbar. Bei Bekanntwerden von Rechtsverletzungen werden wir derartige Links umgehend entfernen.<\/p>\n\n\n\n<p class=\"has-text-align-right\"><a href=\"http:\/\/blogs.uni-siegen.de\/epitexte\/verweise\/Literaturpreise\/#top\">\u2191<\/a><\/p>\n","protected":false},"excerpt":{"rendered":"<p>Diese \u00dcbersicht verlinkt auf ausgew\u00e4hlte Literaturpreise aus dem deutschsprachigen Bereich, die im Arbeitspaket Ritualisierte Epitexte untersucht werden. Im Zentrum der Analyse stehen jeweils die Dankesreden der Preistr\u00e4ger*innen. Deutscher Buchpreis Georg-B\u00fcchner-Preis Kleist-Preis Wilhelm-Raabe-Preis \u2191 Haftung f\u00fcr Links Unser Angebot enth\u00e4lt Links zu externen Webseiten Dritter, auf deren Inhalte wir keinen Einfluss haben. Deshalb k\u00f6nnen wir f\u00fcr &hellip; <a href=\"https:\/\/blogs.uni-siegen.de\/epitexte\/verweise\/literaturpreise\/\" class=\"more-link\"><span class=\"screen-reader-text\">Literaturpreise<\/span> weiterlesen <span class=\"meta-nav\">&rarr;<\/span><\/a><\/p>\n","protected":false},"author":420,"featured_media":0,"parent":17,"menu_order":0,"comment_status":"closed","ping_status":"closed","template":"","meta":{"footnotes":""},"class_list":["post-738","page","type-page","status-publish","hentry"],"_links":{"self":[{"href":"https:\/\/blogs.uni-siegen.de\/epitexte\/wp-json\/wp\/v2\/pages\/738","targetHints":{"allow":["GET"]}}],"collection":[{"href":"https:\/\/blogs.uni-siegen.de\/epitexte\/wp-json\/wp\/v2\/pages"}],"about":[{"href":"https:\/\/blogs.uni-siegen.de\/epitexte\/wp-json\/wp\/v2\/types\/page"}],"author":[{"embeddable":true,"href":"https:\/\/blogs.uni-siegen.de\/epitexte\/wp-json\/wp\/v2\/users\/420"}],"replies":[{"embeddable":true,"href":"https:\/\/blogs.uni-siegen.de\/epitexte\/wp-json\/wp\/v2\/comments?post=738"}],"version-history":[{"count":3,"href":"https:\/\/blogs.uni-siegen.de\/epitexte\/wp-json\/wp\/v2\/pages\/738\/revisions"}],"predecessor-version":[{"id":2337,"href":"https:\/\/blogs.uni-siegen.de\/epitexte\/wp-json\/wp\/v2\/pages\/738\/revisions\/2337"}],"up":[{"embeddable":true,"href":"https:\/\/blogs.uni-siegen.de\/epitexte\/wp-json\/wp\/v2\/pages\/17"}],"wp:attachment":[{"href":"https:\/\/blogs.uni-siegen.de\/epitexte\/wp-json\/wp\/v2\/media?parent=738"}],"curies":[{"name":"wp","href":"https:\/\/api.w.org\/{rel}","templated":true}]}}