{"id":989,"date":"2020-05-11T10:12:19","date_gmt":"2020-05-11T08:12:19","guid":{"rendered":"https:\/\/blogs.uni-siegen.de\/epitexte\/?page_id=989"},"modified":"2022-10-05T08:37:46","modified_gmt":"2022-10-05T06:37:46","slug":"tagung","status":"publish","type":"page","link":"https:\/\/blogs.uni-siegen.de\/epitexte\/tagung\/","title":{"rendered":"Tagung"},"content":{"rendered":"\n<h3 class=\"wp-block-heading\">\u201eIrgendwo au\u00dferhalb des Buches\u201c? \u2013 \u00dcber Formen und Funktionen auktorialer Epitexte im literarischen Feld der Gegenwart<\/h3>\n\n\n\n<p><strong>20. bis 22. September 2022<\/strong><br>Universit\u00e4t Innsbruck, Claudiana<br>Herzog-Friedrich-Stra\u00dfe 3, 6020 Innsbruck<\/p>\n\n\n\n<p>Wie erweitern und entwickeln sich im deutschsprachigen Raum seit der Jahrtausendwende Formen und Funktionen auktorialer Epitexte in einem professionalisierten literarischen Feld mit ver\u00e4nderten medialen Bedingungen und M\u00f6glichkeiten hinsichtlich der Inszenierung und Rolle von Autor*innenschaft sowie der Korrelation von Autor*in und Werk?<\/p>\n\n\n\n<p>Dieser Frage widmete sich die Tagung <em>\u201eIrgendwo au\u00dferhalb des Buches\u201c?<\/em> Dabei sollte das dynamische Verh\u00e4ltnis zwischen (Gesamt-)Werk, Autor*innenschaft und Paratext im Zentrum stehen, welches G\u00e9rard Genette mit dem Bild der Schwelle fasst und das sich insbesondere in Epitexten artikuliert. Ausgehend von allgemeineren \u00dcberlegungen dazu sollten Bedeutung und Facetten des Epitextualit\u00e4tsbegriffs entlang einiger spezifischer Erscheinungsformen beleuchtet werden.<\/p>\n\n\n\n<p>Fingierte Epitexte reflektieren die vermeintlich eindeutige Grenzziehung zwischen Text und Epitext sowie Fiktionalem und Faktualem und markieren diese als Schwellenmoment. Anhand von performativen Epitexten, die mit Werkvortrag und Peritexten in Wechselwirkung stehen, werden wiederum Routinen der verschiedenen Praxisformen beobachtbar. Ritualisierte Epitexte erf\u00fcllen ihrerseits jeweils spezifische Funktionen f\u00fcr Akteur*innen innerhalb eines Ritualzusammenhangs, von welchem sie sich im Zuge einer anschlie\u00dfenden Publikation zugleich emanzipieren k\u00f6nnen. Mit digitalen Epitexten, die Social-Media-Pr\u00e4senz(en) von Autor*innen und Online-Publikationsformate einschlie\u00dfen, l\u00e4sst sich Genettes Typologie zudem zeitgem\u00e4\u00df erg\u00e4nzen und erweitern.<\/p>\n\n\n\n<p><a href=\"https:\/\/blogs.uni-siegen.de\/epitexte\/tagung\/programm\/\"><u>Hier<\/u><\/a> k\u00f6nnen Sie sich das Programm ansehen und <a href=\"https:\/\/blogs.uni-siegen.de\/epitexte\/files\/2022\/07\/Info_Irgendwo-ausserhalb-des-Buches_20-bis-22-September-22_aktuell.pdf\"><u>hier<\/u><\/a> das ausf\u00fchrliche Tagungskonzept nachlesen. Der Tagungsbericht erscheint in der Zeitschrift f\u00fcr Germanistik.<\/p>\n\n\n\n<p>Organisator*innen:<br><a href=\"https:\/\/blogs.uni-siegen.de\/epitexte\/team\/nora-manz-m-a\/\" data-type=\"page\" data-id=\"31\">Nora Manz, M.A.<\/a><br><a href=\"https:\/\/blogs.uni-siegen.de\/epitexte\/team\/max-mayr-m-a\/\" data-type=\"page\" data-id=\"33\">Max Mayr, M.A.<\/a><br><a href=\"https:\/\/blogs.uni-siegen.de\/epitexte\/team\/anna-obererlacher-m-a\/\" data-type=\"page\" data-id=\"32\">Anna Obererlacher, M.A.<\/a><\/p>\n\n\n\n<pre class=\"wp-block-verse\">Wir danken: Fonds zur F\u00f6rderung der wissenschaftlichen Forschung (FWF) | Deutsche Forschungsgemeinschaft (DFG) | Universit\u00e4t Innsbruck: Vizerektorat f\u00fcr Forschung | International Relations Office | Philologisch-Kulturwissenschaftliche Fakult\u00e4t<\/pre>\n\n\n\n<p class=\"has-text-align-right\"><a href=\"https:\/\/blogs.uni-siegen.de\/epitexte\/tagung\/#top\">\u2191<\/a><\/p>\n","protected":false},"excerpt":{"rendered":"<p>\u201eIrgendwo au\u00dferhalb des Buches\u201c? \u2013 \u00dcber Formen und Funktionen auktorialer Epitexte im literarischen Feld der Gegenwart 20. bis 22. September 2022Universit\u00e4t Innsbruck, ClaudianaHerzog-Friedrich-Stra\u00dfe 3, 6020 Innsbruck Wie erweitern und entwickeln sich im deutschsprachigen Raum seit der Jahrtausendwende Formen und Funktionen auktorialer Epitexte in einem professionalisierten literarischen Feld mit ver\u00e4nderten medialen Bedingungen und M\u00f6glichkeiten hinsichtlich der &hellip; <a href=\"https:\/\/blogs.uni-siegen.de\/epitexte\/tagung\/\" class=\"more-link\"><span class=\"screen-reader-text\">Tagung<\/span> weiterlesen <span class=\"meta-nav\">&rarr;<\/span><\/a><\/p>\n","protected":false},"author":420,"featured_media":0,"parent":0,"menu_order":0,"comment_status":"closed","ping_status":"closed","template":"","meta":{"footnotes":""},"class_list":["post-989","page","type-page","status-publish","hentry"],"_links":{"self":[{"href":"https:\/\/blogs.uni-siegen.de\/epitexte\/wp-json\/wp\/v2\/pages\/989","targetHints":{"allow":["GET"]}}],"collection":[{"href":"https:\/\/blogs.uni-siegen.de\/epitexte\/wp-json\/wp\/v2\/pages"}],"about":[{"href":"https:\/\/blogs.uni-siegen.de\/epitexte\/wp-json\/wp\/v2\/types\/page"}],"author":[{"embeddable":true,"href":"https:\/\/blogs.uni-siegen.de\/epitexte\/wp-json\/wp\/v2\/users\/420"}],"replies":[{"embeddable":true,"href":"https:\/\/blogs.uni-siegen.de\/epitexte\/wp-json\/wp\/v2\/comments?post=989"}],"version-history":[{"count":42,"href":"https:\/\/blogs.uni-siegen.de\/epitexte\/wp-json\/wp\/v2\/pages\/989\/revisions"}],"predecessor-version":[{"id":2720,"href":"https:\/\/blogs.uni-siegen.de\/epitexte\/wp-json\/wp\/v2\/pages\/989\/revisions\/2720"}],"wp:attachment":[{"href":"https:\/\/blogs.uni-siegen.de\/epitexte\/wp-json\/wp\/v2\/media?parent=989"}],"curies":[{"name":"wp","href":"https:\/\/api.w.org\/{rel}","templated":true}]}}

<h3 class="wp-block-heading">„Irgendwo außerhalb des Buches“? – Über Formen und Funktionen auktorialer Epitexte im literarischen Feld der Gegenwart</h3>



<p><strong>20. bis 22. September 2022</strong><br>Universität Innsbruck, Claudiana<br>Herzog-Friedrich-Straße 3, 6020 Innsbruck</p>



<p>Wie erweitern und entwickeln sich im deutschsprachigen Raum seit der Jahrtausendwende Formen und Funktionen auktorialer Epitexte in einem professionalisierten literarischen Feld mit veränderten medialen Bedingungen und Möglichkeiten hinsichtlich der Inszenierung und Rolle von Autor*innenschaft sowie der Korrelation von Autor*in und Werk?</p>



<p>Dieser Frage widmete sich die Tagung <em>„Irgendwo außerhalb des Buches“?</em> Dabei sollte das dynamische Verhältnis zwischen (Gesamt-)Werk, Autor*innenschaft und Paratext im Zentrum stehen, welches Gérard Genette mit dem Bild der Schwelle fasst und das sich insbesondere in Epitexten artikuliert. Ausgehend von allgemeineren Überlegungen dazu sollten Bedeutung und Facetten des Epitextualitätsbegriffs entlang einiger spezifischer Erscheinungsformen beleuchtet werden.</p>



<p>Fingierte Epitexte reflektieren die vermeintlich eindeutige Grenzziehung zwischen Text und Epitext sowie Fiktionalem und Faktualem und markieren diese als Schwellenmoment. Anhand von performativen Epitexten, die mit Werkvortrag und Peritexten in Wechselwirkung stehen, werden wiederum Routinen der verschiedenen Praxisformen beobachtbar. Ritualisierte Epitexte erfüllen ihrerseits jeweils spezifische Funktionen für Akteur*innen innerhalb eines Ritualzusammenhangs, von welchem sie sich im Zuge einer anschließenden Publikation zugleich emanzipieren können. Mit digitalen Epitexten, die Social-Media-Präsenz(en) von Autor*innen und Online-Publikationsformate einschließen, lässt sich Genettes Typologie zudem zeitgemäß ergänzen und erweitern.</p>



<p><a href="https://blogs.uni-siegen.de/epitexte/tagung/programm/"><u>Hier</u></a> können Sie sich das Programm ansehen und <a href="https://blogs.uni-siegen.de/epitexte/files/2022/07/Info_Irgendwo-ausserhalb-des-Buches_20-bis-22-September-22_aktuell.pdf"><u>hier</u></a> das ausführliche Tagungskonzept nachlesen. Der Tagungsbericht erscheint in der Zeitschrift für Germanistik.</p>



<p>Organisator*innen:<br><a href="https://blogs.uni-siegen.de/epitexte/team/nora-manz-m-a/" data-type="page" data-id="31">Nora Manz, M.A.</a><br><a href="https://blogs.uni-siegen.de/epitexte/team/max-mayr-m-a/" data-type="page" data-id="33">Max Mayr, M.A.</a><br><a href="https://blogs.uni-siegen.de/epitexte/team/anna-obererlacher-m-a/" data-type="page" data-id="32">Anna Obererlacher, M.A.</a></p>



<pre class="wp-block-verse">Wir danken: Fonds zur Förderung der wissenschaftlichen Forschung (FWF) | Deutsche Forschungsgemeinschaft (DFG) | Universität Innsbruck: Vizerektorat für Forschung | International Relations Office | Philologisch-Kulturwissenschaftliche Fakultät</pre>



<p class="has-text-align-right"><a href="https://blogs.uni-siegen.de/epitexte/tagung/#top">↑</a></p>

<p>„Irgendwo außerhalb des Buches“? – Über Formen und Funktionen auktorialer Epitexte im literarischen Feld der Gegenwart 20. bis 22. September 2022Universität Innsbruck, ClaudianaHerzog-Friedrich-Straße 3, 6020 Innsbruck Wie erweitern und entwickeln sich im deutschsprachigen Raum seit der Jahrtausendwende Formen und Funktionen auktorialer Epitexte in einem professionalisierten literarischen Feld mit veränderten medialen Bedingungen und Möglichkeiten hinsichtlich der &hellip; <a href="https://blogs.uni-siegen.de/epitexte/tagung/" class="more-link"><span class="screen-reader-text">Tagung</span> weiterlesen <span class="meta-nav">&rarr;</span></a></p>
