{"id":1025,"date":"2024-11-19T10:33:03","date_gmt":"2024-11-19T09:33:03","guid":{"rendered":"https:\/\/blogs.uni-siegen.de\/fit-in-siegen\/?page_id=1025"},"modified":"2024-11-19T10:33:03","modified_gmt":"2024-11-19T09:33:03","slug":"job-interview-questions-answers-in-germany","status":"publish","type":"page","link":"https:\/\/blogs.uni-siegen.de\/fit-in-siegen\/job-interview-questions-answers-in-germany\/","title":{"rendered":"Job interview questions &amp; Answers in Germany"},"content":{"rendered":"<p>After all that hard work polishing your\u00a0<a href=\"https:\/\/www.iamexpat.de\/career\/german-cv-guide-lebenslauf\">CV<\/a>\u00a0and perfecting your\u00a0<a href=\"https:\/\/www.iamexpat.de\/career\/employment-guides-tools\/cover-letter-germany\">cover letter<\/a>, you\u2019ve finally landed a job interview in Germany. Congratulations! The company is definitely interested. Now you need to put in the necessary work so you can shine on the day.<\/p>\n<p>Interviews are intimidating enough in your own country, but when you\u2019re abroad, facing unfamiliar customs, and perhaps even having to interview in a language that\u2019s not your mother tongue, they can be really nerve-wracking. This guide walks you through the basics of job interviews in Germany, with some tips on how you should prepare, along with some examples of typical German interview questions, and advice on how to answer them.<\/p>\n<h2>Job interviews in Germany<\/h2>\n<p>The good news is, there\u2019s lots you can do in advance of an interview to help you feel confident on the day. While interviews do vary depending on the position and industry, your profile, and the interviewer\u2019s judgement, they generally follow a fairly standard pattern that can give you a good idea of what to expect and how to prepare.<\/p>\n<p>Like other aspects of applying for a\u00a0<a href=\"https:\/\/www.iamexpat.de\/career\/jobs-germany\">job in Germany<\/a>, interviews in the federal republic tend to be rather formal affairs &#8211; although start-ups and other\u00a0<a href=\"https:\/\/www.iamexpat.de\/career\/working-in-germany\/information-international-companies\">international companies<\/a>\u00a0might prove to be the exception to this rule. You and your interviewer will normally address each other using the formal \u201c<em>Sie<\/em>\u201d &#8211; unless your interviewer suggests otherwise, you shouldn\u2019t use the informal \u201c<em>du<\/em>\u201d.<\/p>\n<p>You should arrive punctually (around 10 minutes before the scheduled start time) and dress in smart business attire. It\u2019s also a good idea to bring a copy of your CV and other relevant documents. You\u2019ll probably be greeted with a firm handshake. Note also that it\u2019s important in Germany to maintain plenty of eye contact, to show respect.<\/p>\n<h3>Travelling to interview<\/h3>\n<p>In Germany, companies typically pay for the costs of attending a job interview. This includes\u00a0<a href=\"https:\/\/www.iamexpat.de\/expat-info\/transportation\">transportation<\/a>. If you are currently living abroad, you can check whether your costs will also be covered, but the company may prefer to interview you via\u00a0<a href=\"https:\/\/www.iamexpat.de\/expat-info\/communication\/getting-fixed-phone-line-landline-providers-germany\">phone<\/a>\u00a0or video call. Non-EU citizens may also need a\u00a0<a href=\"https:\/\/www.iamexpat.de\/expat-info\/official-issues\/information-types-visa-germany\">visa<\/a>\u00a0to enter the country for an interview.<\/p>\n<h3>Assessment centres<\/h3>\n<p>Although most interviews in Germany are usually held at the office with one, two or more stakeholders, some companies do use assessment centres, particularly for higher-ranking positions. This kind of selection process involves the applicant carrying out certain tasks together with other applicants.<\/p>\n<h2>How to prepare for a job interview<\/h2>\n<p>As well as brushing up on what you wrote in your application, it\u2019s a good idea to do some background research before your interview, on your interviewers, the company, and the industry (if you haven\u2019t already done so). You can also reread the job description to remind yourself of what specific skills the employer is looking for.<\/p>\n<p>You should go through some standard interview questions to prepare. You don\u2019t need to memorise your answers, but taking time to consider how you\u2019ll respond will help you to feel confident during the interview.<\/p>\n<p>If German isn\u2019t your native language, it\u2019s also a good idea to brush up on some useful words and phrases (some\u00a0<a href=\"https:\/\/www.iamexpat.de\/education\/language-schools\/german-courses-germany\">German language schools<\/a>\u00a0even offer crash courses on preparing for job interviews). It\u2019s not unheard of for the interviewer to break into German even for jobs advertised in English.<\/p>\n<h2>German interview questions &amp; Answers<\/h2>\n<p>The questions that are likely to arise at a job interview in Germany can be broadly split into four categories. Below we look at some of the most common questions and offer some tips on what you should say in your answer.<\/p>\n<h3>Job interview questions: About you<\/h3>\n<p>It should go without saying, but be prepared to answer some questions about yourself.<\/p>\n<h4>Tell me about yourself?\u00a0<em>Stellen Sie sich kurz vor?<\/em><\/h4>\n<p>Likely to be one of the first questions you\u2019re asked, this is your classic \u201celevator pitch\u201d introduction. You can add some personal information about your interests and experiences, but the focus should be mainly on what makes you an ideal candidate for the job. It\u2019s also important to keep it brief, no more than two to three minutes.<\/p>\n<h4>What have been your greatest achievements to date?\u00a0<em>Was sind Ihre gr\u00f6\u00dften Erfolge?<\/em><\/h4>\n<p>This is your chance to show off a little (but don\u2019t overdo it &#8211; Germans in particular are not fond of showboating). Focus on career highs that are relatively recent and relevant to the position. Illustrate their impact on the company.<\/p>\n<h4>What are your strengths?<em>\u00a0Was sind Ihre St\u00e4rken?\u00a0<\/em><\/h4>\n<p>This very common question is designed to determine how well qualified you are for the position. You should therefore focus on attributes that qualify you for the job at hand. Make sure you back up your answers with examples &#8211; for instance, rather than just saying you work well under pressure, tell a story, preferably drawing on your professional experience, that demonstrates this.<\/p>\n<h4>What are your weaknesses?\u00a0<em>Was sind Ihre Schw\u00e4chen?<\/em><\/h4>\n<p>You can also expect to be asked about your weaknesses. The best way to tackle this question is to try to put a positive spin on things. For instance, you could share an example of a weakness you\u2019ve recognised and taken steps to correct &#8211; thereby improving your skills as an employee.<\/p>\n<h4>Where do you see yourself in five years?\u00a0<em>Wo sehen Sie sich in f\u00fcnf Jahren?<\/em><\/h4>\n<p>The interviewer wants to get an idea of your career trajectory and ambitions &#8211; are you the kind of candidate that\u2019s going to stick around or will you move on as soon as you find a better opportunity? Cover both your short- and long-term goals and explain how this job and this company fits into your plan.<\/p>\n<h3>German job interview questions: About the job and your experience<\/h3>\n<p>You should also prepare for some questions about your work experience and your current role.<\/p>\n<h4>Why do you want this job?<em>\u00a0Warum bewerben Sie sich f\u00fcr diesen Job?\u00a0<\/em><\/h4>\n<p>The interviewer wants to know how much you really want the job, and what makes you suited for the role. Explain, specifically, what makes you a good fit for the position, and what you would focus on if you were hired. You should also talk about the aspects of the company and the role which appeal to you.<\/p>\n<h4>Why are you the best person for the job?\u00a0<em>Warum sind Sie der beste Kandidat?\u00a0<\/em><\/h4>\n<p>What makes you stand out from the other candidates? Be prepared to justify this. Your response should be a confident and concise sales pitch that explains what you have to offer. Check the qualifications and requirements listed in the job description, and work out a response that aligns with what the company is looking for.<\/p>\n<h4>How do you handle stress?<em>\u00a0K\u00f6nnen Sie mit Stress umgehen?\u00a0<\/em><\/h4>\n<p>The interviewer wants to know how you deal with difficult situations at work. Do you thrive under\u00a0pressure? What\u2019s your response when things go wrong? Answer with an example of how you have successfully managed a stressful situation in a previous role. Avoid claiming that you never experience stress.<\/p>\n<h4>What are your salary expectations?\u00a0<em>Welches Gehalt stellen Sie sich vor?<\/em><\/h4>\n<p>Questions about money are always tricky to answer. Do some research before the interview so that you\u2019re able to present a salary range that\u2019s fair, based on your job title, employer, experience, skills and location.\u00a0<a href=\"https:\/\/www.iamexpat.de\/career\/working-in-germany\/salary-payslip-german-minimum-wage\">Salaries in Germany<\/a>, for instance, vary significantly between\u00a0<a href=\"https:\/\/www.iamexpat.de\/lifestyle\/german-federal-states\">federal states<\/a>\u00a0and professions.<\/p>\n<h3>German interview questions: About the company<\/h3>\n<p>Most interviewers will also want to know that you are genuinely interested in the opportunity and are passionate about\u00a0<a href=\"https:\/\/www.iamexpat.de\/career\/working-in-germany\">working<\/a>\u00a0for the company, so expect some questions along the following lines:<\/p>\n<h4>What do you know about the company?\u00a0<em>Was wissen Sie \u00fcber unser Unternehmen?<\/em><\/h4>\n<p>Here\u2019s your chance to demonstrate your work ethic by showing you\u2019ve done your homework. Don\u2019t bore them with details they already know (\u201cThe company was founded in 1995\u201d), but instead prepare some key talking points, for instance major company milestones or impending launches. Conclude by outlining how the company\u2019s brand or mission aligns with your own personal or career goals.<\/p>\n<h4>Why are you applying at this company specifically?\u00a0<em>Warum bewerben Sie sich genau bei uns?\u00a0<\/em><\/h4>\n<p>This is nearly the same question as above, just dressed up in different clothes. Again, the interviewer wants to know that you are genuinely enthusiastic. What is it that appeals to you? The company\u2019s culture, further training opportunities, products or services? In your answer, be specific, showing that you have done your research, but choose a topic that genuinely enthuses you and allows your personality to shine through.<\/p>\n<h3>Interview questions: About your previous job<\/h3>\n<p>The interviewer will also want to get some information about your current or previous role.<\/p>\n<h4>Why do you want to leave your current role?\u00a0<em>Warum wollen Sie Ihren bisherigen Job aufgeben?<\/em><\/h4>\n<p>You\u2019ll need to prepare an answer to this question that\u2019s honest about your current working situation, but keeps things positive. Even if you\u2019re leaving your current job under difficult circumstances, this isn\u2019t the best time to share lots of information. Say that you want to make a change in your career and explain how this job fits into that plan.<\/p>\n<h4>What will you miss most about your present job?\u00a0<em>Was werden Sie an Ihrem jetzigen Job am meisten vermissen?<\/em><\/h4>\n<p>Don\u2019t overdo it, since you\u2019re looking to leave, but emphasise aspects of your current role that you most enjoy. In the course of your answer, turn it towards the new potential employer, picking out an aspect of the new role or company that you will also enjoy.<\/p>\n<h2>What questions should you ask at a German job interview?<\/h2>\n<p>At some point, usually towards the end of the interview, you can expect your potential employer to allow you to ask some questions. They might say, \u201c<em>Haben Sie Fragen f\u00fcr uns<\/em>?\u201d<\/p>\n<p>This is another opportunity to show your interest in the company and the role, and to resolve any unanswered queries, so it\u2019s a good idea to have a selection of questions prepared in advance. You could touch on details of your potential\u00a0<a href=\"https:\/\/www.iamexpat.de\/career\/working-in-germany\/work-employment-contracts\">employment contract<\/a>\u00a0and\u00a0<a href=\"https:\/\/www.iamexpat.de\/career\/working-in-germany\/working-hours\">working hours<\/a>, but avoid asking too many questions about\u00a0<a href=\"https:\/\/www.iamexpat.de\/career\/working-in-germany\/sick-holiday-maternity-leave\">holiday leave<\/a>\u00a0and remuneration. You could ask:<\/p>\n<ul>\n<li>Is this a new job or did it already exist?\u00a0<em>Wird die Stelle neu geschaffen oder gab es sie schon vorher?\u00a0<\/em><\/li>\n<li>What would be my primary responsibilities?\u00a0<em>An welchen Aufgaben w\u00fcrde ich haupts\u00e4chlich arbeiten?\u00a0<\/em><\/li>\n<li>How could the position develop?\u00a0<em>Wie k\u00f6nnte sich die Stelle entwickeln?\u00a0<\/em><\/li>\n<li>How would you describe the company culture?\u00a0<em>Wie w\u00fcrden Sie Ihrer Unternehmenskultur beschreiben?<\/em><\/li>\n<li>How does your company invest in the development of its employees?<em>\u00a0Wie werden Talente und St\u00e4rken bei Ihnen gef\u00f6rdert?\u00a0<\/em><\/li>\n<li>When can I expect a decision?\u00a0<em>Wann kann ich mit Ihrer Entscheidung rechnen?<\/em><\/li>\n<\/ul>\n<h2>More interview questions in Germany<\/h2>\n<p>Apart from the questions covered in detail above, these other job interview questions are likely to come up:<\/p>\n<h3>About you<\/h3>\n<ul>\n<li>How would you describe yourself?\u00a0<em>Wie w\u00fcrden Sie sich beschreiben?<\/em><\/li>\n<li>Which person has shaped you especially? How?\u00a0<em>Wer hat Sie in Ihrem Leben entscheidend gepr\u00e4gt? Wie?\u00a0<\/em><\/li>\n<li>How do you manage your work \/ life balance?\u00a0<em>Wie managen Sie Ihre Work \/ Life Balance?\u00a0<\/em><\/li>\n<li>What is the biggest mistake you\u2019ve made?\u00a0<em>Was war Ihr gr\u00f6\u00dfter Misserfolg?\u00a0<\/em><\/li>\n<li>How do you handle failure?\u00a0<em>Wie gehen Sie mit Niederlagen um?\u00a0<\/em><\/li>\n<li>What motivates you?\u00a0<em>Was motiviert Sie?\u00a0<\/em><\/li>\n<li>What are your career goals?\u00a0<em>Was sind Ihren Karriere Zielen?<\/em><\/li>\n<li>Which style of leadership do you prefer?\u00a0<em>Welchen F\u00fchrungsstil bevorzugen Sie?\u00a0<\/em><\/li>\n<li>How do you handle conflict?<em>\u00a0Wie gehen Sie mit Konflikten um?\u00a0<\/em><\/li>\n<li>How do you prioritise?\u00a0<em>Wie setzen Sie Priorit\u00e4ten?\u00a0<\/em><\/li>\n<li>How do you plan a project?\u00a0<em>Wie planen Sie einen Projekt?\u00a0<\/em><\/li>\n<\/ul>\n<h3>About your work experience<\/h3>\n<ul>\n<li>What were your responsibilities in your previous job?\u00a0<em>F\u00fcr was waren Sie in Ihrem alten Job verantwortlich?<\/em><\/li>\n<li>How do you deal with difficult colleagues?\u00a0<em>Wie gehen Sie mit schwierigen Kollegen um?<\/em><\/li>\n<li>What do you expect from your colleagues \/ line managers?\u00a0<em>Was erwarten Sie von Ihren Kollegen und von Ihrem Chef?<\/em><\/li>\n<li>What will you bring to the role, that others will not?\u00a0<em>Was k\u00f6nnen Sie f\u00fcr uns tun, was andere nicht k\u00f6nnen?<\/em><\/li>\n<li>How would you describe your working style?\u00a0<em>Wie w\u00fcrden Sie Ihren Arbeitsstil beschreiben?<\/em><\/li>\n<li>How do you want to progress in your career?\u00a0<em>Wohin m\u00f6chten Sie sich in Ihrer Karriere entwickeln?<\/em><\/li>\n<li>How would you describe your communication style?\u00a0<em>Wie w\u00fcrden Sie Ihren pers\u00f6nlichen Kommunikationsstil beschreiben?<\/em><\/li>\n<\/ul>\n<h3>About the company \/ previous company<\/h3>\n<ul>\n<li>What do you like about the company?\u00a0<em>Was gef\u00e4llt dir an dem Unternehmen?<\/em><\/li>\n<li>What do you think of your previous boss?\u00a0<em>Was denken Sie \u00fcber Ihren letzten Chef?<\/em><\/li>\n<\/ul>\n<p>Source: https:\/\/www.iamexpat.de\/career\/employment-guides-tools\/german-job-interview-questions-answers<\/p>\n","protected":false},"excerpt":{"rendered":"<p>After all that hard work polishing your\u00a0CV\u00a0and perfecting your\u00a0cover letter, you\u2019ve finally landed a job interview in Germany. Congratulations! The company is definitely interested. Now you need to put in the necessary work so you can shine on the day. Interviews are intimidating enough in your own country, but when you\u2019re abroad, facing unfamiliar customs, &hellip; <\/p>\n<p class=\"link-more\"><a href=\"https:\/\/blogs.uni-siegen.de\/fit-in-siegen\/job-interview-questions-answers-in-germany\/\" class=\"more-link\">Continue reading<span class=\"screen-reader-text\"> &#8220;Job interview questions &amp; Answers in Germany&#8221;<\/span><\/a><\/p>\n","protected":false},"author":631,"featured_media":0,"parent":0,"menu_order":0,"comment_status":"closed","ping_status":"closed","template":"","meta":{"footnotes":""},"class_list":["post-1025","page","type-page","status-publish","hentry"],"_links":{"self":[{"href":"https:\/\/blogs.uni-siegen.de\/fit-in-siegen\/wp-json\/wp\/v2\/pages\/1025","targetHints":{"allow":["GET"]}}],"collection":[{"href":"https:\/\/blogs.uni-siegen.de\/fit-in-siegen\/wp-json\/wp\/v2\/pages"}],"about":[{"href":"https:\/\/blogs.uni-siegen.de\/fit-in-siegen\/wp-json\/wp\/v2\/types\/page"}],"author":[{"embeddable":true,"href":"https:\/\/blogs.uni-siegen.de\/fit-in-siegen\/wp-json\/wp\/v2\/users\/631"}],"replies":[{"embeddable":true,"href":"https:\/\/blogs.uni-siegen.de\/fit-in-siegen\/wp-json\/wp\/v2\/comments?post=1025"}],"version-history":[{"count":1,"href":"https:\/\/blogs.uni-siegen.de\/fit-in-siegen\/wp-json\/wp\/v2\/pages\/1025\/revisions"}],"predecessor-version":[{"id":1027,"href":"https:\/\/blogs.uni-siegen.de\/fit-in-siegen\/wp-json\/wp\/v2\/pages\/1025\/revisions\/1027"}],"wp:attachment":[{"href":"https:\/\/blogs.uni-siegen.de\/fit-in-siegen\/wp-json\/wp\/v2\/media?parent=1025"}],"curies":[{"name":"wp","href":"https:\/\/api.w.org\/{rel}","templated":true}]}}