{"id":65,"date":"2019-09-23T22:15:55","date_gmt":"2019-09-23T20:15:55","guid":{"rendered":"http:\/\/blogs.uni-siegen.de\/gerontologie-siegen\/?page_id=65"},"modified":"2020-06-04T09:05:23","modified_gmt":"2020-06-04T07:05:23","slug":"mitglieder","status":"publish","type":"page","link":"https:\/\/blogs.uni-siegen.de\/gerontologie-siegen\/gerontologie-netzwerk-siegen\/mitglieder\/","title":{"rendered":"Mitglieder"},"content":{"rendered":"<hr size=\"3\" \/>\n<h2>Sprecher des Netzwerks<\/h2>\n<div id=\"one\" style=\"float: left;width: 80%;height: 16em;margin: 1em;padding: 0.5em;background-color: white\">\n<p><img loading=\"lazy\" decoding=\"async\" style=\"float: left;margin-right: 15px\" src=\"https:\/\/www.uni-siegen.de\/nt\/studies\/medinf\/assets\/img\/ansprechpartner\/brueck.jpg\" alt=\"Herr Br\u00fcck\" width=\"180\" height=\"280\" \/><strong>Prof. Dr. Rainer Br\u00fcck<\/strong><br \/>\nMedizinische Informatik &amp; Mikrosystementwurf<\/p>\n<p><a href=\"mailto:Rainer.brueck@uni-siegen.de\">Rainer.brueck@uni-siegen.de<\/a><\/p>\n<p><a href=\"https:\/\/www.uni-siegen.de\/lwf\/professuren\/mim\/?lang=de\"><img decoding=\"async\" class=\"size-full wp-image-408\" src=\"http:\/\/blogs.uni-siegen.de\/gerontologie-siegen\/files\/2020\/06\/Icon-web.png\" alt=\"zur Webseite\" width=\"8%\" height=\"8%\" \/><\/a><\/p>\n<\/div>\n<div id=\"one\" style=\"float: left;width: 80%;height: 16em;margin: 1em;margin-top: 70px;padding: 0.5em;background-color: white\">\n<p><img loading=\"lazy\" decoding=\"async\" style=\"float: left;margin-right: 15px\" src=\"http:\/\/blogs.uni-siegen.de\/gerontologie-siegen\/files\/2019\/10\/forstmeier.jpg\" alt=\"Herr Forstmeier\" width=\"180\" height=\"280\" \/><strong>Prof. Dr. Simon Forstmeier<\/strong><br \/>\nEntwicklungspsychologie<\/p>\n<p><a href=\"mailto:mailto:Simon.forstmeier@uni-siegen.de\">Simon.forstmeier@uni-siegen.de<\/a><\/p>\n<p><a href=\"https:\/\/www.bildung.uni-siegen.de\/mitarbeiter\/forstmeier\/team\/forstmeier.html\"><img decoding=\"async\" class=\"size-full wp-image-408\" src=\"http:\/\/blogs.uni-siegen.de\/gerontologie-siegen\/files\/2020\/06\/Icon-web.png\" alt=\"zur Webseite\" width=\"8%\" height=\"8%\" \/><\/a><\/p>\n<\/div>\n<div id=\"one\" style=\"float: left;width: 80%;height: 16em;margin: 1em;margin-top: 70px;padding: 0.5em;background-color: white\"><img loading=\"lazy\" decoding=\"async\" style=\"float: left;margin-right: 15px\" src=\"http:\/\/blogs.uni-siegen.de\/gerontologie-siegen\/files\/2020\/03\/haberstroh.jpg\" alt=\"Frau Haberstroh\" width=\"180\" height=\"280\" \/><strong>Prof. Dr. Julia Haberstroh<\/strong><br \/>\nLehrstuhl f\u00fcr Psychologische Alternsforschung<a href=\"mailto:julia.haberstroh@uni-siegen.de\">Julia.Haberstroh@uni-siegen.de<\/a><a href=\"https:\/\/www.bildung.uni-siegen.de\/mitarbeiter\/haberstroh\/index.html?lang=de\"><img decoding=\"async\" class=\"size-full wp-image-408\" src=\"http:\/\/blogs.uni-siegen.de\/gerontologie-siegen\/files\/2020\/06\/Icon-web.png\" alt=\"zur Webseite\" width=\"7%\" height=\"7%\" \/><\/a><\/div>\n<div id=\"one\" style=\"float: left;width: 80%;height: 16em;margin: 1em;margin-top: 70px;padding: 0.5em;background-color: white\">\n<p><img loading=\"lazy\" decoding=\"async\" style=\"float: left;margin-right: 15px\" src=\"https:\/\/www.wineme.uni-siegen.de\/wp-content\/uploads\/2016\/11\/claudia_mueller-2014.jpg\" alt=\"Frau M\u00fcller\" width=\"180\" height=\"280\" \/><strong>Prof. Dr. Claudia M\u00fcller<\/strong><br \/>\nIT f\u00fcr die Alternde Gesellschaft<\/p>\n<p><a href=\"mailto:Claudia.mueller@uni-siegen.de\">Claudia.mueller@uni-siegen.de<\/a><\/p>\n<p><a href=\"https:\/\/www.wineme.uni-siegen.de\/team\/mueller\/\"><img decoding=\"async\" class=\"size-full wp-image-408\" src=\"http:\/\/blogs.uni-siegen.de\/gerontologie-siegen\/files\/2020\/06\/Icon-web.png\" alt=\"zur Webseite\" width=\"8%\" height=\"8%\" \/><\/a><\/p>\n<\/div>\n<div id=\"one\" style=\"float: left;width: 80%;height: 16em;margin: 1em;margin-top: 70px;padding: 0.5em;background-color: white\">\n<p><img loading=\"lazy\" decoding=\"async\" style=\"float: left;margin-right: 15px\" src=\"http:\/\/blogs.uni-siegen.de\/gerontologie-siegen\/files\/2019\/10\/bjoern.niehaves.jpg\" alt=\"Prof. Dr. Bj\u00f6rn Niehaves\" width=\"180\" height=\"280\" \/><strong>Prof. Dr. Bj\u00f6rn Niehaves<\/strong><br \/>\nWirtschaftsinformatik<\/p>\n<p><a href=\"mailto:Bjoern.niehaves@uni-siegen.de\">Bjoern.niehaves@uni-siegen.de<\/a><\/p>\n<p><a href=\"https:\/\/www.wiwi.uni-siegen.de\/is\/team\/niehaves.html\"><img decoding=\"async\" class=\"size-full wp-image-408\" src=\"http:\/\/blogs.uni-siegen.de\/gerontologie-siegen\/files\/2020\/06\/Icon-web.png\" alt=\"zur Webseite\" width=\"8%\" height=\"8%\" \/><\/a><\/p>\n<\/div>\n<div id=\"one\" style=\"float: left;width: 80%;height: 16em;margin: 1em;margin-top: 70px;padding: 0.5em;background-color: white\">\n<p><img loading=\"lazy\" decoding=\"async\" style=\"float: left;margin-right: 15px\" src=\"http:\/\/blogs.uni-siegen.de\/gerontologie-siegen\/files\/2019\/10\/foto_klein-1.jpg\" alt=\"Prof. Dr. Christoph Str\u00fcnck\" width=\"180\" height=\"280\" \/><strong>Prof. Dr. Christoph Str\u00fcnck<\/strong><br \/>\nPolitikwissenschaft, Schwerpunkt Sozialpolitik<\/p>\n<p><a href=\"mailto:christoph.struenck@uni-siegen.de\">christoph.struenck@uni-siegen.de<\/a><\/p>\n<p><a href=\"https:\/\/www.uni-siegen.de\/phil\/sozialwissenschaften\/politik\/mitarbeiter\/struenck\/?lang=de\"><img decoding=\"async\" class=\"size-full wp-image-408\" src=\"http:\/\/blogs.uni-siegen.de\/gerontologie-siegen\/files\/2020\/06\/Icon-web.png\" alt=\"zur Webseite\" width=\"8%\" height=\"8%\" \/><\/a><\/p>\n<\/div>\n<div id=\"one\" style=\"float: left;width: 80%;height: 16em;margin: 1em;margin-top: 70px;padding: 0.5em;background-color: white\">\n<p><img loading=\"lazy\" decoding=\"async\" style=\"float: left;margin-right: 15px\" src=\"http:\/\/blogs.uni-siegen.de\/gerontologie-siegen\/files\/2019\/10\/mareike_2.jpg\" alt=\"Frau Dornh\u00f6fer\" width=\"180\" height=\"280\" \/><strong>Dr.-Ing. Mareike Dornh\u00f6fer<\/strong><br \/>\nInformatik<\/p>\n<p><a href=\"mailto:m.dornhoefer@uni-siegen.de\">m.dornhoefer@uni-siegen.de<\/a><\/p>\n<p><a href=\"https:\/\/www.eti.uni-siegen.de\/ws\/mitarbeiter\/m_dornhoefer\/?lang=de\"><img decoding=\"async\" class=\"size-full wp-image-408\" src=\"http:\/\/blogs.uni-siegen.de\/gerontologie-siegen\/files\/2020\/06\/Icon-web.png\" alt=\"zur Webseite\" width=\"8%\" height=\"8%\" \/><\/a><\/p>\n<\/div>\n<hr style=\"float: left\" width=\"60%\" \/>\n<h2>Weitere Mitglieder des Netzwerkes<\/h2>\n<h3>Fakult\u00e4t I \u2013 Philosophische Fakult\u00e4t<\/h3>\n<p><a href=\"http:\/\/www.uni-siegen.de\/phil\/\"><img loading=\"lazy\" decoding=\"async\" src=\"http:\/\/www.uni-siegen.de\/phil\/style\/phil_logo.png\" alt=\"Logo Fak I\" width=\"180\" height=\"200\" \/><\/a><\/p>\n<div id=\"one\" style=\"float: left;width: 80%;height: 17em;margin: 1em;margin-top: 20px;padding: 0.5em;background-color: white\">\n<p><img loading=\"lazy\" decoding=\"async\" style=\"float: left;margin-right: 15px\" src=\"https:\/\/www.uni-siegen.de\/phil\/evantheo\/mitarbeiter\/plasger\/plasger_(1_von_2)_1.jpg\" alt=\"Prof. Dr. Georg Plasger\" width=\"180\" height=\"280\" \/><strong>Prof. Dr. Georg Plasger <\/strong><br \/>\nEvangelische Theologie<\/p>\n<p><a href=\"mailto:plasger@evantheo.uni-siegen.de\">plasger@evantheo.uni-siegen.de<\/a><\/p>\n<p><a href=\"https:\/\/www.uni-siegen.de\/phil\/evantheo\/mitarbeiter\/plasger\/\"><img decoding=\"async\" class=\"size-full wp-image-408\" src=\"http:\/\/blogs.uni-siegen.de\/gerontologie-siegen\/files\/2020\/06\/Icon-web.png\" alt=\"zur Webseite\" width=\"8%\" height=\"8%\" \/><\/a><\/p>\n<\/div>\n<div id=\"one\" style=\"float: left;width: 80%;height: 16em;margin: 1em;margin-top: 70px;padding: 0.5em;background-color: white\">\n<p><img loading=\"lazy\" decoding=\"async\" style=\"float: left;margin-right: 15px\" src=\"http:\/\/blogs.uni-siegen.de\/gerontologie-siegen\/files\/2019\/10\/SusanneRegener.jpg\" alt=\"Prof. Dr. Susanne Regener \" width=\"180\" height=\"280\" \/><strong>Prof. Dr. Susanne Regener<\/strong><br \/>\nMediengeschichte<\/p>\n<p><a href=\"mailto:susanne.regener@uni-siegen.de\">susanne.regener@uni-siegen.de <\/a><\/p>\n<p><a href=\"https:\/\/www.mediengeschichte.uni-siegen.de\/team\/regener\/\"><img decoding=\"async\" class=\"size-full wp-image-408\" src=\"http:\/\/blogs.uni-siegen.de\/gerontologie-siegen\/files\/2020\/06\/Icon-web.png\" alt=\"zur Webseite\" width=\"8%\" height=\"8%\" \/><\/a><\/p>\n<\/div>\n<div id=\"one\" style=\"float: left;width: 80%;height: 16em;margin: 1em;margin-top: 70px;padding: 0.5em;background-color: white\">\n<p><img loading=\"lazy\" decoding=\"async\" style=\"float: left;margin-right: 15px\" src=\"http:\/\/blogs.uni-siegen.de\/gerontologie-siegen\/files\/2019\/10\/014_wendt_claus.jpg\" alt=\"Prof. Dr. Claus Wendt\" width=\"180\" height=\"280\" \/><strong>Prof. Dr. Claus Wendt<\/strong><br \/>\nSoziologie der Gesundheit und des Gesundheitssystems<\/p>\n<p><a href=\"mailto:wendt@soziologie.uni-siegen.de\">wendt@soziologie.uni-siegen.de<\/a><\/p>\n<p><a href=\"https:\/\/www.uni-siegen.de\/phil\/sozialwissenschaften\/soziologie\/mitarbeiter\/wendt\/\"><img decoding=\"async\" class=\"size-full wp-image-408\" src=\"http:\/\/blogs.uni-siegen.de\/gerontologie-siegen\/files\/2020\/06\/Icon-web.png\" alt=\"zur Webseite\" width=\"8%\" height=\"8%\" \/><\/a><\/p>\n<\/div>\n<p>&nbsp;<\/p>\n<hr style=\"float: left\" width=\"60%\" \/>\n<h3><\/h3>\n<h3>Fakult\u00e4t II \u2013 Bildung, Architektur, K\u00fcnste<\/h3>\n<p><a href=\"http:\/\/www.uni-siegen.de\/bak\/fakultaet\/?lang=de\/\"><img loading=\"lazy\" decoding=\"async\" src=\"http:\/\/www.uni-siegen.de\/presse\/relaunch\/downloads\/cd\/fakii_wort_cmyk.jpg?lang=de\" alt=\"Logo Fak II\" width=\"180\" height=\"200\" \/><\/a><\/p>\n<div id=\"one\" style=\"float: left;width: 80%;height: 16em;margin: 1em;margin-top: 20px;padding: 0.5em;background-color: white\">\n<p><img loading=\"lazy\" decoding=\"async\" style=\"float: left;margin-right: 15px\" src=\"https:\/\/www.bildung.uni-siegen.de\/berufspaedagogik\/home\/buchmann\/bild_buchmann.jpg\" alt=\"Prof. Dr. Ulrike Buchmann\" width=\"180\" height=\"280\" \/><strong>Prof. Dr. Ulrike Buchmann<\/strong><br \/>\nBeruf- und Wirtschaftsp\u00e4dagogik<\/p>\n<p><a href=\"mailto:Ulrike.buchmann@uni-siegen.de\">Ulrike.buchmann@uni-siegen.de<\/a><\/p>\n<p><a href=\"https:\/\/www.bildung.uni-siegen.de\/berufspaedagogik\/home\/buchmann\/\"><img decoding=\"async\" class=\"size-full wp-image-408\" src=\"http:\/\/blogs.uni-siegen.de\/gerontologie-siegen\/files\/2020\/06\/Icon-web.png\" alt=\"zur Webseite\" width=\"8%\" height=\"8%\" \/><\/a><\/p>\n<\/div>\n<div id=\"one\" style=\"float: left;width: 80%;height: 16em;margin: 1em;margin-top: 70px;padding: 0.5em;background-color: white\">\n<p><img loading=\"lazy\" decoding=\"async\" style=\"float: left;margin-right: 15px\" src=\"http:\/\/blogs.uni-siegen.de\/gerontologie-siegen\/files\/2019\/10\/Nielsen.jpg\" alt=\"Prof. Dr. J\u00fcrgen Nielsen-Sikora\" width=\"180\" height=\"280\" \/><strong>Prof. Dr. J\u00fcrgen Nielsen-Sikora<\/strong><br \/>\nBildungsphilosophie<\/p>\n<p><a href=\"mailto:Juergen.nielsen@uni-siegen.de\">Juergen.nielsen@uni-siegen.de<\/a><\/p>\n<p><a href=\"https:\/\/www.bildung.uni-siegen.de\/mitarbeiter\/nielsen-sikora\/?lang=de\"><img decoding=\"async\" class=\"size-full wp-image-408\" src=\"http:\/\/blogs.uni-siegen.de\/gerontologie-siegen\/files\/2020\/06\/Icon-web.png\" alt=\"zur Webseite\" width=\"8%\" height=\"8%\" \/><\/a><\/p>\n<\/div>\n<div id=\"one\" style=\"float: left;width: 80%;height: 16em;margin: 1em;margin-top: 70px;padding: 0.5em;background-color: white\">\n<p><img loading=\"lazy\" decoding=\"async\" style=\"float: left;margin-right: 15px\" src=\"https:\/\/www.der-demografiekongress.de\/fileadmin\/_processed_\/9\/3\/csm_Kelleter_web_31f2ab54b5.jpg\" alt=\"Dr. Heidemarie Kelleter\" width=\"180\" height=\"280\" \/><strong>Dr. Heidemarie Kelleter<\/strong><br \/>\nBildungsphilosophie<\/p>\n<p><a href=\"mailto:heidemarie.kelleter@uni-siegen.de\">heidemarie.kelleter@uni-siegen.de<\/a><\/p>\n<p><a href=\"https:\/\/www.der-demografiekongress.de\/programm\/details\/referent\/heidemarie-kelleter-538.html\"><img decoding=\"async\" class=\"size-full wp-image-408\" src=\"http:\/\/blogs.uni-siegen.de\/gerontologie-siegen\/files\/2020\/06\/Icon-web.png\" alt=\"zur Webseite\" width=\"8%\" height=\"8%\" \/><\/a><\/p>\n<\/div>\n<div id=\"one\" style=\"float: left;width: 80%;height: 16em;margin: 1em;margin-top: 70px;padding: 0.5em;background-color: white\">\n<p><img loading=\"lazy\" decoding=\"async\" style=\"float: left;margin-right: 15px\" src=\"http:\/\/blogs.uni-siegen.de\/gerontologie-siegen\/files\/2019\/10\/johannes_schaedler_web_2016.jpg\" alt=\"Prof. Dr. Johannes Sch\u00e4dler\" width=\"180\" height=\"280\" \/><strong>Prof. Dr. Johannes Sch\u00e4dler<\/strong><br \/>\nSozialp\u00e4dagogik<\/p>\n<p><a href=\"mailto:schaedler@zpe.uni-siegen.de\">schaedler@zpe.uni-siegen.de<\/a><\/p>\n<p><a href=\"https:\/\/www.bildung.uni-siegen.de\/mitarbeiter\/schaedler.html\"><img decoding=\"async\" class=\"size-full wp-image-408\" src=\"http:\/\/blogs.uni-siegen.de\/gerontologie-siegen\/files\/2020\/06\/Icon-web.png\" alt=\"zur Webseite\" width=\"8%\" height=\"8%\" \/><\/a><\/p>\n<\/div>\n<hr style=\"float: left\" width=\"60%\" \/>\n<h3><\/h3>\n<h3>Fakult\u00e4t III \u2013 Wirtschaftswissenschaften, Wirtschaftsinformatik &amp; Wirtschaftsrecht<\/h3>\n<p><a href=\"http:\/\/www.uni-siegen.de\/bak\/fakultaet\/?lang=de\/\"><img loading=\"lazy\" decoding=\"async\" src=\"http:\/\/www.uni-siegen.de\/presse\/relaunch\/downloads\/cd\/fak3_bild_cmyk.jpg?lang=de\" alt=\"Logo Fak III\" width=\"180\" height=\"200\" \/><\/a><\/p>\n<div id=\"one\" style=\"float: left;width: 80%;height: 16em;margin: 1em;margin-top: 70px;padding: 0.5em;background-color: white\">\n<p><img loading=\"lazy\" decoding=\"async\" style=\"float: left;margin-right: 15px\" src=\"http:\/\/blogs.uni-siegen.de\/gerontologie-siegen\/files\/2019\/10\/Moog.jpg\" alt=\"Prof. Dr. Petra Moog\" width=\"180\" height=\"280\" \/><strong>Prof. Dr. Petra Moog<\/strong><br \/>\nUnternehmensnachfolge<\/p>\n<p><a href=\"mailto:Petra.moog@uni-siegen.de\">Petra.moog@uni-siegen.de<\/a><\/p>\n<p><a href=\"https:\/\/www.wiwi.uni-siegen.de\/business-succession\/team\/moog\/?lang=de\"><img decoding=\"async\" class=\"size-full wp-image-408\" src=\"http:\/\/blogs.uni-siegen.de\/gerontologie-siegen\/files\/2020\/06\/Icon-web.png\" alt=\"zur Webseite\" width=\"8%\" height=\"8%\" \/><\/a><\/p>\n<\/div>\n<div id=\"one\" style=\"float: left;width: 80%;height: 16em;margin: 1em;margin-top: 70px;padding: 0.5em;background-color: white\">\n<p><img loading=\"lazy\" decoding=\"async\" style=\"float: left;margin-right: 15px\" src=\"http:\/\/blogs.uni-siegen.de\/gerontologie-siegen\/files\/2019\/10\/arndt.jpg\" alt=\"Prof. Dr. Arndt Werner\" width=\"180\" height=\"280\" \/><strong>Prof. Dr. Arndt Werner<\/strong><br \/>\nBetriebswirtschaftslehre<\/p>\n<p><a href=\"mailto:Arndt.werner@uni-siegen.de\">Arndt.werner@uni-siegen.de <\/a><\/p>\n<p><a href=\"https:\/\/www.wiwi.uni-siegen.de\/entrepreneurship-kmu\/\"><img decoding=\"async\" class=\"size-full wp-image-408\" src=\"http:\/\/blogs.uni-siegen.de\/gerontologie-siegen\/files\/2020\/06\/Icon-web.png\" alt=\"zur Webseite\" width=\"8%\" height=\"8%\" \/><\/a><\/p>\n<\/div>\n<div id=\"one\" style=\"float: left;width: 80%;height: 16em;margin: 1em;margin-top: 70px;padding: 0.5em;background-color: white\">\n<p><img loading=\"lazy\" decoding=\"async\" style=\"float: left;margin-right: 15px\" src=\"https:\/\/www.wineme.uni-siegen.de\/wp-content\/uploads\/2016\/11\/volker_wulf.jpg\" alt=\"Prof. Dr. Volker Wulf\" width=\"180\" height=\"280\" \/><strong>Prof. Dr. Volker Wulf<\/strong><br \/>\nWirtschaftsinformatik und Neue Medien<\/p>\n<p><a href=\"mailto:Volker.wulf@uni-siegen.de\">Volker.wulf@uni-siegen.de<\/a><\/p>\n<p><a href=\"https:\/\/www.wineme.uni-siegen.de\/team\/wulf\/\"><img decoding=\"async\" class=\"size-full wp-image-408\" src=\"http:\/\/blogs.uni-siegen.de\/gerontologie-siegen\/files\/2020\/06\/Icon-web.png\" alt=\"zur Webseite\" width=\"8%\" height=\"8%\" \/><\/a><\/p>\n<\/div>\n<div id=\"one\" style=\"float: left;width: 80%;height: 16em;margin: 1em;margin-top: 70px;padding: 0.5em;background-color: white\">\n<p><img loading=\"lazy\" decoding=\"async\" style=\"float: left;margin-right: 15px\" src=\"https:\/\/www.wineme.uni-siegen.de\/wp-content\/uploads\/2016\/11\/rainer_wieching.jpg\" alt=\"Dr. Rainer Wieching\" width=\"180\" height=\"280\" \/><strong>Dr. Rainer Wieching<\/strong><br \/>\nWirtschaftsinformatik \u2013 Bereichsleiter Gesundheit und Pr\u00e4vention<\/p>\n<p><a href=\"mailto:Rainer.wieching@uni-siegen.de\">Rainer.wieching@uni-siegen.de<\/a><\/p>\n<p><a href=\"https:\/\/www.wineme.uni-siegen.de\/team\/wieching\/\"><img decoding=\"async\" class=\"size-full wp-image-408\" src=\"http:\/\/blogs.uni-siegen.de\/gerontologie-siegen\/files\/2020\/06\/Icon-web.png\" alt=\"zur Webseite\" width=\"8%\" height=\"8%\" \/><\/a><\/p>\n<\/div>\n<hr style=\"float: left\" width=\"60%\" \/>\n<h3><\/h3>\n<h3>Fakult\u00e4t IV \u2013 Naturwissenschaftlich-technische Fakult\u00e4t<\/h3>\n<p><a href=\"http:\/\/www.uni-siegen.de\/bak\/fakultaet\/?lang=de\/\"><img loading=\"lazy\" decoding=\"async\" src=\"http:\/\/www.uni-siegen.de\/presse\/relaunch\/downloads\/cd\/fak4_bild_cmyk.jpg?lang=de\" alt=\"Logo Fak IV\" width=\"180\" height=\"200\" \/><\/a><\/p>\n<div id=\"one\" style=\"float: left;width: 80%;height: 16em;margin: 1em;margin-top: 70px;padding: 0.5em;background-color: white\">\n<p><img loading=\"lazy\" decoding=\"async\" style=\"float: left;margin-right: 15px\" src=\"https:\/\/www.eti.uni-siegen.de\/ws\/style\/images\/mitarbeiter\/fathi_kl.jpg\" alt=\"Prof. Dr. Madjid Fathi\" width=\"180\" height=\"280\" \/><strong>Prof. Dr. Madjid Fathi<\/strong><br \/>\nWissensbasierte Systeme und Wissensmanagement<\/p>\n<p><a href=\"mailto:fathi@informatik.uni-siegen.de\">fathi@informatik.uni-siegen.de<\/a><\/p>\n<p><a href=\"https:\/\/www.eti.uni-siegen.de\/ws\/mitarbeiter\/m_fathi\/\"><img decoding=\"async\" class=\"size-full wp-image-408\" src=\"http:\/\/blogs.uni-siegen.de\/gerontologie-siegen\/files\/2020\/06\/Icon-web.png\" alt=\"zur Webseite\" width=\"8%\" height=\"8%\" \/><\/a><\/p>\n<\/div>\n<div id=\"one\" style=\"float: left;width: 80%;height: 16em;margin: 1em;margin-top: 70px;padding: 0.5em;background-color: white\">\n<p><img loading=\"lazy\" decoding=\"async\" style=\"float: left;margin-right: 15px\" src=\"https:\/\/www.chemie-biologie.uni-siegen.de\/biologie\/fachgruppen\/molekularbiologie\/merzendorfer2.jpg\" alt=\"Prof. Dr. Hans Michael Merzendorfer\" width=\"180\" height=\"280\" \/><strong>Prof. Dr. Hans Michael Merzendorfer<\/strong><br \/>\nMolekulare Physiologie<\/p>\n<p><a href=\"mailto:merzendorfer@chemie-bio.uni-siegen.de\">merzendorfer@chemie-bio.uni-siegen.de<\/a><\/p>\n<p><a href=\"https:\/\/www.chemie-biologie.uni-siegen.de\/biologie\/fachgruppen\/molekularbiologie\/merzendorfer\/\"><img decoding=\"async\" class=\"size-full wp-image-408\" src=\"http:\/\/blogs.uni-siegen.de\/gerontologie-siegen\/files\/2020\/06\/Icon-web.png\" alt=\"zur Webseite\" width=\"8%\" height=\"8%\" \/><\/a><\/p>\n<\/div>\n<div id=\"one\" style=\"float: left;width: 80%;height: 16em;margin: 1em;margin-top: 70px;padding: 0.5em;background-color: white\">\n<p><img loading=\"lazy\" decoding=\"async\" style=\"float: left;margin-right: 15px\" src=\"http:\/\/blogs.uni-siegen.de\/gerontologie-siegen\/files\/2019\/10\/roller.jpg\" alt=\"Prof. Dr. Sabine Roller\" width=\"180\" height=\"280\" \/><strong>Prof. Dr. Sabine Roller<\/strong><br \/>\nSimulationstechnik<\/p>\n<p><a href=\"mailto:sabine.roller@uni-siegen.de\">sabine.roller@uni-siegen.de<\/a><\/p>\n<p><a href=\"https:\/\/www.mb.uni-siegen.de\/sts\/team\/sabine_roller\/\"><img decoding=\"async\" class=\"size-full wp-image-408\" src=\"http:\/\/blogs.uni-siegen.de\/gerontologie-siegen\/files\/2020\/06\/Icon-web.png\" alt=\"zur Webseite\" width=\"8%\" height=\"8%\" \/><\/a><\/p>\n<\/div>\n<div id=\"one\" style=\"float: left;width: 80%;height: 16em;margin: 1em;margin-top: 70px;padding: 0.5em;background-color: white\">\n<p><img loading=\"lazy\" decoding=\"async\" style=\"float: left;margin-right: 15px\" src=\"https:\/\/www.chemie-biologie.uni-siegen.de\/biologie\/fachgruppen\/bilder\/bild.jpg\" width=\"180\" height=\"280\" \/><strong>Prof. Dr. Klaudia Witte<\/strong><br \/>\nSimulationstechnik<\/p>\n<p><a href=\"mailto:witte@biologie.uni-siegen.de\">witte@biologie.uni-siegen.de<\/a><\/p>\n<p><a href=\"https:\/\/www.chemie-biologie.uni-siegen.de\/biologie\/fachgruppen\/oekologie\/witte\/\"><img decoding=\"async\" class=\"size-full wp-image-408\" src=\"http:\/\/blogs.uni-siegen.de\/gerontologie-siegen\/files\/2020\/06\/Icon-web.png\" alt=\"zur Webseite\" width=\"8%\" height=\"8%\" \/><\/a><\/p>\n<\/div>\n<hr style=\"float: left\" width=\"100%\" \/>\n<h2><\/h2>\n<h2>Nachwuchswissenschaftler\/Doktoranden<\/h2>\n<div id=\"two\" style=\"margin-top: 70px\">\n<p><strong>Dr. Stefanie Baisch<\/strong><br \/>\nLehrstuhl: Prof. Dr. Julia Haberstroh, Psychologische Alternsforschung<\/p>\n<\/div>\n<div id=\"two\">\n<p><strong>Dipl.-Wirt.-Inf. Sven Bittenbinder<\/strong><br \/>\nFakult\u00e4t III, Wirtschaftsinformatik, IT f\u00fcr die alternde Gesellschaft<br \/>\n<em>Projekt: IDES kmu &#8211; Inklusive DMS \/ ECMS und Branchensoftware in KMU<\/em><\/p>\n<p><a href=\"mailto:sven.bittenbinder@uni-siegen.de\">sven.bittenbinder@uni-siegen.de<\/a><\/p>\n<\/div>\n<div id=\"two\" style=\"margin-top: 70px\">\n<p><strong>Pia Brettschneider<\/strong><br \/>\nLehrstuhl: Prof. Dr. Simon Forstmeier, Entwicklungspsychologie und Klinische Psychologie der Lebensspanne<br \/>\n<em>Projekt: Motivational Reserve in Alzheimer\u2019s (MoReA) study<\/em><\/p>\n<p><a href=\"mailto:Pia.Brettschneider@uni-siegen.de\">Pia.Brettschneider@uni-siegen.de<\/a><\/p>\n<\/div>\n<div id=\"two\" style=\"margin-top: 70px\">\n<p><strong>Martin Dickel, M.A.<\/strong><br \/>\nFakult\u00e4t III, Wirtschaftsinformatik, IT f\u00fcr die alternde Gesellschaft<br \/>\n<em>Teilprojekt A05 &#8211; Kooperative Herstellung von Nutzerautonomie im Kontext der alternden Gesellschaft, Sonderforschungsbereich 1187 Medien der Kooperation<\/em><\/p>\n<p><a href=\"mailto:martin.dickel@uni-siegen.de\">martin.dickel@uni-siegen.de<\/a><\/p>\n<\/div>\n<div id=\"two\" style=\"margin-top: 70px\">\n<p><strong>Susanne Penger<\/strong><br \/>\nLehrstuhl: Prof. Dr. Julia Haberstroh, Psychologische Alternsforschung<\/p>\n<p><a href=\"mailto:Susanne.Penger@uni-siegen.de\">Susanne.Penger@uni-siegen.de<\/a><\/p>\n<\/div>\n<div id=\"two\" style=\"margin-top: 70px\">\n<p><strong>Julia Schmidt<\/strong><br \/>\nLehrstuhl: Prof. Dr. Simon Forstmeier, Entwicklungspsychologie und Klinische Psychologie der Lebensspanne<br \/>\n<em>Projekt: Pferdegest\u00fctzte Biografiearbeit mit Menschen in der zweiten Lebensh\u00e4lfte (PBA-E)<\/em><\/p>\n<p><a href=\"mailto:info@reittherapie-wittgenstein.de\">info@reittherapie-wittgenstein.de<\/a><\/p>\n<\/div>\n<div id=\"two\" style=\"margin-top: 70px\">\n<p><strong>David Struzek, M.Sc.<\/strong><br \/>\nFakult\u00e4t III, Wirtschaftsinformatik, IT f\u00fcr die alternde Gesellschaft<br \/>\n<em>Projekt: ACI &#8211; Active City Innovation<\/em><\/p>\n<p><a href=\"mailto:david.struzek@uni-siegen.de\">david.struzek@uni-siegen.de<\/a><\/p>\n<\/div>\n<div id=\"two\" style=\"margin-top: 70px\">\n<p><strong>Sarah Zimmermann<\/strong><br \/>\nLehrstuhl: Prof. Dr. Simon Forstmeier, Entwicklungspsychologie und Klinische Psychologie der Lebensspanne<br \/>\n<em>Projekt: Lebensr\u00fcckblicktherapie f\u00fcr Holocaust-\u00dcberlebende (LRT-HS)<\/em><\/p>\n<p><a href=\"mailto:Sarah.Zimmermann@uni-siegen.de\">Sarah.Zimmermann@uni-siegen.de<\/a><\/p>\n<\/div>\n","protected":false},"excerpt":{"rendered":"<p>Sprecher des Netzwerks Prof. Dr. Rainer Br\u00fcck Medizinische Informatik &amp; Mikrosystementwurf Rainer.brueck@uni-siegen.de Prof. Dr. Simon Forstmeier Entwicklungspsychologie Simon.forstmeier@uni-siegen.de Prof. Dr. Julia Haberstroh Lehrstuhl f\u00fcr Psychologische AlternsforschungJulia.Haberstroh@uni-siegen.de Prof. Dr. Claudia M\u00fcller IT f\u00fcr die Alternde Gesellschaft Claudia.mueller@uni-siegen.de Prof. Dr. Bj\u00f6rn Niehaves Wirtschaftsinformatik Bjoern.niehaves@uni-siegen.de Prof. Dr. Christoph Str\u00fcnck Politikwissenschaft, Schwerpunkt Sozialpolitik christoph.struenck@uni-siegen.de Dr.-Ing. Mareike Dornh\u00f6fer Informatik m.dornhoefer@uni-siegen.de &hellip; <\/p>\n<p class=\"link-more\"><a href=\"https:\/\/blogs.uni-siegen.de\/gerontologie-siegen\/gerontologie-netzwerk-siegen\/mitglieder\/\" class=\"more-link\"><span class=\"screen-reader-text\">\u201eMitglieder\u201c <\/span>weiterlesen<\/a><\/p>\n","protected":false},"author":382,"featured_media":0,"parent":2,"menu_order":1,"comment_status":"closed","ping_status":"closed","template":"","meta":{"footnotes":""},"class_list":["post-65","page","type-page","status-publish","hentry"],"_links":{"self":[{"href":"https:\/\/blogs.uni-siegen.de\/gerontologie-siegen\/wp-json\/wp\/v2\/pages\/65","targetHints":{"allow":["GET"]}}],"collection":[{"href":"https:\/\/blogs.uni-siegen.de\/gerontologie-siegen\/wp-json\/wp\/v2\/pages"}],"about":[{"href":"https:\/\/blogs.uni-siegen.de\/gerontologie-siegen\/wp-json\/wp\/v2\/types\/page"}],"author":[{"embeddable":true,"href":"https:\/\/blogs.uni-siegen.de\/gerontologie-siegen\/wp-json\/wp\/v2\/users\/382"}],"replies":[{"embeddable":true,"href":"https:\/\/blogs.uni-siegen.de\/gerontologie-siegen\/wp-json\/wp\/v2\/comments?post=65"}],"version-history":[{"count":91,"href":"https:\/\/blogs.uni-siegen.de\/gerontologie-siegen\/wp-json\/wp\/v2\/pages\/65\/revisions"}],"predecessor-version":[{"id":409,"href":"https:\/\/blogs.uni-siegen.de\/gerontologie-siegen\/wp-json\/wp\/v2\/pages\/65\/revisions\/409"}],"up":[{"embeddable":true,"href":"https:\/\/blogs.uni-siegen.de\/gerontologie-siegen\/wp-json\/wp\/v2\/pages\/2"}],"wp:attachment":[{"href":"https:\/\/blogs.uni-siegen.de\/gerontologie-siegen\/wp-json\/wp\/v2\/media?parent=65"}],"curies":[{"name":"wp","href":"https:\/\/api.w.org\/{rel}","templated":true}]}}