{"id":69,"date":"2019-09-23T22:44:03","date_gmt":"2019-09-23T20:44:03","guid":{"rendered":"http:\/\/blogs.uni-siegen.de\/gerontologie-siegen\/?page_id=69"},"modified":"2019-10-26T18:28:59","modified_gmt":"2019-10-26T16:28:59","slug":"fokos","status":"publish","type":"page","link":"https:\/\/blogs.uni-siegen.de\/gerontologie-siegen\/gerontologie-netzwerk-siegen\/fokos\/","title":{"rendered":"FoKoS"},"content":{"rendered":"<div class=\"wpb_text_column \">\n<div class=\"wpb_wrapper\">\n<h1>Das Forschungs Kolleg Siegen<\/h1>\n<\/div>\n<\/div>\n<div class=\"wpb_text_column \">\n<div class=\"wpb_wrapper\">\n<p>Das Forschungskolleg \u201eZukunft menschlich gestalten\u201c der Universit\u00e4t Siegen basiert auf einer gemeinsamen Initiative der Universit\u00e4t Siegen, des Landes Nordrhein-Westfalen und der Stiftung Zukunft der Sparkasse Siegen. Ziel des Forschungskollegs ist es, innovative und kreative Forschungsarbeiten \u00fcber die Grenzen der einzelnen Disziplinen hinweg zu erschlie\u00dfen. Denn nur wer \u00fcber den Tellerrand der Fach- und Wissensgrenzen schaut, kann einen Beitrag zur L\u00f6sung gesellschaftlicher Herausforderungen leisten, die durch Digitalisierung, Migration oder demografischen Wandel entstehen.<\/p>\n<p>&nbsp;<\/p>\n<\/div>\n<p><a href=\"https:\/\/fokos.de\" target=\"_blank\"><img loading=\"lazy\" decoding=\"async\" src=\"https:\/\/fokos.de\/wp-content\/uploads\/revslider\/testsubjekt\/fokos-logo-png-rgb_indiziert.png\" alt=\"Logo FoKoS\" width=\"150\" height=\"15\" \/><\/a><\/p>\n<\/div>\n","protected":false},"excerpt":{"rendered":"<p>Das Forschungs Kolleg Siegen Das Forschungskolleg \u201eZukunft menschlich gestalten\u201c der Universit\u00e4t Siegen basiert auf einer gemeinsamen Initiative der Universit\u00e4t Siegen, des Landes Nordrhein-Westfalen und der Stiftung Zukunft der Sparkasse Siegen. Ziel des Forschungskollegs ist es, innovative und kreative Forschungsarbeiten \u00fcber die Grenzen der einzelnen Disziplinen hinweg zu erschlie\u00dfen. Denn nur wer \u00fcber den Tellerrand der &hellip; <\/p>\n<p class=\"link-more\"><a href=\"https:\/\/blogs.uni-siegen.de\/gerontologie-siegen\/gerontologie-netzwerk-siegen\/fokos\/\" class=\"more-link\"><span class=\"screen-reader-text\">\u201eFoKoS\u201c <\/span>weiterlesen<\/a><\/p>\n","protected":false},"author":382,"featured_media":0,"parent":2,"menu_order":2,"comment_status":"closed","ping_status":"closed","template":"","meta":{"footnotes":""},"class_list":["post-69","page","type-page","status-publish","hentry"],"_links":{"self":[{"href":"https:\/\/blogs.uni-siegen.de\/gerontologie-siegen\/wp-json\/wp\/v2\/pages\/69","targetHints":{"allow":["GET"]}}],"collection":[{"href":"https:\/\/blogs.uni-siegen.de\/gerontologie-siegen\/wp-json\/wp\/v2\/pages"}],"about":[{"href":"https:\/\/blogs.uni-siegen.de\/gerontologie-siegen\/wp-json\/wp\/v2\/types\/page"}],"author":[{"embeddable":true,"href":"https:\/\/blogs.uni-siegen.de\/gerontologie-siegen\/wp-json\/wp\/v2\/users\/382"}],"replies":[{"embeddable":true,"href":"https:\/\/blogs.uni-siegen.de\/gerontologie-siegen\/wp-json\/wp\/v2\/comments?post=69"}],"version-history":[{"count":6,"href":"https:\/\/blogs.uni-siegen.de\/gerontologie-siegen\/wp-json\/wp\/v2\/pages\/69\/revisions"}],"predecessor-version":[{"id":316,"href":"https:\/\/blogs.uni-siegen.de\/gerontologie-siegen\/wp-json\/wp\/v2\/pages\/69\/revisions\/316"}],"up":[{"embeddable":true,"href":"https:\/\/blogs.uni-siegen.de\/gerontologie-siegen\/wp-json\/wp\/v2\/pages\/2"}],"wp:attachment":[{"href":"https:\/\/blogs.uni-siegen.de\/gerontologie-siegen\/wp-json\/wp\/v2\/media?parent=69"}],"curies":[{"name":"wp","href":"https:\/\/api.w.org\/{rel}","templated":true}]}}

<div class="wpb_text_column ">
<div class="wpb_wrapper">
<h1>Das Forschungs Kolleg Siegen</h1>
</div>
</div>
<div class="wpb_text_column ">
<div class="wpb_wrapper">
<p>Das Forschungskolleg „Zukunft menschlich gestalten“ der Universität Siegen basiert auf einer gemeinsamen Initiative der Universität Siegen, des Landes Nordrhein-Westfalen und der Stiftung Zukunft der Sparkasse Siegen. Ziel des Forschungskollegs ist es, innovative und kreative Forschungsarbeiten über die Grenzen der einzelnen Disziplinen hinweg zu erschließen. Denn nur wer über den Tellerrand der Fach- und Wissensgrenzen schaut, kann einen Beitrag zur Lösung gesellschaftlicher Herausforderungen leisten, die durch Digitalisierung, Migration oder demografischen Wandel entstehen.</p>
<p>&nbsp;</p>
</div>
<p><a href="https://fokos.de" target="_blank"><img loading="lazy" decoding="async" src="https://fokos.de/wp-content/uploads/revslider/testsubjekt/fokos-logo-png-rgb_indiziert.png" alt="Logo FoKoS" width="150" height="15" /></a></p>
</div>

<p>Das Forschungs Kolleg Siegen Das Forschungskolleg „Zukunft menschlich gestalten“ der Universität Siegen basiert auf einer gemeinsamen Initiative der Universität Siegen, des Landes Nordrhein-Westfalen und der Stiftung Zukunft der Sparkasse Siegen. Ziel des Forschungskollegs ist es, innovative und kreative Forschungsarbeiten über die Grenzen der einzelnen Disziplinen hinweg zu erschließen. Denn nur wer über den Tellerrand der &hellip; </p>
<p class="link-more"><a href="https://blogs.uni-siegen.de/gerontologie-siegen/gerontologie-netzwerk-siegen/fokos/" class="more-link"><span class="screen-reader-text">„FoKoS“ </span>weiterlesen</a></p>
