{"id":2,"date":"2020-09-21T08:58:05","date_gmt":"2020-09-21T06:58:05","guid":{"rendered":"https:\/\/blogs.uni-siegen.de\/haw-heimerziehung\/?page_id=2"},"modified":"2025-10-02T09:19:12","modified_gmt":"2025-10-02T07:19:12","slug":"ueber-die-ag","status":"publish","type":"page","link":"https:\/\/blogs.uni-siegen.de\/haw-Forschung-stationaere-Kinder-und-Jugendhilfe\/ueber-die-ag\/","title":{"rendered":"\u00dcber die AG"},"content":{"rendered":"<p class=\"s9\"><strong><span class=\"s8\"><span class=\"bumpedFont15\">Arbeitsgruppe<\/span><\/span> <span class=\"s3\"><span class=\"bumpedFont15\">Forschung<\/span><\/span><span class=\"s3\"><span class=\"bumpedFont15\">\u00a0<\/span><\/span><span class=\"s3\"><span class=\"bumpedFont15\">station\u00e4re Kinder- und Jugendhilfe<\/span><\/span><\/strong><\/p>\n<p class=\"s12\"><span class=\"s11\"><span class=\"bumpedFont15\">Die Arbeitsgruppe <\/span><\/span><span class=\"s11\"><span class=\"bumpedFont15\">Forschung <\/span><\/span><span class=\"s11\"><span class=\"bumpedFont15\">station\u00e4re Kinder- und Jugendhilfe<\/span><\/span><span class=\"s11\"><span class=\"bumpedFont15\"> wurde 2020 gegr\u00fcndet als ein kooperativer Verbund von Wissenschaftler:innen der HAW Hamburg, Dpt. Soziale Arbeit und der Sozialp\u00e4dagogik der Universit\u00e4t Siegen. Die Arbeitsgruppe widmet sich der gemeinsamen Planung und Durchf\u00fchrung von Forschungsprojekten, der Veranstaltung von Fachtagungen und Konferenzen und der Publikation von wissenschaftlichen Erkenntnissen und fach- wie sozialpolitischen Perspektiven auf das Feld der station\u00e4ren Hilfen zur Erziehung.<\/span><\/span><\/p>\n<p class=\"s12\"><span class=\"s11\"><span class=\"bumpedFont15\">Die <\/span><\/span><span class=\"s11\"><span class=\"bumpedFont15\">station\u00e4re Kinder- und Jugendhilfe<\/span><\/span><span class=\"s11\"><span class=\"bumpedFont15\"> ist einer der Kernbereiche der Kinder- und Jugendhilfe mit hoher Eingriffsintensit\u00e4t und intensiver Betreuung. Der derzeitige Forschungsstand zeigt, dass es zahlreiche Konflikte, Reformbedarfe und -\u00fcberlegungen in diesem Feld gibt. Die Arbeitsgruppe widmet sich den aktuellen Themen und (sozialpolitisch bedingten) Dynamiken des Feldes. Auf der Basis wissenschaftlicher Erkenntnisse sollen Entwicklungen angesto\u00dfen werden, die im Interesse der betroffenen Kinder- und Jugendlichen, aber auch der Besch\u00e4ftigten sind. Diese Themen umfassen derzeit:<\/span><\/span><\/p>\n<ul>\n<li class=\"s14\"><span class=\"s11\"><span class=\"bumpedFont15\">Interessenvertretung junger Menschen aus der <\/span><\/span><span class=\"s11\"><span class=\"bumpedFont15\">station\u00e4re<\/span><\/span><span class=\"s11\"><span class=\"bumpedFont15\">n<\/span><\/span><span class=\"s11\"><span class=\"bumpedFont15\">Kinder- und Jugendhilfe<\/span><\/span><\/li>\n<li class=\"s14\"><span class=\"s11\"><span class=\"bumpedFont15\">Disziplinierung als kritisch zu betrachtendes Erziehungsmittel der <\/span><\/span><span class=\"s11\"><span class=\"bumpedFont15\">station\u00e4ren Kinder- und Jugendhilfe<\/span><\/span><\/li>\n<li class=\"s14\"><span class=\"s11\"><span class=\"bumpedFont15\">Diskriminierung und Kriminalisierung von jungen Menschen in der <\/span><\/span><span class=\"s11\"><span class=\"bumpedFont15\">station\u00e4ren Kinder- und Jugendhilfe<\/span><\/span><\/li>\n<li class=\"s14\"><span class=\"s11\"><span class=\"bumpedFont15\">Bildungsbenachteiligung von jungen Menschen in der <\/span><\/span><span class=\"s11\"><span class=\"bumpedFont15\">station\u00e4ren Kinder- und Jugendhilfe<\/span><\/span><\/li>\n<li class=\"s14\"><span class=\"s11\"><span class=\"bumpedFont15\">Spezialisierung und Privatisierung der Organisationen der <\/span><\/span><span class=\"s11\"><span class=\"bumpedFont15\">station\u00e4ren Kinder- und Jugendhilfe<\/span><\/span><\/li>\n<li class=\"s14\"><span class=\"s11\"><span class=\"bumpedFont15\">Wirkungsorientierte Steuerung in der Kinder- und Jugendhilfe<\/span><\/span><\/li>\n<\/ul>\n<div><\/div>\n<div class=\"s14\"><span class=\"s11\"><span class=\"bumpedFont15\">Diese Themen werden sowohl in Form von Grundlagen- als auch Praxisforschung mit einer Bandbreite an qualitativen und quantitativen Methoden der Sozialforschung bearbeitet. Die grunds\u00e4tzliche Forschungsorientierung der Arbeitsgruppe ist partizipativ und <\/span><\/span><span class=\"s11\"><span class=\"bumpedFont15\">nutzer:innenorientiert<\/span><\/span><span class=\"s11\"><span class=\"bumpedFont15\">. In diesem Rahmen, aber auch im Kontext von sozialarbeitspolitischen T\u00e4tigkeiten, wird ein engmaschiger Dialog zwischen Wissenschaft und Praxis bef\u00f6rdert.<\/span><\/span><\/div>\n","protected":false},"excerpt":{"rendered":"<p>Arbeitsgruppe Forschung\u00a0station\u00e4re Kinder- und Jugendhilfe Die Arbeitsgruppe Forschung station\u00e4re Kinder- und Jugendhilfe wurde 2020 gegr\u00fcndet als ein kooperativer Verbund von Wissenschaftler:innen der HAW Hamburg, Dpt. Soziale Arbeit und der Sozialp\u00e4dagogik der Universit\u00e4t Siegen. Die Arbeitsgruppe widmet sich der gemeinsamen Planung &hellip; <a href=\"https:\/\/blogs.uni-siegen.de\/haw-Forschung-stationaere-Kinder-und-Jugendhilfe\/ueber-die-ag\/\">Weiterlesen <span class=\"meta-nav\">&rarr;<\/span><\/a><\/p>\n","protected":false},"author":439,"featured_media":0,"parent":0,"menu_order":10,"comment_status":"closed","ping_status":"closed","template":"","meta":{"footnotes":""},"class_list":["post-2","page","type-page","status-publish","hentry"],"_links":{"self":[{"href":"https:\/\/blogs.uni-siegen.de\/haw-Forschung-stationaere-Kinder-und-Jugendhilfe\/wp-json\/wp\/v2\/pages\/2","targetHints":{"allow":["GET"]}}],"collection":[{"href":"https:\/\/blogs.uni-siegen.de\/haw-Forschung-stationaere-Kinder-und-Jugendhilfe\/wp-json\/wp\/v2\/pages"}],"about":[{"href":"https:\/\/blogs.uni-siegen.de\/haw-Forschung-stationaere-Kinder-und-Jugendhilfe\/wp-json\/wp\/v2\/types\/page"}],"author":[{"embeddable":true,"href":"https:\/\/blogs.uni-siegen.de\/haw-Forschung-stationaere-Kinder-und-Jugendhilfe\/wp-json\/wp\/v2\/users\/439"}],"replies":[{"embeddable":true,"href":"https:\/\/blogs.uni-siegen.de\/haw-Forschung-stationaere-Kinder-und-Jugendhilfe\/wp-json\/wp\/v2\/comments?post=2"}],"version-history":[{"count":16,"href":"https:\/\/blogs.uni-siegen.de\/haw-Forschung-stationaere-Kinder-und-Jugendhilfe\/wp-json\/wp\/v2\/pages\/2\/revisions"}],"predecessor-version":[{"id":366,"href":"https:\/\/blogs.uni-siegen.de\/haw-Forschung-stationaere-Kinder-und-Jugendhilfe\/wp-json\/wp\/v2\/pages\/2\/revisions\/366"}],"wp:attachment":[{"href":"https:\/\/blogs.uni-siegen.de\/haw-Forschung-stationaere-Kinder-und-Jugendhilfe\/wp-json\/wp\/v2\/media?parent=2"}],"curies":[{"name":"wp","href":"https:\/\/api.w.org\/{rel}","templated":true}]}}

Über die AG

<p class="s9"><strong><span class="s8"><span class="bumpedFont15">Arbeitsgruppe</span></span> <span class="s3"><span class="bumpedFont15">Forschung</span></span><span class="s3"><span class="bumpedFont15"> </span></span><span class="s3"><span class="bumpedFont15">stationäre Kinder- und Jugendhilfe</span></span></strong></p>
<p class="s12"><span class="s11"><span class="bumpedFont15">Die Arbeitsgruppe </span></span><span class="s11"><span class="bumpedFont15">Forschung </span></span><span class="s11"><span class="bumpedFont15">stationäre Kinder- und Jugendhilfe</span></span><span class="s11"><span class="bumpedFont15"> wurde 2020 gegründet als ein kooperativer Verbund von Wissenschaftler:innen der HAW Hamburg, Dpt. Soziale Arbeit und der Sozialpädagogik der Universität Siegen. Die Arbeitsgruppe widmet sich der gemeinsamen Planung und Durchführung von Forschungsprojekten, der Veranstaltung von Fachtagungen und Konferenzen und der Publikation von wissenschaftlichen Erkenntnissen und fach- wie sozialpolitischen Perspektiven auf das Feld der stationären Hilfen zur Erziehung.</span></span></p>
<p class="s12"><span class="s11"><span class="bumpedFont15">Die </span></span><span class="s11"><span class="bumpedFont15">stationäre Kinder- und Jugendhilfe</span></span><span class="s11"><span class="bumpedFont15"> ist einer der Kernbereiche der Kinder- und Jugendhilfe mit hoher Eingriffsintensität und intensiver Betreuung. Der derzeitige Forschungsstand zeigt, dass es zahlreiche Konflikte, Reformbedarfe und -überlegungen in diesem Feld gibt. Die Arbeitsgruppe widmet sich den aktuellen Themen und (sozialpolitisch bedingten) Dynamiken des Feldes. Auf der Basis wissenschaftlicher Erkenntnisse sollen Entwicklungen angestoßen werden, die im Interesse der betroffenen Kinder- und Jugendlichen, aber auch der Beschäftigten sind. Diese Themen umfassen derzeit:</span></span></p>
<ul>
<li class="s14"><span class="s11"><span class="bumpedFont15">Interessenvertretung junger Menschen aus der </span></span><span class="s11"><span class="bumpedFont15">stationäre</span></span><span class="s11"><span class="bumpedFont15">n</span></span><span class="s11"><span class="bumpedFont15">Kinder- und Jugendhilfe</span></span></li>
<li class="s14"><span class="s11"><span class="bumpedFont15">Disziplinierung als kritisch zu betrachtendes Erziehungsmittel der </span></span><span class="s11"><span class="bumpedFont15">stationären Kinder- und Jugendhilfe</span></span></li>
<li class="s14"><span class="s11"><span class="bumpedFont15">Diskriminierung und Kriminalisierung von jungen Menschen in der </span></span><span class="s11"><span class="bumpedFont15">stationären Kinder- und Jugendhilfe</span></span></li>
<li class="s14"><span class="s11"><span class="bumpedFont15">Bildungsbenachteiligung von jungen Menschen in der </span></span><span class="s11"><span class="bumpedFont15">stationären Kinder- und Jugendhilfe</span></span></li>
<li class="s14"><span class="s11"><span class="bumpedFont15">Spezialisierung und Privatisierung der Organisationen der </span></span><span class="s11"><span class="bumpedFont15">stationären Kinder- und Jugendhilfe</span></span></li>
<li class="s14"><span class="s11"><span class="bumpedFont15">Wirkungsorientierte Steuerung in der Kinder- und Jugendhilfe</span></span></li>
</ul>
<div></div>
<div class="s14"><span class="s11"><span class="bumpedFont15">Diese Themen werden sowohl in Form von Grundlagen- als auch Praxisforschung mit einer Bandbreite an qualitativen und quantitativen Methoden der Sozialforschung bearbeitet. Die grundsätzliche Forschungsorientierung der Arbeitsgruppe ist partizipativ und </span></span><span class="s11"><span class="bumpedFont15">nutzer:innenorientiert</span></span><span class="s11"><span class="bumpedFont15">. In diesem Rahmen, aber auch im Kontext von sozialarbeitspolitischen Tätigkeiten, wird ein engmaschiger Dialog zwischen Wissenschaft und Praxis befördert.</span></span></div>

<p>Arbeitsgruppe Forschung stationäre Kinder- und Jugendhilfe Die Arbeitsgruppe Forschung stationäre Kinder- und Jugendhilfe wurde 2020 gegründet als ein kooperativer Verbund von Wissenschaftler:innen der HAW Hamburg, Dpt. Soziale Arbeit und der Sozialpädagogik der Universität Siegen. Die Arbeitsgruppe widmet sich der gemeinsamen Planung &hellip; <a href="https://blogs.uni-siegen.de/haw-Forschung-stationaere-Kinder-und-Jugendhilfe/ueber-die-ag/">Weiterlesen <span class="meta-nav">&rarr;</span></a></p>
