{"id":306,"date":"2025-05-07T14:58:02","date_gmt":"2025-05-07T12:58:02","guid":{"rendered":"https:\/\/blogs.uni-siegen.de\/haw-heimerziehung\/?page_id=306"},"modified":"2025-09-10T08:45:22","modified_gmt":"2025-09-10T06:45:22","slug":"vortraege","status":"publish","type":"page","link":"https:\/\/blogs.uni-siegen.de\/haw-Forschung-stationaere-Kinder-und-Jugendhilfe\/vortraege\/","title":{"rendered":"Vortr\u00e4ge"},"content":{"rendered":"<p>03.09.2025<\/p>\n<p><strong>&#8222;The involvement of the police by young people in residential youth care &#8211; Between overpolicing and underprotection&#8220;\u00a0<\/strong><\/p>\n<p><em>Moana Kahrmann<\/em><\/p>\n<p>Vortrag auf der TiSSA 2025<\/p>\n<p><a href=\"https:\/\/www.tissa.net\/en\">https:\/\/www.tissa.net\/en<\/a><\/p>\n<p>&nbsp;<\/p>\n<p>04.07.2025<\/p>\n<p><strong>&#8222;Polizei als Partnerin der Heimerziehung?\u00a0Polizeierfahrungen junger Menschen aus Wohngruppen der Hilfen zu Erziehung&#8220;<\/strong><\/p>\n<p><em>Zo\u00eb Clark, Moana Kahrmann<\/em><\/p>\n<p>Vortrag im Rahmen der Empirie-AG der DGfE \u00a0(Deutsche Gesellschaft f\u00fcr Erziehungswissenschaft)<\/p>\n<p><a href=\"https:\/\/www.dgfe.de\/fileadmin\/OrdnerRedakteure\/Sektionen\/Sek08_SozPaed\/KSozPaed\/2025_Programm_EmpirieAG_Methodenworkshops_final.pdf\">https:\/\/www.dgfe.de\/fileadmin\/OrdnerRedakteure\/Sektionen\/Sek08_SozPaed\/KSozPaed\/2025_Programm_EmpirieAG_Methodenworkshops_final.pdf<\/a><\/p>\n<p>&nbsp;<\/p>\n<p>20.03.2025<\/p>\n<p><b>&#8222;Legitimationsdruck junger Menschen mit Fluchterfahrung &#8211; Zwischenergebnisse aus dem Projekt &#8222;Polizei als Partnerin der Heimerziehung&#8220;\u201c<\/b><\/p>\n<p><em>Jonas Kohlschmidt\u00a0<\/em><\/p>\n<p>Vortrag im Rahmen der Tagung der ZiF-Arbeitsgemeinschaft \u201eErz\u00e4hlungen (in) der Kriminologie\u201c, Bielefeld<\/p>\n<p><a href=\"https:\/\/giwk.de\/tagung-der-zif-arbeitsgemeinschaft-erzaehlungen-in-der-kriminologie-20-21-03-2025-bielefeld\/\">https:\/\/giwk.de\/<\/a><\/p>\n<p>&nbsp;<\/p>\n<p>22.01.2025<\/p>\n<p><strong>\u201ePolizei als Partnerin der Heimerziehung? Aktueller Stand und erste Zwischenergebnisse\u201c<\/strong><\/p>\n<p><em>Jonas Kohlschmidt, Moana Kahrmann<\/em><\/p>\n<p>Im Rahmen des Mastersalons des Departments Soziale Arbeit der HAW Hamburg wurden Ergebnisse der qualitativen Untersuchung vorgestellt. Anschlie\u00dfend wurde ein Gespr\u00e4ch dar\u00fcber gef\u00fchrt, welche Bedeutungen diese f\u00fcr die Profession und Disziplin Sozialer Arbeit haben.<\/p>\n<p>&nbsp;<\/p>\n<p>27.11.2024<\/p>\n<p><strong>\u201ePolizei als Partnerin der Heimerziehung? Aktueller Stand und erste Zwischenergebnisse\u201c<\/strong><\/p>\n<p><em>Tilman Lutz, Jonas Kohlschmidt, Moana Kahrmann<\/em><\/p>\n<p>Im Rahmen der Projektwoche des Departments Soziale Arbeit der HAW Hamburg wurden in einem Vortrag erste Ergebnisse aus dem Forschungsprojekt HeiP pr\u00e4sentiert. Die anschlie\u00dfende Diskussion lieferte spannende Anregungen.<\/p>\n<p><a href=\"https:\/\/www.hslu.ch\/de-ch\/soziale-arbeit\/agenda\/veranstaltungen\/2025\/09\/11\/tagung-zwang-und-zwangskontext-in-der-sa\/\">https:\/\/www.hslu.ch\/de-ch\/soziale-arbeit\/agenda\/veranstaltungen\/2025\/09\/11\/tagung-zwang-und-zwangskontext-in-der-sa\/<\/a><\/p>\n<p>&nbsp;<\/p>\n<p>04.10.2024<\/p>\n<p><strong>\u201eThe Journeys of Crime Concepts into Youth Welfare Services\u201c<\/strong><\/p>\n<p><em>Zo\u00eb Clark<\/em><\/p>\n<p>Vortrag im Rahmen der Tagung \u201eCrime as a process \u2013 Insights into the Dynamics of a Travelling Concept\u201c.<\/p>\n<p><a href=\"https:\/\/www.uni-siegen.de\/bak\/crimestudies\/files\/conference_schedule.pdf\">https:\/\/www.uni-siegen.de\/bak\/crimestudies\/files\/conference_schedule.pdf<\/a><\/p>\n<p>&nbsp;<\/p>\n<p>10.01.2024<\/p>\n<p><strong>\u201ePolice as partners in residential youth care? The professional design of\u00a0 the relationship between residential youth care and police in Germany\u201c<\/strong><\/p>\n<p><em>Fabian Fritz und Jonas Kohlschmidt<\/em><\/p>\n<p>Vortrag beim ESWRA online seminar \u201eResearching Social Work, Crime and\u00a0 Criminal Justice\u201c<\/p>\n<p>&nbsp;<\/p>\n<div class=\"video-label\">\n<p>06.10.2023<\/p>\n<p><strong>Fachtag &#8222;Wer bestimmt was und wie?&#8220; Selbstorganisation und Interessenvertretung von Adressat:innen und Besch\u00e4ftigten der Heimerziehung<\/strong> ESA O 221, Universit\u00e4t Hamburg<\/p>\n<\/div>\n<div><\/div>\n<div><\/div>\n<p>&nbsp;<\/p>\n<h2 class=\"video-title\"><a href=\"https:\/\/lecture2go.uni-hamburg.de\/l2go\/-\/get\/v\/67497\">Begr\u00fc\u00dfung Projektleitung Uni Hamburg<\/a><\/h2>\n<div class=\"allcreators\"><a href=\"https:\/\/lecture2go.uni-hamburg.de\/web\/vod\/l2go\/-\/get\/0\/0\/0\/14447\/0\/0\/0\/0\/0\/\">Prof. Dr. Wolfgang Menz<\/a><\/div>\n<p>&nbsp;<\/p>\n<div><\/div>\n<div><\/div>\n<h2 class=\"video-title\"><a href=\"https:\/\/lecture2go.uni-hamburg.de\/l2go\/-\/get\/v\/67498\">Begr\u00fc\u00dfung Projektleitung Uni Siegen<\/a><\/h2>\n<div class=\"allcreators\"><a href=\"https:\/\/lecture2go.uni-hamburg.de\/web\/vod\/l2go\/-\/get\/0\/0\/0\/19003\/0\/0\/0\/0\/0\/\">Prof.\u2019in Dr.\u2019in Zo\u00eb Clark<\/a><\/div>\n<div><\/div>\n<p>&nbsp;<\/p>\n<div><\/div>\n<h2 class=\"video-title\"><a href=\"https:\/\/lecture2go.uni-hamburg.de\/l2go\/-\/get\/v\/67499\">Selbstvertretung junger Menschen in der Kinder- und Jugendhilfe aus Sicht des Careleaver e.V.<\/a><\/h2>\n<div class=\"allcreators\"><a href=\"https:\/\/lecture2go.uni-hamburg.de\/web\/vod\/l2go\/-\/get\/0\/0\/0\/19004\/0\/0\/0\/0\/0\/\">Laura Br\u00fcchle<\/a><\/div>\n<div><\/div>\n<p>&nbsp;<\/p>\n<div><\/div>\n<h2 class=\"video-title\"><a href=\"https:\/\/lecture2go.uni-hamburg.de\/l2go\/-\/get\/v\/67501\">Arbeitsbedingungen in der station\u00e4ren Kinder- und Jugendhilfe zwischen \u00d6konomisierung und Professionalisierung<\/a><\/h2>\n<div class=\"allcreators\"><a href=\"https:\/\/lecture2go.uni-hamburg.de\/web\/vod\/l2go\/-\/get\/0\/0\/0\/19005\/0\/0\/0\/0\/0\/\">Lukas Underwood<\/a>, <a href=\"https:\/\/lecture2go.uni-hamburg.de\/web\/vod\/l2go\/-\/get\/0\/0\/0\/14447\/0\/0\/0\/0\/0\/\">Prof. Dr. Wolfgang Menz<\/a><\/div>\n<p>&nbsp;<\/p>\n<h2 class=\"video-title\"><a href=\"https:\/\/lecture2go.uni-hamburg.de\/l2go\/-\/get\/v\/67502\">Teilhabe in Wohngruppen: Eine Untersuchung struktureller und kultureller Einflussfaktoren<\/a><\/h2>\n<div class=\"allcreators\"><a href=\"https:\/\/lecture2go.uni-hamburg.de\/web\/vod\/l2go\/-\/get\/0\/0\/0\/19006\/0\/0\/0\/0\/0\/\">Arne Wohlfarth<\/a><\/div>\n<div><\/div>\n<p>&nbsp;<\/p>\n<div><\/div>\n<h2 class=\"video-title\"><a href=\"https:\/\/lecture2go.uni-hamburg.de\/l2go\/-\/get\/v\/67537\">Selbstorganisation \u2013 Herausforderungen f\u00fcr die Heimerziehung<\/a><\/h2>\n<div class=\"allcreators\"><a href=\"https:\/\/lecture2go.uni-hamburg.de\/web\/vod\/l2go\/-\/get\/0\/0\/0\/19003\/0\/0\/0\/0\/0\/\">Prof.\u2019in Dr.\u2019in Zo\u00eb Clark<\/a><\/div>\n<p>&nbsp;<\/p>\n","protected":false},"excerpt":{"rendered":"<p>03.09.2025 &#8222;The involvement of the police by young people in residential youth care &#8211; Between overpolicing and underprotection&#8220;\u00a0 Moana Kahrmann Vortrag auf der TiSSA 2025 https:\/\/www.tissa.net\/en &nbsp; 04.07.2025 &#8222;Polizei als Partnerin der Heimerziehung?\u00a0Polizeierfahrungen junger Menschen aus Wohngruppen der Hilfen zu &hellip; <a href=\"https:\/\/blogs.uni-siegen.de\/haw-Forschung-stationaere-Kinder-und-Jugendhilfe\/vortraege\/\">Weiterlesen <span class=\"meta-nav\">&rarr;<\/span><\/a><\/p>\n","protected":false},"author":657,"featured_media":0,"parent":0,"menu_order":0,"comment_status":"closed","ping_status":"closed","template":"","meta":{"footnotes":""},"class_list":["post-306","page","type-page","status-publish","hentry"],"_links":{"self":[{"href":"https:\/\/blogs.uni-siegen.de\/haw-Forschung-stationaere-Kinder-und-Jugendhilfe\/wp-json\/wp\/v2\/pages\/306","targetHints":{"allow":["GET"]}}],"collection":[{"href":"https:\/\/blogs.uni-siegen.de\/haw-Forschung-stationaere-Kinder-und-Jugendhilfe\/wp-json\/wp\/v2\/pages"}],"about":[{"href":"https:\/\/blogs.uni-siegen.de\/haw-Forschung-stationaere-Kinder-und-Jugendhilfe\/wp-json\/wp\/v2\/types\/page"}],"author":[{"embeddable":true,"href":"https:\/\/blogs.uni-siegen.de\/haw-Forschung-stationaere-Kinder-und-Jugendhilfe\/wp-json\/wp\/v2\/users\/657"}],"replies":[{"embeddable":true,"href":"https:\/\/blogs.uni-siegen.de\/haw-Forschung-stationaere-Kinder-und-Jugendhilfe\/wp-json\/wp\/v2\/comments?post=306"}],"version-history":[{"count":19,"href":"https:\/\/blogs.uni-siegen.de\/haw-Forschung-stationaere-Kinder-und-Jugendhilfe\/wp-json\/wp\/v2\/pages\/306\/revisions"}],"predecessor-version":[{"id":353,"href":"https:\/\/blogs.uni-siegen.de\/haw-Forschung-stationaere-Kinder-und-Jugendhilfe\/wp-json\/wp\/v2\/pages\/306\/revisions\/353"}],"wp:attachment":[{"href":"https:\/\/blogs.uni-siegen.de\/haw-Forschung-stationaere-Kinder-und-Jugendhilfe\/wp-json\/wp\/v2\/media?parent=306"}],"curies":[{"name":"wp","href":"https:\/\/api.w.org\/{rel}","templated":true}]}}

Vorträge

<p>03.09.2025</p>
<p><strong>&#8222;The involvement of the police by young people in residential youth care &#8211; Between overpolicing and underprotection&#8220; </strong></p>
<p><em>Moana Kahrmann</em></p>
<p>Vortrag auf der TiSSA 2025</p>
<p><a href="https://www.tissa.net/en">https://www.tissa.net/en</a></p>
<p>&nbsp;</p>
<p>04.07.2025</p>
<p><strong>&#8222;Polizei als Partnerin der Heimerziehung? Polizeierfahrungen junger Menschen aus Wohngruppen der Hilfen zu Erziehung&#8220;</strong></p>
<p><em>Zoë Clark, Moana Kahrmann</em></p>
<p>Vortrag im Rahmen der Empirie-AG der DGfE  (Deutsche Gesellschaft für Erziehungswissenschaft)</p>
<p><a href="https://www.dgfe.de/fileadmin/OrdnerRedakteure/Sektionen/Sek08_SozPaed/KSozPaed/2025_Programm_EmpirieAG_Methodenworkshops_final.pdf">https://www.dgfe.de/fileadmin/OrdnerRedakteure/Sektionen/Sek08_SozPaed/KSozPaed/2025_Programm_EmpirieAG_Methodenworkshops_final.pdf</a></p>
<p>&nbsp;</p>
<p>20.03.2025</p>
<p><b>&#8222;Legitimationsdruck junger Menschen mit Fluchterfahrung &#8211; Zwischenergebnisse aus dem Projekt &#8222;Polizei als Partnerin der Heimerziehung&#8220;“</b></p>
<p><em>Jonas Kohlschmidt </em></p>
<p>Vortrag im Rahmen der Tagung der ZiF-Arbeitsgemeinschaft „Erzählungen (in) der Kriminologie“, Bielefeld</p>
<p><a href="https://giwk.de/tagung-der-zif-arbeitsgemeinschaft-erzaehlungen-in-der-kriminologie-20-21-03-2025-bielefeld/">https://giwk.de/</a></p>
<p>&nbsp;</p>
<p>22.01.2025</p>
<p><strong>„Polizei als Partnerin der Heimerziehung? Aktueller Stand und erste Zwischenergebnisse“</strong></p>
<p><em>Jonas Kohlschmidt, Moana Kahrmann</em></p>
<p>Im Rahmen des Mastersalons des Departments Soziale Arbeit der HAW Hamburg wurden Ergebnisse der qualitativen Untersuchung vorgestellt. Anschließend wurde ein Gespräch darüber geführt, welche Bedeutungen diese für die Profession und Disziplin Sozialer Arbeit haben.</p>
<p>&nbsp;</p>
<p>27.11.2024</p>
<p><strong>„Polizei als Partnerin der Heimerziehung? Aktueller Stand und erste Zwischenergebnisse“</strong></p>
<p><em>Tilman Lutz, Jonas Kohlschmidt, Moana Kahrmann</em></p>
<p>Im Rahmen der Projektwoche des Departments Soziale Arbeit der HAW Hamburg wurden in einem Vortrag erste Ergebnisse aus dem Forschungsprojekt HeiP präsentiert. Die anschließende Diskussion lieferte spannende Anregungen.</p>
<p><a href="https://www.hslu.ch/de-ch/soziale-arbeit/agenda/veranstaltungen/2025/09/11/tagung-zwang-und-zwangskontext-in-der-sa/">https://www.hslu.ch/de-ch/soziale-arbeit/agenda/veranstaltungen/2025/09/11/tagung-zwang-und-zwangskontext-in-der-sa/</a></p>
<p>&nbsp;</p>
<p>04.10.2024</p>
<p><strong>„The Journeys of Crime Concepts into Youth Welfare Services“</strong></p>
<p><em>Zoë Clark</em></p>
<p>Vortrag im Rahmen der Tagung „Crime as a process – Insights into the Dynamics of a Travelling Concept“.</p>
<p><a href="https://www.uni-siegen.de/bak/crimestudies/files/conference_schedule.pdf">https://www.uni-siegen.de/bak/crimestudies/files/conference_schedule.pdf</a></p>
<p>&nbsp;</p>
<p>10.01.2024</p>
<p><strong>„Police as partners in residential youth care? The professional design of  the relationship between residential youth care and police in Germany“</strong></p>
<p><em>Fabian Fritz und Jonas Kohlschmidt</em></p>
<p>Vortrag beim ESWRA online seminar „Researching Social Work, Crime and  Criminal Justice“</p>
<p>&nbsp;</p>
<div class="video-label">
<p>06.10.2023</p>
<p><strong>Fachtag &#8222;Wer bestimmt was und wie?&#8220; Selbstorganisation und Interessenvertretung von Adressat:innen und Beschäftigten der Heimerziehung</strong> ESA O 221, Universität Hamburg</p>
</div>
<div></div>
<div></div>
<p>&nbsp;</p>
<h2 class="video-title"><a href="https://lecture2go.uni-hamburg.de/l2go/-/get/v/67497">Begrüßung Projektleitung Uni Hamburg</a></h2>
<div class="allcreators"><a href="https://lecture2go.uni-hamburg.de/web/vod/l2go/-/get/0/0/0/14447/0/0/0/0/0/">Prof. Dr. Wolfgang Menz</a></div>
<p>&nbsp;</p>
<div></div>
<div></div>
<h2 class="video-title"><a href="https://lecture2go.uni-hamburg.de/l2go/-/get/v/67498">Begrüßung Projektleitung Uni Siegen</a></h2>
<div class="allcreators"><a href="https://lecture2go.uni-hamburg.de/web/vod/l2go/-/get/0/0/0/19003/0/0/0/0/0/">Prof.’in Dr.’in Zoë Clark</a></div>
<div></div>
<p>&nbsp;</p>
<div></div>
<h2 class="video-title"><a href="https://lecture2go.uni-hamburg.de/l2go/-/get/v/67499">Selbstvertretung junger Menschen in der Kinder- und Jugendhilfe aus Sicht des Careleaver e.V.</a></h2>
<div class="allcreators"><a href="https://lecture2go.uni-hamburg.de/web/vod/l2go/-/get/0/0/0/19004/0/0/0/0/0/">Laura Brüchle</a></div>
<div></div>
<p>&nbsp;</p>
<div></div>
<h2 class="video-title"><a href="https://lecture2go.uni-hamburg.de/l2go/-/get/v/67501">Arbeitsbedingungen in der stationären Kinder- und Jugendhilfe zwischen Ökonomisierung und Professionalisierung</a></h2>
<div class="allcreators"><a href="https://lecture2go.uni-hamburg.de/web/vod/l2go/-/get/0/0/0/19005/0/0/0/0/0/">Lukas Underwood</a>, <a href="https://lecture2go.uni-hamburg.de/web/vod/l2go/-/get/0/0/0/14447/0/0/0/0/0/">Prof. Dr. Wolfgang Menz</a></div>
<p>&nbsp;</p>
<h2 class="video-title"><a href="https://lecture2go.uni-hamburg.de/l2go/-/get/v/67502">Teilhabe in Wohngruppen: Eine Untersuchung struktureller und kultureller Einflussfaktoren</a></h2>
<div class="allcreators"><a href="https://lecture2go.uni-hamburg.de/web/vod/l2go/-/get/0/0/0/19006/0/0/0/0/0/">Arne Wohlfarth</a></div>
<div></div>
<p>&nbsp;</p>
<div></div>
<h2 class="video-title"><a href="https://lecture2go.uni-hamburg.de/l2go/-/get/v/67537">Selbstorganisation – Herausforderungen für die Heimerziehung</a></h2>
<div class="allcreators"><a href="https://lecture2go.uni-hamburg.de/web/vod/l2go/-/get/0/0/0/19003/0/0/0/0/0/">Prof.’in Dr.’in Zoë Clark</a></div>
<p>&nbsp;</p>
