{"id":7,"date":"2010-05-08T14:52:14","date_gmt":"2010-05-08T14:52:14","guid":{"rendered":"http:\/\/localhost\/wordpress\/?page_id=3"},"modified":"2015-01-15T12:15:35","modified_gmt":"2015-01-15T10:15:35","slug":"einfuehrung","status":"publish","type":"page","link":"https:\/\/blogs.uni-siegen.de\/medienethik\/einfuehrung\/","title":{"rendered":"Herzlich Willkommen auf der Website Medienethik!"},"content":{"rendered":"<p><strong>\u00dcber diese Website<\/strong><\/p>\n<p>Sie finden hier Fachbeitr\u00e4ge und wissenschaftliche Abhandlungen sowie studentische Arbeiten \u2013 Pr\u00e4sentationen und Kommentare \u2013, die im Rahmen von Veranstaltungen an der Universit\u00e4t Siegen entstanden sind. Die hier pr\u00e4sentierten Texte und Kommentare beziehen sich sowohl auf theoretische Reflexionen als auch auf praktische Anwen-dungsbereiche der Medienethik.<br \/>\nDie theoretischen Reflexionen bieten neben einer ersten Einf\u00fchrung zu Ethischen Problemen des Mediendiskurses auch Audiobeitr\u00e4ge zur Medienethik. Au\u00dferdem finden Sie dort Beitr\u00e4ge zu philosophischen Ans\u00e4tzen ethischer Theoriebildung so u. a. zu den Konzepten von Kant, Mill, Weber, Horkheimer, Habermas und Luhmann.<br \/>\nZugleich werden die normativen Legitimationsstrategien und Begr\u00fcn-dungsrituale der Akteure im Mediensystem diskutiert \u2013 so zum Beispiel diejenigen von Institutionen der Medienselbstkontrolle (FSF, FSK, Werberat, Pressserat u.a), unterschiedliche journalistische Medienethiken sowie Ans\u00e4tze der Film-, oder Netzethik.<br \/>\nDie praktischen Fragen der Medienethik konzentrieren sich neben den im medialen Diskurs verankerten vier Hauptdebatten zu Gewalt, Sexualit\u00e4t, \u00d6ffentlichkeit\/Privatheit und Zensur auf Aspekte wie die Rolle der Medienethik in der Werbung.<br \/>\nDar\u00fcber hinaus finden Sie unter Aktuelles Beitr\u00e4ge und Informationen zu akuten Fragen der Medienethik. Eine Zusammenstellung relevanter Publikationen zu diesen Forschungsfeldern wird unter der Rubrik Literatur bereitgestellt.<\/p>\n<p><strong>Der Gegenstand <\/strong><\/p>\n<p>Ethik als philosophische Disziplin ist eine reflexive, den Anforderungen an wissenschaftliche Theoriebildung entsprechende Auseinander-setzung mit normativen Strukturen bzw. gesellschaftlichen Handlungsnormen, die diese, je nach theoretischem Bezugspunkt, zu analysieren, beschreiben oder begr\u00fcnden versucht. Medienethik ist demzufolge eine Bereichsethik, welche den Versuch einer Beschreibung und Analyse normativ geleiteten Handelns im Mediensystem unternimmt und dessen Auswirkungen auf das Mediensystem untersucht.<br \/>\nIn der Praxis ist normatives Handeln in verschiedene moralische Bezugssysteme eingebettet und steht im engen Zusammenhang mit gesellschaftlichen Machtstrukturen. Diese Machtstrukturen werden ebenso von gesellschaftlichen Institutionen wie von den Medien reproduziert und damit stabilisiert. Bei der Frage, der Geltung von Normen geht es letztlich um die normative Definitionsmacht der verschiedenen gesellschaftlichen Interessengruppen. Da Medien-systeme sowohl dem \u00f6konomischen Kalk\u00fcl mit seinen spezifischen normativen Implikationen unterworfen als auch Tr\u00e4ger normativ relevanter Inhalte sind, ziehen sie sich in der Regel auf die normativen Interessen und Vorstellungen ihrer Zielgruppen zur\u00fcck.<br \/>\nDie spezifische Aufgabe der Medienethik ist es, diese Aushandlungs- und Argumentationsmechanismen unter besonderer Ber\u00fccksichtigung ihrer eigenen Interessengeleitetheit, systematisch zu analysieren.<\/p>\n","protected":false},"excerpt":{"rendered":"<p>\u00dcber diese Website Sie finden hier Fachbeitr\u00e4ge und wissenschaftliche Abhandlungen sowie studentische Arbeiten \u2013 Pr\u00e4sentationen und Kommentare \u2013, die im Rahmen von Veranstaltungen an der Universit\u00e4t Siegen entstanden sind. Die hier pr\u00e4sentierten Texte und Kommentare beziehen sich sowohl auf theoretische Reflexionen als auch auf praktische Anwen-dungsbereiche der Medienethik. Die theoretischen Reflexionen bieten neben einer ersten [&hellip;]<\/p>\n","protected":false},"author":45,"featured_media":0,"parent":0,"menu_order":0,"comment_status":"closed","ping_status":"closed","template":"","meta":{"footnotes":""},"class_list":["post-7","page","type-page","status-publish","hentry"],"_links":{"self":[{"href":"https:\/\/blogs.uni-siegen.de\/medienethik\/wp-json\/wp\/v2\/pages\/7","targetHints":{"allow":["GET"]}}],"collection":[{"href":"https:\/\/blogs.uni-siegen.de\/medienethik\/wp-json\/wp\/v2\/pages"}],"about":[{"href":"https:\/\/blogs.uni-siegen.de\/medienethik\/wp-json\/wp\/v2\/types\/page"}],"author":[{"embeddable":true,"href":"https:\/\/blogs.uni-siegen.de\/medienethik\/wp-json\/wp\/v2\/users\/45"}],"replies":[{"embeddable":true,"href":"https:\/\/blogs.uni-siegen.de\/medienethik\/wp-json\/wp\/v2\/comments?post=7"}],"version-history":[{"count":9,"href":"https:\/\/blogs.uni-siegen.de\/medienethik\/wp-json\/wp\/v2\/pages\/7\/revisions"}],"predecessor-version":[{"id":275,"href":"https:\/\/blogs.uni-siegen.de\/medienethik\/wp-json\/wp\/v2\/pages\/7\/revisions\/275"}],"wp:attachment":[{"href":"https:\/\/blogs.uni-siegen.de\/medienethik\/wp-json\/wp\/v2\/media?parent=7"}],"curies":[{"name":"wp","href":"https:\/\/api.w.org\/{rel}","templated":true}]}}