{"id":31,"date":"2012-08-29T20:19:32","date_gmt":"2012-08-29T18:19:32","guid":{"rendered":"http:\/\/wp11048986.wp305.webpack.hosteurope.de\/?page_id=31"},"modified":"2020-01-20T13:17:22","modified_gmt":"2020-01-20T12:17:22","slug":"kontakt","status":"publish","type":"page","link":"https:\/\/blogs.uni-siegen.de\/pop-zeitschrift\/kontakt\/","title":{"rendered":"IMPRESSUM"},"content":{"rendered":"<p style=\"text-align: center\">Redaktion www.pop-zeitschrift.de<br \/>\nThomas Hecken<br \/>\nAnnekathrin Kohout<\/p>\n<p style=\"text-align: center\">Kontakt:<br \/>\nAnnekathrin Kohout<br \/>\npop-zeitschrift.de<br \/>\nGermanistisches Seminar<br \/>\nH\u00f6lderlinstra\u00dfe 3<br \/>\n57068 Siegen<br \/>\nMail: annekathrin.kohout(at)uni-siegen.de<\/p>\n<p>&nbsp;<\/p>\n<p style=\"text-align: center\">pop-zeitschrift.de ist die Website der Zeitschrift \u00bbPop. Kultur und Kritik\u00ab<\/p>\n<p style=\"text-align: center\">Die Zeitschrift \u00bb<a title=\"transcript-verlag.de\/pop\" href=\"http:\/\/www.transcript-verlag.de\/zeitschriften\/pop.-kultur-und-kritik\/?f=79385\" target=\"_blank\" rel=\"noopener\">Pop. Kultur und Kritik<\/a>\u00ab erscheint in zwei Ausgaben pro Jahr (Fr\u00fchling und Herbst) im <a title=\"verlag transcript website\" href=\"http:\/\/www.transcript-verlag.de\/main\/index.php\" target=\"_blank\" rel=\"noopener\">transcript Verlag<\/a>. Die Zeitschrift umfasst jeweils 180 Seiten, ca. 20 Artikel und ist reich illustriert.<\/p>\n<p style=\"text-align: center\">\u00bbPop. Kultur und Kritik\u00ab kann man \u00fcber den Buchhandel oder auch direkt \u00fcber den Verlag beziehen. Das Einzelheft kostet 16,80 Euro. Das Jahresabonnement (zwei Hefte: M\u00e4rz- und Septemberausgabe) kostet in Deutschland 30 Euro, international 40 Euro.<a title=\"transcript Verlag Bestellformular\" href=\"http:\/\/www.transcript-verlag.de\/zeitschriften-abonnements\" target=\"_blank\" rel=\"noopener\"> Bestellformular hier<\/a>.<\/p>\n<p>&nbsp;<\/p>\n<p style=\"text-align: center\">Herausgegeben wird \u00bbPop. Kultur und Kritik\u00ab von Thomas Hecken in Verbindung mit Moritz Ba\u00dfler, Elena Beregow, Robin Curtis, Heinz Dr\u00fcgh, Mascha Jacobs, Annekathrin Kohout, Nicolas Pethes und Miriam Zeh.<\/p>\n<p>&nbsp;<\/p>\n<p style=\"text-align: center\">\u00a0Haftungsausschluss<br \/>\nAlle Rechte vorbehalten. Die auf dieser Webseite verwendeten Texte und Bilder unterliegen dem Urheberrecht und anderen Gesetzen zum Schutz des geistigen Eigentums. Die Ver\u00e4nderung, gewerbliche Nutzung oder Verwendung der Texte und Fotos auf anderen Websites ist untersagt. Das Copyright liegt bei bei den jeweiligen Autoren, Fotografen und anderen Rechteinhabern. Trotz sorgf\u00e4ltiger \u00dcberpr\u00fcfung \u00fcbernehmen wir keine Haftung f\u00fcr die Inhalte externer Links. F\u00fcr den Inhalt der verlinkten Seiten sind ausschlie\u00dflich deren Betreiber verantwortlich.<\/p>\n","protected":false},"excerpt":{"rendered":"<p>Redaktion www.pop-zeitschrift.de Thomas Hecken Annekathrin Kohout Kontakt: Annekathrin Kohout pop-zeitschrift.de Germanistisches Seminar H\u00f6lderlinstra\u00dfe 3 57068 Siegen Mail: annekathrin.kohout(at)uni-siegen.de &nbsp; pop-zeitschrift.de ist die Website der Zeitschrift \u00bbPop. Kultur und Kritik\u00ab Die Zeitschrift \u00bbPop. Kultur und Kritik\u00ab erscheint in zwei Ausgaben pro Jahr (Fr\u00fchling und Herbst) im transcript Verlag. Die Zeitschrift umfasst jeweils 180 Seiten, ca. 20 [&hellip;]<\/p>\n","protected":false},"author":391,"featured_media":0,"parent":0,"menu_order":0,"comment_status":"closed","ping_status":"closed","template":"","meta":{"footnotes":""},"class_list":["post-31","page","type-page","status-publish","hentry"],"_links":{"self":[{"href":"https:\/\/blogs.uni-siegen.de\/pop-zeitschrift\/wp-json\/wp\/v2\/pages\/31","targetHints":{"allow":["GET"]}}],"collection":[{"href":"https:\/\/blogs.uni-siegen.de\/pop-zeitschrift\/wp-json\/wp\/v2\/pages"}],"about":[{"href":"https:\/\/blogs.uni-siegen.de\/pop-zeitschrift\/wp-json\/wp\/v2\/types\/page"}],"author":[{"embeddable":true,"href":"https:\/\/blogs.uni-siegen.de\/pop-zeitschrift\/wp-json\/wp\/v2\/users\/391"}],"replies":[{"embeddable":true,"href":"https:\/\/blogs.uni-siegen.de\/pop-zeitschrift\/wp-json\/wp\/v2\/comments?post=31"}],"version-history":[{"count":1,"href":"https:\/\/blogs.uni-siegen.de\/pop-zeitschrift\/wp-json\/wp\/v2\/pages\/31\/revisions"}],"predecessor-version":[{"id":9600,"href":"https:\/\/blogs.uni-siegen.de\/pop-zeitschrift\/wp-json\/wp\/v2\/pages\/31\/revisions\/9600"}],"wp:attachment":[{"href":"https:\/\/blogs.uni-siegen.de\/pop-zeitschrift\/wp-json\/wp\/v2\/media?parent=31"}],"curies":[{"name":"wp","href":"https:\/\/api.w.org\/{rel}","templated":true}]}}