{"id":245,"date":"2020-08-20T15:11:00","date_gmt":"2020-08-20T13:11:00","guid":{"rendered":"http:\/\/blogs.uni-siegen.de\/sieguver\/?page_id=245"},"modified":"2025-08-04T15:53:37","modified_gmt":"2025-08-04T13:53:37","slug":"245-2","status":"publish","type":"page","link":"https:\/\/blogs.uni-siegen.de\/sieguver\/","title":{"rendered":"Willkommen bei Career &amp; Networking mit SieguVer"},"content":{"rendered":"<div id=\"pl-245\"  class=\"panel-layout\" ><div id=\"pg-245-0\"  class=\"panel-grid panel-has-style\" ><div class=\"siteorigin-panels-stretch panel-row-style panel-row-style-for-245-0\" data-stretch-type=\"full-width-stretch\" ><div id=\"pgc-245-0-0\"  class=\"panel-grid-cell\" ><div id=\"panel-245-0-0-0\" class=\"so-panel widget widget_sow-hero panel-first-child panel-last-child\" data-index=\"0\" ><div\n\t\t\t\n\t\t\tclass=\"so-widget-sow-hero so-widget-sow-hero-default-29988bb57acf-245 so-widget-fittext-wrapper\"\n\t\t\t data-fit-text-compressor=\"1.25\"\n\t\t>\t\t\t\t<div class=\"sow-slider-base\" style=\"display: none\" tabindex=\"0\">\n\t\t\t\t\t<ul\n\t\t\t\t\tclass=\"sow-slider-images\"\n\t\t\t\t\tdata-settings=\"{&quot;pagination&quot;:true,&quot;speed&quot;:800,&quot;timeout&quot;:8000,&quot;paused&quot;:false,&quot;pause_on_hover&quot;:false,&quot;swipe&quot;:true,&quot;nav_always_show_desktop&quot;:&quot;&quot;,&quot;nav_always_show_mobile&quot;:&quot;&quot;,&quot;breakpoint&quot;:&quot;780px&quot;,&quot;unmute&quot;:false,&quot;anchor&quot;:null}\"\n\t\t\t\t\tstyle=\"min-height: 720px\"\t\t\t\t\tdata-anchor-id=\"\"\n\t\t\t\t>\t\t<li class=\"sow-slider-image  sow-slider-image-cover\" style=\"visibility: visible;;background-color: #222222\" >\n\t\t\t\t\t<div class=\"sow-slider-image-container\">\n\t\t\t<div class=\"sow-slider-image-wrapper\">\n\t\t\t\t<h1 style=\"text-align: center\">SieguVer<\/h1>\n<p style=\"text-align: center\">Siegen unterst\u00fctzt und vernetzt<\/p>\n\t\t\t<\/div>\n\t\t<\/div>\n\t\t<div class=\"sow-slider-image-overlay sow-slider-image-cover\" style=\"opacity: 0.35;background-image: url(https:\/\/blogs.uni-siegen.de\/sieguver\/files\/2023\/09\/P1030760-scaled-e1695383648755.jpg)\"  ><\/div>\t\t<\/li>\n\t\t<\/ul>\t\t\t\t<ol class=\"sow-slider-pagination\">\n\t\t\t\t\t\t\t\t\t\t\t<li><a href=\"#\" data-goto=\"0\" aria-label=\"Display slide 1\"><\/a><\/li>\n\t\t\t\t\t\t\t\t\t<\/ol>\n\n\t\t\t\t<div class=\"sow-slide-nav sow-slide-nav-next\">\n\t\t\t\t\t<a href=\"#\" data-goto=\"next\" aria-label=\"Next slide\" data-action=\"next\">\n\t\t\t\t\t\t<em class=\"sow-sld-icon-thin-right\"><\/em>\n\t\t\t\t\t<\/a>\n\t\t\t\t<\/div>\n\n\t\t\t\t<div class=\"sow-slide-nav sow-slide-nav-prev\">\n\t\t\t\t\t<a href=\"#\" data-goto=\"previous\" aria-label=\"Previous slide\" data-action=\"prev\">\n\t\t\t\t\t\t<em class=\"sow-sld-icon-thin-left\"><\/em>\n\t\t\t\t\t<\/a>\n\t\t\t\t<\/div>\n\t\t\t\t<\/div><\/div><\/div><\/div><\/div><\/div><div id=\"pg-245-1\"  class=\"panel-grid panel-has-style\" ><div class=\"siteorigin-panels-stretch panel-row-style panel-row-style-for-245-1\" data-stretch-type=\"full\" ><div id=\"pgc-245-1-0\"  class=\"panel-grid-cell\" ><div id=\"panel-245-1-0-0\" class=\"so-panel widget widget_sow-headline panel-first-child\" data-index=\"1\" ><div class=\"panel-widget-style panel-widget-style-for-245-1-0-0\" ><div\n\t\t\t\n\t\t\tclass=\"so-widget-sow-headline so-widget-sow-headline-default-ead4d14293eb-245 so-widget-fittext-wrapper\"\n\t\t\t data-fit-text-compressor=\"0.85\"\n\t\t><div class=\"sow-headline-container \">\n\t\t\t\t\t\t\t<h2 class=\"sow-headline\">\n\t\t\t\t\t\t<b>Was<\/b> ist SieguVer?\t\t\t\t\t\t<\/h2>\n\t\t\t\t\t\t<\/div>\n<\/div><\/div><\/div><div id=\"panel-245-1-0-1\" class=\"so-panel widget widget_sow-editor\" data-index=\"2\" ><div\n\t\t\t\n\t\t\tclass=\"so-widget-sow-editor so-widget-sow-editor-base\"\n\t\t\t\n\t\t>\n<div class=\"siteorigin-widget-tinymce textwidget\">\n\t<p><strong>SieguVer \u2013 Siegen unterst\u00fctzt &amp; vernetzt<\/strong> ist ein zukunftsorientiertes Konzept, das Unternehmen in der Region S\u00fcdwestfalen dabei hilft, internationale Talente zu gewinnen und zu integrieren. Dieses Angebot wird im Rahmen von <a href=\"https:\/\/blogs.uni-siegen.de\/fit-in-siegen\/components-of-fit\/networking-with-sieguver\/\"><strong>\u201eForging International Talents: FIT in Siegen\u201c<\/strong><\/a> bereitgestellt und stellt die ideale Ankn\u00fcpfung f\u00fcr Unternehmen dar, die mit engagierten internationalen Studierenden und Promovierenden in Kontakt treten m\u00f6chten.<\/p>\n<p>Nutzen Sie die Chance, qualifizierte Nachwuchskr\u00e4fte aus der Universit\u00e4t Siegen zu f\u00f6rdern, die nach M\u00f6glichkeiten suchen, in Deutschland wertvolle Berufserfahrung zu sammeln und sich in der Region zu etablieren.<\/p>\n<p>Das vielf\u00e4ltige Angebot von SieguVer bietet nicht nur Zugang zu einem Pool hochqualifizierter Talente, sondern unterst\u00fctzt die Studierenden auch bei der Entwicklung ihrer Sprachkenntnisse und kulturellen Kompetenzen, die f\u00fcr einen erfolgreichen Einstieg in den deutschen Arbeitsmarkt entscheidend sind.<\/p>\n<p><strong>Profitieren Sie von:<\/strong><\/p>\n<ul>\n<li><strong>Einem starken Netzwerk<\/strong>: Kn\u00fcpfen Sie erste Kontakte zu engagierten Studierenden und erweitern Sie Ihr Unternehmensnetzwerk.<\/li>\n<li><strong>Vielseitigen Veranstaltungen<\/strong>: Nehmen Sie an internationalen Fr\u00fchst\u00fccken, Unternehmensbesuchen, Job-Speeddating und Job-Shadowing-Programmen teil, um direkt mit potenziellen Mitarbeitenden in Kontakt zu treten.<\/li>\n<li><strong>Unterst\u00fctzung bei der Integration<\/strong>: Helfen Sie den Studierenden, sich in der Region wohlzuf\u00fchlen und erfolgreich in das Berufsleben einzutreten.<\/li>\n<\/ul>\n<p>Werden Sie Teil von SieguVer und gestalten Sie die Zukunft Ihrer Unternehmenslandschaft in S\u00fcdwestfalen aktiv mit!<\/p>\n<\/div>\n<\/div><\/div><div id=\"panel-245-1-0-2\" class=\"so-panel widget widget_sow-headline\" data-index=\"3\" ><div class=\"panel-widget-style panel-widget-style-for-245-1-0-2\" ><div\n\t\t\t\n\t\t\tclass=\"so-widget-sow-headline so-widget-sow-headline-default-6856e21579d9-245 so-widget-fittext-wrapper\"\n\t\t\t data-fit-text-compressor=\"0.85\"\n\t\t><div class=\"sow-headline-container \">\n\t\t\t\t\t\t\t<h2 class=\"sow-headline\">\n\t\t\t\t\t\tWerden <b>Sie<\/b> Teil von SieguVer!\t\t\t\t\t\t<\/h2>\n\t\t\t\t\t\t<\/div>\n<\/div><\/div><\/div><div id=\"panel-245-1-0-3\" class=\"so-panel widget widget_sow-editor panel-last-child\" data-index=\"4\" ><div\n\t\t\t\n\t\t\tclass=\"so-widget-sow-editor so-widget-sow-editor-base\"\n\t\t\t\n\t\t>\n<div class=\"siteorigin-widget-tinymce textwidget\">\n\t<p>Nutzen Sie die Chance, qualifizierte internationale Fachkr\u00e4fte direkt vor Ort in Siegen zu gewinnen.<br data-start=\"229\" data-end=\"232\" \/><strong>Entdecken Sie <a href=\"https:\/\/blogs.uni-siegen.de\/sieguver\/fuer-unternehmen-vereine\/infos-fuer-unternehmen\/\">hier unsere Angebote und Kooperationsm\u00f6glichkeiten<\/a>!<\/strong><\/p>\n<p>Bei Fragen oder Interesse k\u00f6nnen Sie uns gerne auch direkt <a href=\"mailto:kim.hain@zv.uni-siegen.de\">per Mail<\/a> kontaktieren.<\/p>\n<\/div>\n<\/div><\/div><\/div><\/div><\/div><div id=\"pg-245-2\"  class=\"panel-grid panel-no-style\" ><div id=\"pgc-245-2-0\"  class=\"panel-grid-cell\" ><div id=\"panel-245-2-0-0\" class=\"so-panel widget widget_sow-headline panel-first-child\" data-index=\"5\" ><div class=\"panel-widget-style panel-widget-style-for-245-2-0-0\" ><div\n\t\t\t\n\t\t\tclass=\"so-widget-sow-headline so-widget-sow-headline-default-e098468f7f5e-245 so-widget-fittext-wrapper\"\n\t\t\t data-fit-text-compressor=\"0.85\"\n\t\t><div class=\"sow-headline-container \">\n\t\t\t\t\t\t\t<h2 class=\"sow-headline\">\n\t\t\t\t\t\t<b>\u00dcber<\/b> uns\t\t\t\t\t\t<\/h2>\n\t\t\t\t\t\t<\/div>\n<\/div><\/div><\/div><div id=\"panel-245-2-0-1\" class=\"so-panel widget widget_sow-editor panel-last-child\" data-index=\"6\" ><div\n\t\t\t\n\t\t\tclass=\"so-widget-sow-editor so-widget-sow-editor-base\"\n\t\t\t\n\t\t>\n<div class=\"siteorigin-widget-tinymce textwidget\">\n\t<p>Die Veranstaltungen von SieguVer werden durch das Team der Abteilung <a href=\"https:\/\/www.uni-siegen.de\/start\/international\/services\/io\/?lang=de\">International Student Affairs<\/a> des International Office der Universit\u00e4t Siegen organisiert und durchgef\u00fchrt. Viele Angebote k\u00f6nnen dank Kooperationen mit Partner*innen aus der Universit\u00e4t sowie der Region realisiert werden.<br \/>\nDas Prorektorat f\u00fcr Nachwuchs, Diversity und Internationales der Universit\u00e4t Siegen \u00fcbernimmt die strategische Ausrichtung des Programms.<\/p>\n<p>SieguVer wurde 2018 ins Leben gerufen und drei Jahre lang als Projekt \u00fcber das Programm STIBET II des DAADs gef\u00f6rdert. Seit April 2024 werden die Ma\u00dfnahmen \u00fcber das Projekt <a href=\"https:\/\/blogs.uni-siegen.de\/fit-in-siegen\/\">Forging International Talents - FIT in Siegen<\/a> des DAAD und mit Unterst\u00fctzung des Bundesministerium f\u00fcr Forschung, Technik und Raumfahrt weitergef\u00f6rdert.<\/p>\n<\/div>\n<\/div><\/div><\/div><\/div><div id=\"pg-245-3\"  class=\"panel-grid panel-no-style\" ><div id=\"pgc-245-3-0\"  class=\"panel-grid-cell panel-grid-cell-empty\" ><\/div><\/div><div id=\"pg-245-4\"  class=\"panel-grid panel-has-style\" ><div class=\"siteorigin-panels-stretch panel-row-style panel-row-style-for-245-4\" data-stretch-type=\"full\" ><div id=\"pgc-245-4-0\"  class=\"panel-grid-cell\" ><div id=\"panel-245-4-0-0\" class=\"so-panel widget widget_sow-headline panel-first-child\" data-index=\"7\" ><div class=\"panel-widget-style panel-widget-style-for-245-4-0-0\" ><div\n\t\t\t\n\t\t\tclass=\"so-widget-sow-headline so-widget-sow-headline-default-01fc4ecf63cf-245 so-widget-fittext-wrapper\"\n\t\t\t data-fit-text-compressor=\"0.85\"\n\t\t><div class=\"sow-headline-container \">\n\t\t\t\t\t\t\t<h1 class=\"sow-headline\">\n\t\t\t\t\t\t<b>Schreiben<\/b> Sie uns...\t\t\t\t\t\t<\/h1>\n\t\t\t\t\t\t\t\t\t\t\t\t<p class=\"sow-sub-headline\">\n\t\t\t\t\t\tBei Fragen, Anregungen oder Kooperationsm\u00f6glichkeiten \t\t\t\t\t\t<\/p>\n\t\t\t\t\t\t<\/div>\n<\/div><\/div><\/div><div id=\"panel-245-4-0-1\" class=\"so-panel widget widget_sow-contact-form panel-last-child\" data-index=\"8\" ><div class=\"panel-widget-style panel-widget-style-for-245-4-0-1\" ><div\n\t\t\t\n\t\t\tclass=\"so-widget-sow-contact-form so-widget-sow-contact-form-default-6c4e2a62241d-245\"\n\t\t\t\n\t\t>\t<form\n\t\taction=\"\/sieguver\/wp-json\/wp\/v2\/pages\/245\"\n\t\tmethod=\"POST\"\n\t\tclass=\"sow-contact-form\"\n\t\tid=\"contact-form-045b\"\n\t>\n\n\t\t\n\t\t\t\t\t<div class=\"sow-form-field sow-form-field-name\">\n\t\t\t\t<label class=\"sow-form-field-label-above\" for=\"sow-contact-form-field-name-1\">\n\t\t\t\t<strong>\n\t\t\t\t\tName\t\t\t\t\t\t\t\t\t<\/strong>\n\t\t\t<\/label>\n\t\t\t\t\t\t\t<div class=\"sow-field-container\">\n\t\t\t\t\t\t\t<input\n\t\t\ttype=\"text\"\n\t\t\tname=\"name-1\"\n\t\t\tid=\"sow-contact-form-field-name-1\"\n\t\t\tvalue=\"\"\n\t\t\tclass=\"sow-text-field\"\n\t\t\t\t\t\t\t\t\/>\n\t\t\t\t\t\t<\/div>\n\t\t\t\t\t\t\t<\/div>\n\t\t\t\t\t\t<div class=\"sow-form-field sow-form-field-email\">\n\t\t\t\t<label class=\"sow-form-field-label-above\" for=\"sow-contact-form-field-e-mail-1\">\n\t\t\t\t<strong>\n\t\t\t\t\tE-Mail\t\t\t\t\t\t\t\t\t<\/strong>\n\t\t\t<\/label>\n\t\t\t\t\t\t\t<div class=\"sow-field-container\">\n\t\t\t\t\t\t\t<input\n\t\t\ttype=\"email\"\n\t\t\tname=\"e-mail-1\"\n\t\t\tid=\"sow-contact-form-field-e-mail-1\"\n\t\t\tvalue=\"\"\n\t\t\tclass=\"sow-text-field\"\t\t\t\t\t\t\t\t\/>\n\t\t\t\t\t\t<\/div>\n\t\t\t\t\t\t\t<\/div>\n\t\t\t\t\t\t<div class=\"sow-form-field sow-form-field-subject\">\n\t\t\t\t<label class=\"sow-form-field-label-above\" for=\"sow-contact-form-field-betreff-1\">\n\t\t\t\t<strong>\n\t\t\t\t\tBetreff\t\t\t\t\t\t\t\t\t<\/strong>\n\t\t\t<\/label>\n\t\t\t\t\t\t\t<div class=\"sow-field-container\">\n\t\t\t\t\t\t\t<input\n\t\t\ttype=\"text\"\n\t\t\tname=\"betreff-1\"\n\t\t\tid=\"sow-contact-form-field-betreff-1\"\n\t\t\tvalue=\"\"\n\t\t\tclass=\"sow-text-field\"\n\t\t\t\t\t\t\t\t\/>\n\t\t\t\t\t\t<\/div>\n\t\t\t\t\t\t\t<\/div>\n\t\t\t\t\t\t<div class=\"sow-form-field sow-form-field-textarea\">\n\t\t\t\t<label class=\"sow-form-field-label-above\" for=\"sow-contact-form-field-nachricht-1\">\n\t\t\t\t<strong>\n\t\t\t\t\tNachricht\t\t\t\t\t\t\t\t\t<\/strong>\n\t\t\t<\/label>\n\t\t\t\t\t\t\t<div class=\"sow-field-container\">\n\t\t\t\t\t\t\t<textarea\n\t\t\tname=\"nachricht-1\"\n\t\t\tid=\"sow-contact-form-field-nachricht-1\"\n\t\t\trows=\"10\"\n\t\t\t\t\t\t\t\t><\/textarea>\n\t\t\t\t\t\t<\/div>\n\t\t\t\t\t\t\t<\/div>\n\t\t\t\n\t\t\n\t\t<div class=\"sow-submit-wrapper \n\t\tsow-submit-styled\t\t\">\n\n\t\t\t<button\n\t\t\t\ttype=\"submit\"\n\t\t\t\tclass=\"sow-submit\n\t\t\t\t\t\t\t\t\"\n\t\t\t\t\t\t\t>\n\t\t\t\tSUBMIT\t\t\t<\/button>\n\t\t<\/div>\n\t\t\t\t<input\n\t\t\ttype=\"hidden\"\n\t\t\tname=\"instance_hash-1\"\n\t\t\tvalue=\"045bf01c\"\n\t\t\/>\n\n\t\t<input type=\"hidden\" id=\"_wpnonce\" name=\"_wpnonce\" value=\"1886f16628\" \/><input type=\"hidden\" name=\"_wp_http_referer\" value=\"\/sieguver\/wp-json\/wp\/v2\/pages\/245\" \/>\t<\/form>\n\t<\/div><\/div><\/div><\/div><\/div><\/div><\/div>","protected":false},"excerpt":{"rendered":"<p>SieguVer \u2013 Siegen unterst\u00fctzt &amp; vernetzt ist ein zukunftsorientiertes Konzept, das Unternehmen in der Region S\u00fcdwestfalen dabei hilft, internationale Talente zu gewinnen und zu integrieren. Dieses Angebot wird im Rahmen von \u201eForging International Talents: FIT in Siegen\u201c bereitgestellt und stellt die ideale Ankn\u00fcpfung f\u00fcr Unternehmen dar, die mit engagierten internationalen Studierenden und Promovierenden in Kontakt &hellip; <\/p>\n<p class=\"link-more\"><a href=\"https:\/\/blogs.uni-siegen.de\/sieguver\/\" class=\"more-link\"><span class=\"screen-reader-text\">\u201eWillkommen bei Career &amp; Networking mit SieguVer\u201c <\/span>weiterlesen<\/a><\/p>\n","protected":false},"author":416,"featured_media":0,"parent":0,"menu_order":0,"comment_status":"closed","ping_status":"closed","template":"","meta":{"footnotes":""},"class_list":["post-245","page","type-page","status-publish","hentry"],"_links":{"self":[{"href":"https:\/\/blogs.uni-siegen.de\/sieguver\/wp-json\/wp\/v2\/pages\/245","targetHints":{"allow":["GET"]}}],"collection":[{"href":"https:\/\/blogs.uni-siegen.de\/sieguver\/wp-json\/wp\/v2\/pages"}],"about":[{"href":"https:\/\/blogs.uni-siegen.de\/sieguver\/wp-json\/wp\/v2\/types\/page"}],"author":[{"embeddable":true,"href":"https:\/\/blogs.uni-siegen.de\/sieguver\/wp-json\/wp\/v2\/users\/416"}],"replies":[{"embeddable":true,"href":"https:\/\/blogs.uni-siegen.de\/sieguver\/wp-json\/wp\/v2\/comments?post=245"}],"version-history":[{"count":35,"href":"https:\/\/blogs.uni-siegen.de\/sieguver\/wp-json\/wp\/v2\/pages\/245\/revisions"}],"predecessor-version":[{"id":2609,"href":"https:\/\/blogs.uni-siegen.de\/sieguver\/wp-json\/wp\/v2\/pages\/245\/revisions\/2609"}],"wp:attachment":[{"href":"https:\/\/blogs.uni-siegen.de\/sieguver\/wp-json\/wp\/v2\/media?parent=245"}],"curies":[{"name":"wp","href":"https:\/\/api.w.org\/{rel}","templated":true}]}}