{"id":2614,"date":"2025-08-05T14:11:48","date_gmt":"2025-08-05T12:11:48","guid":{"rendered":"https:\/\/blogs.uni-siegen.de\/sieguver\/?page_id=2614"},"modified":"2025-08-05T14:11:48","modified_gmt":"2025-08-05T12:11:48","slug":"impressum","status":"publish","type":"page","link":"https:\/\/blogs.uni-siegen.de\/sieguver\/impressum\/","title":{"rendered":"Impressum"},"content":{"rendered":"<p data-start=\"0\" data-end=\"61\"><strong data-start=\"0\" data-end=\"15\">Herausgeber<\/strong><br data-start=\"15\" data-end=\"18\" \/>Universit\u00e4t Siegen<br data-start=\"36\" data-end=\"39\" \/>International Office<\/p>\n<p data-start=\"63\" data-end=\"163\">Sandstra\u00dfe 16\u201318<br data-start=\"79\" data-end=\"82\" \/>57072 Siegen<br data-start=\"94\" data-end=\"97\" \/>E-Mail: <a class=\"cursor-pointer\" rel=\"noopener\" data-start=\"105\" data-end=\"133\">janina.nues@zv.uni-siegen.de<\/a><br data-start=\"133\" data-end=\"136\" \/>Telefon: +49 271 740-3913<\/p>\n<p data-start=\"165\" data-end=\"353\">Die Universit\u00e4t Siegen ist eine vom Land Nordrhein-Westfalen getragene, rechtsf\u00e4hige K\u00f6rperschaft des \u00f6ffentlichen Rechts.<br \/>\nSie wird vertreten durch die\u00a0<a class=\" cd_intlink\" href=\"https:\/\/www.uni-siegen.de\/start\/die_universitaet\/organisation\/rektorat\/?lang=de#rektor\">Rektorin<\/a>\u00a0Univ.-Prof. Dr. Stefanie Reese.<\/p>\n<p data-start=\"355\" data-end=\"461\"><strong data-start=\"355\" data-end=\"386\">Zust\u00e4ndige Aufsichtsbeh\u00f6rde<\/strong><br data-start=\"386\" data-end=\"389\" \/>Ministerium f\u00fcr Kultur und Wissenschaft des Landes Nordrhein-Westfalen<\/p>\n<p data-start=\"463\" data-end=\"537\"><strong data-start=\"463\" data-end=\"501\">Umsatzsteuer-Identifikationsnummer<\/strong><br data-start=\"501\" data-end=\"504\" \/>gem\u00e4\u00df \u00a7 27 a UStG: DE 154854171<\/p>\n<p data-start=\"539\" data-end=\"625\"><strong data-start=\"539\" data-end=\"566\">Technische Realisierung<\/strong><br data-start=\"566\" data-end=\"569\" \/>Zentrum f\u00fcr Informations- und Medientechnologie (ZIMT)<\/p>\n<p data-start=\"627\" data-end=\"1014\"><strong data-start=\"627\" data-end=\"649\">Haftungsausschluss<\/strong><br data-start=\"649\" data-end=\"652\" \/>Trotz sorgf\u00e4ltiger inhaltlicher Kontrolle \u00fcbernehmen wir keine Haftung f\u00fcr die Inhalte externer Links. Sie stellen kein Angebot der Universit\u00e4t Siegen dar. F\u00fcr den Inhalt der verlinkten Seiten sind ausschlie\u00dflich deren Betreiber verantwortlich. Die Universit\u00e4t distanziert sich ausdr\u00fccklich von den Inhalten und macht sich diese in keinster Weise zu Eigen.<\/p>\n<p data-start=\"1016\" data-end=\"1303\" data-is-last-node=\"\" data-is-only-node=\"\"><strong data-start=\"1016\" data-end=\"1032\">Urheberrecht<\/strong><br data-start=\"1032\" data-end=\"1035\" \/>Die Urheber- und Nutzungsrechte (Copyright) f\u00fcr Texte, Grafiken, Bilder, Design und Quellcode liegen bei der Universit\u00e4t Siegen. Die Erstellung, Verwendung und Weitergabe von Kopien in elektronischer oder ausgedruckter Form bedarf der Genehmigung.<\/p>\n","protected":false},"excerpt":{"rendered":"<p>HerausgeberUniversit\u00e4t SiegenInternational Office Sandstra\u00dfe 16\u20131857072 SiegenE-Mail: janina.nues@zv.uni-siegen.deTelefon: +49 271 740-3913 Die Universit\u00e4t Siegen ist eine vom Land Nordrhein-Westfalen getragene, rechtsf\u00e4hige K\u00f6rperschaft des \u00f6ffentlichen Rechts. Sie wird vertreten durch die\u00a0Rektorin\u00a0Univ.-Prof. Dr. Stefanie Reese. Zust\u00e4ndige Aufsichtsbeh\u00f6rdeMinisterium f\u00fcr Kultur und Wissenschaft des Landes Nordrhein-Westfalen Umsatzsteuer-Identifikationsnummergem\u00e4\u00df \u00a7 27 a UStG: DE 154854171 Technische RealisierungZentrum f\u00fcr Informations- und Medientechnologie (ZIMT) &hellip; <\/p>\n<p class=\"link-more\"><a href=\"https:\/\/blogs.uni-siegen.de\/sieguver\/impressum\/\" class=\"more-link\"><span class=\"screen-reader-text\">\u201eImpressum\u201c <\/span>weiterlesen<\/a><\/p>\n","protected":false},"author":659,"featured_media":0,"parent":0,"menu_order":0,"comment_status":"closed","ping_status":"closed","template":"","meta":{"footnotes":""},"class_list":["post-2614","page","type-page","status-publish","hentry"],"_links":{"self":[{"href":"https:\/\/blogs.uni-siegen.de\/sieguver\/wp-json\/wp\/v2\/pages\/2614","targetHints":{"allow":["GET"]}}],"collection":[{"href":"https:\/\/blogs.uni-siegen.de\/sieguver\/wp-json\/wp\/v2\/pages"}],"about":[{"href":"https:\/\/blogs.uni-siegen.de\/sieguver\/wp-json\/wp\/v2\/types\/page"}],"author":[{"embeddable":true,"href":"https:\/\/blogs.uni-siegen.de\/sieguver\/wp-json\/wp\/v2\/users\/659"}],"replies":[{"embeddable":true,"href":"https:\/\/blogs.uni-siegen.de\/sieguver\/wp-json\/wp\/v2\/comments?post=2614"}],"version-history":[{"count":1,"href":"https:\/\/blogs.uni-siegen.de\/sieguver\/wp-json\/wp\/v2\/pages\/2614\/revisions"}],"predecessor-version":[{"id":2615,"href":"https:\/\/blogs.uni-siegen.de\/sieguver\/wp-json\/wp\/v2\/pages\/2614\/revisions\/2615"}],"wp:attachment":[{"href":"https:\/\/blogs.uni-siegen.de\/sieguver\/wp-json\/wp\/v2\/media?parent=2614"}],"curies":[{"name":"wp","href":"https:\/\/api.w.org\/{rel}","templated":true}]}}