{"id":2618,"date":"2025-08-05T14:44:26","date_gmt":"2025-08-05T12:44:26","guid":{"rendered":"https:\/\/blogs.uni-siegen.de\/sieguver\/?page_id=2618"},"modified":"2025-08-05T15:12:17","modified_gmt":"2025-08-05T13:12:17","slug":"foerderung","status":"publish","type":"page","link":"https:\/\/blogs.uni-siegen.de\/sieguver\/foerderung\/","title":{"rendered":"F\u00f6rderung"},"content":{"rendered":"<p data-start=\"0\" data-end=\"535\">Alle SieguVer Veranstaltungen finden seit 2024 im Rahmen des Projekts &#8222;<a href=\"https:\/\/blogs.uni-siegen.de\/fit-in-siegen\/\">FIT in SIEGEN \u2013 Forging International Talents<\/a>&#8220; statt. Das Projekt wird vom Referat International Office der Universit\u00e4t Siegen organisiert.<br data-start=\"142\" data-end=\"145\" \/>Viele Angebote k\u00f6nnen dank der Kooperation mit Partnern aus der Universit\u00e4t und der Region realisiert werden.<br data-start=\"254\" data-end=\"257\" data-is-only-node=\"\" \/>Das Prorektorat f\u00fcr Internationales und Lebenslanges Lernen an der Universit\u00e4t Siegen ist f\u00fcr die strategische Ausrichtung des Programms verantwortlich.<br data-start=\"409\" data-end=\"412\" \/>Das Programm wird vom DAAD mit Mitteln des Bundesministeriums f\u00fcr Forschung, Technologie und Raumfahrt (BMFTR) gef\u00f6rdert.<\/p>\n<p data-start=\"537\" data-end=\"883\"><strong data-start=\"537\" data-end=\"586\">Deutscher Akademischer Austauschdienst (DAAD)<br \/>\n<img loading=\"lazy\" decoding=\"async\" class=\"size-medium wp-image-2620 alignright\" src=\"https:\/\/blogs.uni-siegen.de\/sieguver\/files\/2025\/08\/daad_logo_suppl_deen_h_basic_rgb-300x109.png\" alt=\"\" width=\"300\" height=\"109\" srcset=\"https:\/\/blogs.uni-siegen.de\/sieguver\/files\/2025\/08\/daad_logo_suppl_deen_h_basic_rgb-300x109.png 300w, https:\/\/blogs.uni-siegen.de\/sieguver\/files\/2025\/08\/daad_logo_suppl_deen_h_basic_rgb-1024x373.png 1024w, https:\/\/blogs.uni-siegen.de\/sieguver\/files\/2025\/08\/daad_logo_suppl_deen_h_basic_rgb-768x280.png 768w, https:\/\/blogs.uni-siegen.de\/sieguver\/files\/2025\/08\/daad_logo_suppl_deen_h_basic_rgb.png 1300w\" sizes=\"auto, (max-width: 300px) 100vw, 300px\" \/><\/strong><br data-start=\"586\" data-end=\"589\" \/>Der DAAD ist eine Gemeinschaftsorganisation deutscher Hochschulen und Studierendenschaften zur F\u00f6rderung internationalen Beziehungen. Aufgabe des DAAD ist es, die Hochschulbeziehungen mit anderen L\u00e4ndern durch den Austausch von Studierenden, Absolventen und Wissenschaftlern zu st\u00e4rken.<\/p>\n<p data-start=\"885\" data-end=\"1490\" data-is-last-node=\"\" data-is-only-node=\"\"><strong data-start=\"885\" data-end=\"955\">Bundesministerium f\u00fcr Forschung, Technologie und Raumfahrt (BMFTR)<\/strong><\/p>\n<p data-start=\"885\" data-end=\"1490\" data-is-last-node=\"\" data-is-only-node=\"\"><img loading=\"lazy\" decoding=\"async\" class=\"wp-image-2623 alignright\" src=\"https:\/\/blogs.uni-siegen.de\/sieguver\/files\/2025\/08\/BMFTR_en_DTP_CMYK_gef_durch-300x200.jpg\" alt=\"\" width=\"245\" height=\"163\" srcset=\"https:\/\/blogs.uni-siegen.de\/sieguver\/files\/2025\/08\/BMFTR_en_DTP_CMYK_gef_durch-300x200.jpg 300w, https:\/\/blogs.uni-siegen.de\/sieguver\/files\/2025\/08\/BMFTR_en_DTP_CMYK_gef_durch-768x512.jpg 768w, https:\/\/blogs.uni-siegen.de\/sieguver\/files\/2025\/08\/BMFTR_en_DTP_CMYK_gef_durch-272x182.jpg 272w, https:\/\/blogs.uni-siegen.de\/sieguver\/files\/2025\/08\/BMFTR_en_DTP_CMYK_gef_durch.jpg 850w\" sizes=\"auto, (max-width: 245px) 100vw, 245px\" \/><br data-start=\"955\" data-end=\"958\" \/>Gemeinsam mit den Bundesl\u00e4ndern ist das BMFTR verantwortlich f\u00fcr die au\u00dferschulische Berufsbildung, die F\u00f6rderung der beruflichen Aufstiegsfortbildung und der beruflichen Weiterbildung. Ein wichtiger Schwerpunkt seiner Arbeit ist Chancengerechtigkeit in der Bildung, ein wichtiger Grundsatz des Ministeriums lautet: die Herkunft einer Person sollte nicht \u00fcber ihre Bildungschancen entscheiden. Das BMFTR agiert auch als Mittelgeber und f\u00f6rdert unter anderem die Forschung und Entwicklung vielversprechender Technologien, wobei auch soziale Innovationen und die Gesellschaft als zentraler Akteur im Fokus stehen.<\/p>\n","protected":false},"excerpt":{"rendered":"<p>Alle SieguVer Veranstaltungen finden seit 2024 im Rahmen des Projekts &#8222;FIT in SIEGEN \u2013 Forging International Talents&#8220; statt. Das Projekt wird vom Referat International Office der Universit\u00e4t Siegen organisiert.Viele Angebote k\u00f6nnen dank der Kooperation mit Partnern aus der Universit\u00e4t und der Region realisiert werden.Das Prorektorat f\u00fcr Internationales und Lebenslanges Lernen an der Universit\u00e4t Siegen ist &hellip; <\/p>\n<p class=\"link-more\"><a href=\"https:\/\/blogs.uni-siegen.de\/sieguver\/foerderung\/\" class=\"more-link\"><span class=\"screen-reader-text\">\u201eF\u00f6rderung\u201c <\/span>weiterlesen<\/a><\/p>\n","protected":false},"author":659,"featured_media":0,"parent":0,"menu_order":0,"comment_status":"closed","ping_status":"closed","template":"","meta":{"footnotes":""},"class_list":["post-2618","page","type-page","status-publish","hentry"],"_links":{"self":[{"href":"https:\/\/blogs.uni-siegen.de\/sieguver\/wp-json\/wp\/v2\/pages\/2618","targetHints":{"allow":["GET"]}}],"collection":[{"href":"https:\/\/blogs.uni-siegen.de\/sieguver\/wp-json\/wp\/v2\/pages"}],"about":[{"href":"https:\/\/blogs.uni-siegen.de\/sieguver\/wp-json\/wp\/v2\/types\/page"}],"author":[{"embeddable":true,"href":"https:\/\/blogs.uni-siegen.de\/sieguver\/wp-json\/wp\/v2\/users\/659"}],"replies":[{"embeddable":true,"href":"https:\/\/blogs.uni-siegen.de\/sieguver\/wp-json\/wp\/v2\/comments?post=2618"}],"version-history":[{"count":6,"href":"https:\/\/blogs.uni-siegen.de\/sieguver\/wp-json\/wp\/v2\/pages\/2618\/revisions"}],"predecessor-version":[{"id":2636,"href":"https:\/\/blogs.uni-siegen.de\/sieguver\/wp-json\/wp\/v2\/pages\/2618\/revisions\/2636"}],"wp:attachment":[{"href":"https:\/\/blogs.uni-siegen.de\/sieguver\/wp-json\/wp\/v2\/media?parent=2618"}],"curies":[{"name":"wp","href":"https:\/\/api.w.org\/{rel}","templated":true}]}}

Förderung

<p data-start="0" data-end="535">Alle SieguVer Veranstaltungen finden seit 2024 im Rahmen des Projekts &#8222;<a href="https://blogs.uni-siegen.de/fit-in-siegen/">FIT in SIEGEN – Forging International Talents</a>&#8220; statt. Das Projekt wird vom Referat International Office der Universität Siegen organisiert.<br data-start="142" data-end="145" />Viele Angebote können dank der Kooperation mit Partnern aus der Universität und der Region realisiert werden.<br data-start="254" data-end="257" data-is-only-node="" />Das Prorektorat für Internationales und Lebenslanges Lernen an der Universität Siegen ist für die strategische Ausrichtung des Programms verantwortlich.<br data-start="409" data-end="412" />Das Programm wird vom DAAD mit Mitteln des Bundesministeriums für Forschung, Technologie und Raumfahrt (BMFTR) gefördert.</p>
<p data-start="537" data-end="883"><strong data-start="537" data-end="586">Deutscher Akademischer Austauschdienst (DAAD)<br />
<img loading="lazy" decoding="async" class="size-medium wp-image-2620 alignright" src="https://blogs.uni-siegen.de/sieguver/files/2025/08/daad_logo_suppl_deen_h_basic_rgb-300x109.png" alt="" width="300" height="109" srcset="https://blogs.uni-siegen.de/sieguver/files/2025/08/daad_logo_suppl_deen_h_basic_rgb-300x109.png 300w, https://blogs.uni-siegen.de/sieguver/files/2025/08/daad_logo_suppl_deen_h_basic_rgb-1024x373.png 1024w, https://blogs.uni-siegen.de/sieguver/files/2025/08/daad_logo_suppl_deen_h_basic_rgb-768x280.png 768w, https://blogs.uni-siegen.de/sieguver/files/2025/08/daad_logo_suppl_deen_h_basic_rgb.png 1300w" sizes="auto, (max-width: 300px) 100vw, 300px" /></strong><br data-start="586" data-end="589" />Der DAAD ist eine Gemeinschaftsorganisation deutscher Hochschulen und Studierendenschaften zur Förderung internationalen Beziehungen. Aufgabe des DAAD ist es, die Hochschulbeziehungen mit anderen Ländern durch den Austausch von Studierenden, Absolventen und Wissenschaftlern zu stärken.</p>
<p data-start="885" data-end="1490" data-is-last-node="" data-is-only-node=""><strong data-start="885" data-end="955">Bundesministerium für Forschung, Technologie und Raumfahrt (BMFTR)</strong></p>
<p data-start="885" data-end="1490" data-is-last-node="" data-is-only-node=""><img loading="lazy" decoding="async" class="wp-image-2623 alignright" src="https://blogs.uni-siegen.de/sieguver/files/2025/08/BMFTR_en_DTP_CMYK_gef_durch-300x200.jpg" alt="" width="245" height="163" srcset="https://blogs.uni-siegen.de/sieguver/files/2025/08/BMFTR_en_DTP_CMYK_gef_durch-300x200.jpg 300w, https://blogs.uni-siegen.de/sieguver/files/2025/08/BMFTR_en_DTP_CMYK_gef_durch-768x512.jpg 768w, https://blogs.uni-siegen.de/sieguver/files/2025/08/BMFTR_en_DTP_CMYK_gef_durch-272x182.jpg 272w, https://blogs.uni-siegen.de/sieguver/files/2025/08/BMFTR_en_DTP_CMYK_gef_durch.jpg 850w" sizes="auto, (max-width: 245px) 100vw, 245px" /><br data-start="955" data-end="958" />Gemeinsam mit den Bundesländern ist das BMFTR verantwortlich für die außerschulische Berufsbildung, die Förderung der beruflichen Aufstiegsfortbildung und der beruflichen Weiterbildung. Ein wichtiger Schwerpunkt seiner Arbeit ist Chancengerechtigkeit in der Bildung, ein wichtiger Grundsatz des Ministeriums lautet: die Herkunft einer Person sollte nicht über ihre Bildungschancen entscheiden. Das BMFTR agiert auch als Mittelgeber und fördert unter anderem die Forschung und Entwicklung vielversprechender Technologien, wobei auch soziale Innovationen und die Gesellschaft als zentraler Akteur im Fokus stehen.</p>

<p>Alle SieguVer Veranstaltungen finden seit 2024 im Rahmen des Projekts &#8222;FIT in SIEGEN – Forging International Talents&#8220; statt. Das Projekt wird vom Referat International Office der Universität Siegen organisiert.Viele Angebote können dank der Kooperation mit Partnern aus der Universität und der Region realisiert werden.Das Prorektorat für Internationales und Lebenslanges Lernen an der Universität Siegen ist &hellip; </p>
<p class="link-more"><a href="https://blogs.uni-siegen.de/sieguver/foerderung/" class="more-link"><span class="screen-reader-text">„Förderung“ </span>weiterlesen</a></p>
