{"id":350,"date":"2021-02-05T12:45:48","date_gmt":"2021-02-05T11:45:48","guid":{"rendered":"http:\/\/blogs.uni-siegen.de\/sieguver\/?page_id=350"},"modified":"2023-12-08T10:57:24","modified_gmt":"2023-12-08T09:57:24","slug":"bewerbungsunterstuetzung","status":"publish","type":"page","link":"https:\/\/blogs.uni-siegen.de\/sieguver\/vorbereitung-auf-den-arbeitsmarkt\/bewerbungsunterstuetzung\/","title":{"rendered":"Bewerbungsmappencheck"},"content":{"rendered":"<div id=\"pl-350\"  class=\"panel-layout\" ><div id=\"pg-350-0\"  class=\"panel-grid panel-has-style\" ><div class=\"siteorigin-panels-stretch panel-row-style panel-row-style-for-350-0\" data-stretch-type=\"full-stretched\" ><div id=\"pgc-350-0-0\"  class=\"panel-grid-cell\" ><div id=\"panel-350-0-0-0\" class=\"so-panel widget widget_sow-hero panel-first-child\" data-index=\"0\" ><div\n\t\t\t\n\t\t\tclass=\"so-widget-sow-hero so-widget-sow-hero-default-205177196474-350 so-widget-fittext-wrapper\"\n\t\t\t\n\t\t>\t\t\t\t<div class=\"sow-slider-base\" style=\"display: none\" tabindex=\"0\">\n\t\t\t\t\t<ul\n\t\t\t\t\tclass=\"sow-slider-images\"\n\t\t\t\t\tdata-settings=\"{&quot;pagination&quot;:true,&quot;speed&quot;:800,&quot;timeout&quot;:8000,&quot;paused&quot;:false,&quot;pause_on_hover&quot;:false,&quot;swipe&quot;:true,&quot;nav_always_show_desktop&quot;:&quot;&quot;,&quot;nav_always_show_mobile&quot;:&quot;&quot;,&quot;breakpoint&quot;:&quot;780px&quot;,&quot;unmute&quot;:false,&quot;anchor&quot;:null}\"\n\t\t\t\t\t\t\t\t\t\tdata-anchor-id=\"\"\n\t\t\t\t>\t\t<li class=\"sow-slider-image  sow-slider-image-cover\" style=\"visibility: visible;;background-color: #333333;background-image: url(https:\/\/blogs.uni-siegen.de\/sieguver\/files\/2023\/12\/P1030844-scaled-e1702029429946.jpg)\" >\n\t\t\t\t\t<div class=\"sow-slider-image-container\">\n\t\t\t<div class=\"sow-slider-image-wrapper\">\n\t\t\t\t\t\t\t<\/div>\n\t\t<\/div>\n\t\t\t\t<\/li>\n\t\t\t\t<li class=\"sow-slider-image\" style=\"visibility: hidden;;background-color: #333333\" >\n\t\t\t\t\t<div class=\"sow-slider-image-container\">\n\t\t\t<div class=\"sow-slider-image-wrapper\">\n\t\t\t\t\t\t\t<\/div>\n\t\t<\/div>\n\t\t\t\t<\/li>\n\t\t\t\t<li class=\"sow-slider-image\" style=\"visibility: hidden;;background-color: #333333\" >\n\t\t\t\t\t<div class=\"sow-slider-image-container\">\n\t\t\t<div class=\"sow-slider-image-wrapper\">\n\t\t\t\t\t\t\t<\/div>\n\t\t<\/div>\n\t\t\t\t<\/li>\n\t\t<\/ul>\t\t\t\t<ol class=\"sow-slider-pagination\">\n\t\t\t\t\t\t\t\t\t\t\t<li><a href=\"#\" data-goto=\"0\" aria-label=\"Display slide 1\"><\/a><\/li>\n\t\t\t\t\t\t\t\t\t\t\t<li><a href=\"#\" data-goto=\"1\" aria-label=\"Display slide 2\"><\/a><\/li>\n\t\t\t\t\t\t\t\t\t\t\t<li><a href=\"#\" data-goto=\"2\" aria-label=\"Display slide 3\"><\/a><\/li>\n\t\t\t\t\t\t\t\t\t<\/ol>\n\n\t\t\t\t<div class=\"sow-slide-nav sow-slide-nav-next\">\n\t\t\t\t\t<a href=\"#\" data-goto=\"next\" aria-label=\"Next slide\" data-action=\"next\">\n\t\t\t\t\t\t<em class=\"sow-sld-icon-thin-right\"><\/em>\n\t\t\t\t\t<\/a>\n\t\t\t\t<\/div>\n\n\t\t\t\t<div class=\"sow-slide-nav sow-slide-nav-prev\">\n\t\t\t\t\t<a href=\"#\" data-goto=\"previous\" aria-label=\"Previous slide\" data-action=\"prev\">\n\t\t\t\t\t\t<em class=\"sow-sld-icon-thin-left\"><\/em>\n\t\t\t\t\t<\/a>\n\t\t\t\t<\/div>\n\t\t\t\t<\/div><\/div><\/div><div id=\"panel-350-0-0-1\" class=\"so-panel widget widget_sow-headline panel-last-child\" data-index=\"1\" ><div\n\t\t\t\n\t\t\tclass=\"so-widget-sow-headline so-widget-sow-headline-default-ea0af4cf39ae-350\"\n\t\t\t\n\t\t><div class=\"sow-headline-container \">\n\t\t\t\t\t\t\t<h1 class=\"sow-headline\">\n\t\t\t\t\t\tPers\u00f6nliche Bewerbungsberatung\t\t\t\t\t\t<\/h1>\n\t\t\t\t\t\t\t\t\t\t\t<div class=\"decoration\">\n\t\t\t\t\t\t<div class=\"decoration-inside\"><\/div>\n\t\t\t\t\t<\/div>\n\t\t\t\t\t<\/div>\n<\/div><\/div><\/div><\/div><\/div><div id=\"pg-350-1\"  class=\"panel-grid panel-no-style\" ><div id=\"pgc-350-1-0\"  class=\"panel-grid-cell\" ><div id=\"panel-350-1-0-0\" class=\"so-panel widget widget_sow-editor panel-first-child panel-last-child\" data-index=\"2\" ><div\n\t\t\t\n\t\t\tclass=\"so-widget-sow-editor so-widget-sow-editor-base\"\n\t\t\t\n\t\t>\n<div class=\"siteorigin-widget-tinymce textwidget\">\n\t<p class=\"newsitem_lead\">Sind Sie auf der Suche nach einem Praktikum, einer Werkstudentent\u00e4tigkeit oder einem Berufseinstieg?<\/p>\n<p>Sie w\u00fcnschen sich bei der formalen und inhaltlichen Gestaltung Ihrer Bewerbungsunterlagen Unterst\u00fctzung?<\/p>\n<p>Dann melden Sie sich f\u00fcr einen individuellen Bewerbungsmappencheck!<br \/>\nOb <em>Lebenslauf<\/em> oder <em>Anschreiben<\/em> \u2013 wir helfen Ihnen gerne dabei.<\/p>\n<p>Senden Sie uns am Besten vorab Ihre Unterlagen, gemeinsam mit einer <em>konkreten<\/em> <em>Stellenausschreibung<\/em> zu.<\/p>\n<p>Wir bieten jedes Semester einen Workshop an, in dem wir gemeinsam an Ihren Unterlagen arbeiten. Aktuelle Termine finden Sie unter <a href=\"https:\/\/blogs.uni-siegen.de\/sieguver\/veranstaltungskalender\/bevorstehende-veranstaltungen\/\" target=\"_blank\" rel=\"noopener\">Bevorstehende Veranstaltungen.<\/a><\/p>\n<p>&nbsp;<\/p>\n<p>&nbsp;<\/p>\n<p>&nbsp;<\/p>\n<\/div>\n<\/div><\/div><\/div><\/div><div id=\"pg-350-2\"  class=\"panel-grid panel-has-style\" ><div class=\"panel-row-style panel-row-style-for-350-2\" ><div id=\"pgc-350-2-0\"  class=\"panel-grid-cell\" ><div id=\"panel-350-2-0-0\" class=\"so-panel widget widget_sow-editor panel-first-child panel-last-child\" data-index=\"3\" ><div\n\t\t\t\n\t\t\tclass=\"so-widget-sow-editor so-widget-sow-editor-base\"\n\t\t\t\n\t\t>\n<div class=\"siteorigin-widget-tinymce textwidget\">\n\t<p>Hier: <a href=\"https:\/\/blogs.uni-siegen.de\/sieguver\/files\/2021\/06\/Bewerbungschecklist-DE-formal-1.pdf\">Bewerbungschecklist DE - formal<\/a> finden Sie Hilfestellung f\u00fcr die Erstellung von Bewerbungsunterlagen. Melden Sie sich, wenn Sie Unterst\u00fctzung brauchen!<\/p>\n<\/div>\n<\/div><\/div><\/div><div id=\"pgc-350-2-1\"  class=\"panel-grid-cell\" ><div id=\"panel-350-2-1-0\" class=\"so-panel widget widget_sow-image panel-first-child panel-last-child\" data-index=\"4\" ><div\n\t\t\t\n\t\t\tclass=\"so-widget-sow-image so-widget-sow-image-default-8b5b6f678277-350\"\n\t\t\t\n\t\t>\n<div class=\"sow-image-container\">\n\t\t<img \n\tsrc=\"https:\/\/blogs.uni-siegen.de\/sieguver\/files\/2021\/02\/office-3193372_1920.jpg\" width=\"1920\" height=\"1173\" srcset=\"https:\/\/blogs.uni-siegen.de\/sieguver\/files\/2021\/02\/office-3193372_1920.jpg 1920w, https:\/\/blogs.uni-siegen.de\/sieguver\/files\/2021\/02\/office-3193372_1920-300x183.jpg 300w, https:\/\/blogs.uni-siegen.de\/sieguver\/files\/2021\/02\/office-3193372_1920-1024x626.jpg 1024w, https:\/\/blogs.uni-siegen.de\/sieguver\/files\/2021\/02\/office-3193372_1920-768x469.jpg 768w, https:\/\/blogs.uni-siegen.de\/sieguver\/files\/2021\/02\/office-3193372_1920-1536x938.jpg 1536w\" sizes=\"(max-width: 767px) 89vw, (max-width: 1000px) 54vw, (max-width: 1071px) 543px, 580px\" alt=\"\" \t\tclass=\"so-widget-image\"\/>\n\t<\/div>\n\n<\/div><\/div><\/div><\/div><\/div><\/div>","protected":false},"excerpt":{"rendered":"<p>Sind Sie auf der Suche nach einem Praktikum, einer Werkstudentent\u00e4tigkeit oder einem Berufseinstieg? Sie w\u00fcnschen sich bei der formalen und inhaltlichen Gestaltung Ihrer Bewerbungsunterlagen Unterst\u00fctzung? Dann melden Sie sich f\u00fcr einen individuellen Bewerbungsmappencheck! Ob Lebenslauf oder Anschreiben \u2013 wir helfen Ihnen gerne dabei. Senden Sie uns am Besten vorab Ihre Unterlagen, gemeinsam mit einer konkreten &hellip; <\/p>\n<p class=\"link-more\"><a href=\"https:\/\/blogs.uni-siegen.de\/sieguver\/vorbereitung-auf-den-arbeitsmarkt\/bewerbungsunterstuetzung\/\" class=\"more-link\"><span class=\"screen-reader-text\">\u201eBewerbungsmappencheck\u201c <\/span>weiterlesen<\/a><\/p>\n","protected":false},"author":467,"featured_media":0,"parent":339,"menu_order":2,"comment_status":"closed","ping_status":"closed","template":"","meta":{"footnotes":""},"class_list":["post-350","page","type-page","status-publish","hentry"],"_links":{"self":[{"href":"https:\/\/blogs.uni-siegen.de\/sieguver\/wp-json\/wp\/v2\/pages\/350","targetHints":{"allow":["GET"]}}],"collection":[{"href":"https:\/\/blogs.uni-siegen.de\/sieguver\/wp-json\/wp\/v2\/pages"}],"about":[{"href":"https:\/\/blogs.uni-siegen.de\/sieguver\/wp-json\/wp\/v2\/types\/page"}],"author":[{"embeddable":true,"href":"https:\/\/blogs.uni-siegen.de\/sieguver\/wp-json\/wp\/v2\/users\/467"}],"replies":[{"embeddable":true,"href":"https:\/\/blogs.uni-siegen.de\/sieguver\/wp-json\/wp\/v2\/comments?post=350"}],"version-history":[{"count":26,"href":"https:\/\/blogs.uni-siegen.de\/sieguver\/wp-json\/wp\/v2\/pages\/350\/revisions"}],"predecessor-version":[{"id":2256,"href":"https:\/\/blogs.uni-siegen.de\/sieguver\/wp-json\/wp\/v2\/pages\/350\/revisions\/2256"}],"up":[{"embeddable":true,"href":"https:\/\/blogs.uni-siegen.de\/sieguver\/wp-json\/wp\/v2\/pages\/339"}],"wp:attachment":[{"href":"https:\/\/blogs.uni-siegen.de\/sieguver\/wp-json\/wp\/v2\/media?parent=350"}],"curies":[{"name":"wp","href":"https:\/\/api.w.org\/{rel}","templated":true}]}}