{"id":907,"date":"2021-03-26T16:05:47","date_gmt":"2021-03-26T15:05:47","guid":{"rendered":"http:\/\/blogs.uni-siegen.de\/sieguver\/?page_id=907"},"modified":"2025-08-06T12:06:08","modified_gmt":"2025-08-06T10:06:08","slug":"wissenswertes","status":"publish","type":"page","link":"https:\/\/blogs.uni-siegen.de\/sieguver\/sieguver-angebote\/kontakt-zu-internationalen-talenten\/wissenswertes\/","title":{"rendered":"Wissenswertes"},"content":{"rendered":"<div id=\"pl-907\"  class=\"panel-layout\" ><div id=\"pg-907-0\"  class=\"panel-grid panel-has-style\" ><div class=\"siteorigin-panels-stretch panel-row-style panel-row-style-for-907-0\" data-stretch-type=\"full-width-stretch\" ><div id=\"pgc-907-0-0\"  class=\"panel-grid-cell\" ><div id=\"panel-907-0-0-0\" class=\"so-panel widget widget_sow-hero panel-first-child\" data-index=\"0\" ><div\n\t\t\t\n\t\t\tclass=\"so-widget-sow-hero so-widget-sow-hero-default-7515847024da-907 so-widget-fittext-wrapper\"\n\t\t\t data-fit-text-compressor=\"0.85\"\n\t\t>\t\t\t\t<div class=\"sow-slider-base\" style=\"display: none\" tabindex=\"0\">\n\t\t\t\t\t<ul\n\t\t\t\t\tclass=\"sow-slider-images\"\n\t\t\t\t\tdata-settings=\"{&quot;pagination&quot;:true,&quot;speed&quot;:800,&quot;timeout&quot;:8000,&quot;paused&quot;:false,&quot;pause_on_hover&quot;:false,&quot;swipe&quot;:true,&quot;nav_always_show_desktop&quot;:&quot;&quot;,&quot;nav_always_show_mobile&quot;:&quot;&quot;,&quot;breakpoint&quot;:&quot;780px&quot;,&quot;unmute&quot;:false,&quot;anchor&quot;:null}\"\n\t\t\t\t\t\t\t\t\t\tdata-anchor-id=\"\"\n\t\t\t\t>\t\t<li class=\"sow-slider-image  sow-slider-image-cover\" style=\"visibility: visible;;background-color: #333333;background-image: url(https:\/\/blogs.uni-siegen.de\/sieguver\/files\/2021\/03\/pexels-pixabay-355952.jpg)\" >\n\t\t\t\t\t<div class=\"sow-slider-image-container\">\n\t\t\t<div class=\"sow-slider-image-wrapper\">\n\t\t\t\t<h1 style=\"text-align: center\"><strong>Good To Know<\/strong><\/h1>\n\t\t\t<\/div>\n\t\t<\/div>\n\t\t\t\t<\/li>\n\t\t<\/ul>\t\t\t\t<ol class=\"sow-slider-pagination\">\n\t\t\t\t\t\t\t\t\t\t\t<li><a href=\"#\" data-goto=\"0\" aria-label=\"Display slide 1\"><\/a><\/li>\n\t\t\t\t\t\t\t\t\t<\/ol>\n\n\t\t\t\t<div class=\"sow-slide-nav sow-slide-nav-next\">\n\t\t\t\t\t<a href=\"#\" data-goto=\"next\" aria-label=\"Next slide\" data-action=\"next\">\n\t\t\t\t\t\t<em class=\"sow-sld-icon-thin-right\"><\/em>\n\t\t\t\t\t<\/a>\n\t\t\t\t<\/div>\n\n\t\t\t\t<div class=\"sow-slide-nav sow-slide-nav-prev\">\n\t\t\t\t\t<a href=\"#\" data-goto=\"previous\" aria-label=\"Previous slide\" data-action=\"prev\">\n\t\t\t\t\t\t<em class=\"sow-sld-icon-thin-left\"><\/em>\n\t\t\t\t\t<\/a>\n\t\t\t\t<\/div>\n\t\t\t\t<\/div><\/div><\/div><div id=\"panel-907-0-0-1\" class=\"so-panel widget widget_sow-headline panel-last-child\" data-index=\"1\" ><div\n\t\t\t\n\t\t\tclass=\"so-widget-sow-headline so-widget-sow-headline-default-08ca780a4db4-907\"\n\t\t\t\n\t\t><div class=\"sow-headline-container \">\n\t\t\t\t\t\t\t<h1 class=\"sow-headline\">\n\t\t\t\t\t\tInformationen zur Einstellung ausl\u00e4ndischer Studierender\t\t\t\t\t\t<\/h1>\n\t\t\t\t\t\t\t\t\t\t\t\t<h3 class=\"sow-sub-headline\">\n\t\t\t\t\t\tWas Sie wissen m\u00fcssen \t\t\t\t\t\t<\/h3>\n\t\t\t\t\t\t\t\t\t\t\t<div class=\"decoration\">\n\t\t\t\t\t\t<div class=\"decoration-inside\"><\/div>\n\t\t\t\t\t<\/div>\n\t\t\t\t\t<\/div>\n<\/div><\/div><\/div><\/div><\/div><div id=\"pg-907-1\"  class=\"panel-grid panel-has-style\" ><div class=\"panel-row-style panel-row-style-for-907-1\" ><div id=\"pgc-907-1-0\"  class=\"panel-grid-cell\" ><div id=\"panel-907-1-0-0\" class=\"so-panel widget widget_sow-editor panel-first-child\" data-index=\"2\" ><div\n\t\t\t\n\t\t\tclass=\"so-widget-sow-editor so-widget-sow-editor-base\"\n\t\t\t\n\t\t>\n<div class=\"siteorigin-widget-tinymce textwidget\">\n\t<p>Nach dem Abschluss eines Studiums in Deutschland kann ein\/e AbsolventIn f\u00fcr bis zu\u00a0<b><strong>18 Monate ein Visum zur Arbeitssuche<\/strong><\/b>\u00a0beantragen, wenn er \/ sie nachweisen kann, dass der Lebensunterhalt gesichert ist. Diese Zeit darf auch f\u00fcr Praktika oder zum Jobben genutzt werden.<\/p>\n<hr \/>\n<p>Mit einem konkreten Arbeitsplatzangebot f\u00fcr eine der akademischen Qualifikation angemessenen T\u00e4tigkeit k\u00f6nnen internationale AvsolventInnen je nach Gehalt eine\u00a0<b><strong>Aufenthaltserlaubnis<\/strong><\/b>\u00a0zum Zwecke der Besch\u00e4ftigung oder eine Blaue Karte EU beantragen; ca. 2 Jahre sp\u00e4ter kann eine Nierderlassungserlaubnis beantrag werden.<\/p>\n<hr \/>\n<p>Wenn Sie an der Einstellung einer internationalen Fachkraft interessiert sind, aber noch<b><strong>\u00a0weitere Kenntnisse<\/strong><\/b>\u00a0(z.B. Sprachkenntnisse) erforderlich sind, k\u00f6nnen entsprechende Leistungen ggf. durch die\u00a0<b><strong>Agentur f\u00fcr Arbeit<\/strong><\/b>\u00a0gef\u00f6rdert werden.<\/p>\n<hr \/>\n<p>Auch bereits\u00a0<b><strong>w\u00e4hrend des Studiums<\/strong><\/b> d\u00fcrfen ausl\u00e4ndische Studierende <strong>arbeiten<\/strong>, und zwar 140 ganze oder 280 halbe Tage. Sie k\u00f6nnen diese also bereits vor Abschluss kennenlernen und als Werkstudierende einstellen.<\/p>\n<p>In Absprache mit der Ausl\u00e4nderbeh\u00f6rde k\u00f6nnen Studierende, sofern ihr Studienverlauf bislang ordnungsgem\u00e4\u00df verl\u00e4uft, ein <strong>Praktikum<\/strong> von 3 bis 6 Monaten w\u00e4hrend ihres Studiums absolvieren und damit wichtige Arbeitserfahrungen sammeln.<\/p>\n<hr \/>\n<p style=\"font-weight: 400\">Internationale Studierende aus den Mitgliedsstaaten der Europ\u00e4ischen Union sind weder in ihrer Besch\u00e4ftigungsdauer eingeschr\u00e4nkt, noch wird ein Visum ben\u00f6tigt.<\/p>\n<hr \/>\n<p>&nbsp;<\/p>\n<p><strong>Weitere Informationen zur Einstellung von internationalen Mitarbeitenden:<\/strong><\/p>\n<p><a href=\"https:\/\/www.make-it-in-germany.com\/de\/unternehmen\/\" target=\"_blank\" rel=\"noopener\">Make it in Germany<\/a>\u00a0- Das Portal der Bundesregierung f\u00fcr Fachkr\u00e4fte aus dem Ausland<\/p>\n<p><a href=\"https:\/\/www.fai.nrw\/\" target=\"_blank\" rel=\"noopener\">NRW Fachkr\u00e4fte Agentur International<\/a>\u00a0 - kostenfreie und praxisorientierte Unterst\u00fctzung f\u00fcr Unternehmen in NRW<\/p>\n<p><a class=\" cd_extlink\" href=\"https:\/\/www.kofa.de\/mitarbeiter-finden-und-binden\/mitarbeiter-finden\/wen-rekrutieren\/internationale-fachkraefte\" target=\"_blank\" rel=\"noopener\">Kompetenzzentrum Fachkr\u00e4ftesicherung<\/a>\u00a0(&gt;\u00a0<a class=\" cd_pdflink\" title=\"KOFA_Handlungsempfehlung\" href=\"https:\/\/www.uni-siegen.de\/isa\/sieguver\/unternehmen\/unternehmen\/kofa_handlungsempfehlung_rekrutierung_internationaler_studierender_an_deutschen_hochschulen.pdf\" target=\"_blank\" rel=\"noopener\">Handlungsempfehlung Internationale Studierende<\/a>)<\/p>\n<p><a class=\" cd_extlink\" href=\"https:\/\/www.arbeitsagentur.de\/unternehmen\/arbeitskraefte\/fachkraefte-ausland\" target=\"_blank\" rel=\"noopener\">Bundesagentur f\u00fcr Arbeit<\/a>\u00a0 (&gt;\u00a0<a class=\" cd_pdflink\" title=\"Agentur f\u00fcr Arbeit_Merkblatt 7\" href=\"https:\/\/www.uni-siegen.de\/isa\/sieguver\/unternehmen\/unternehmen\/merkblatt-7-auslaendischean_ba015382.pdf\" target=\"_blank\" rel=\"noopener\">Besch\u00e4ftigung ausl\u00e4ndischer Arbeitnehmerinnen und Arbeitnehmer in Deutschland<\/a>)<\/p>\n<p><a class=\" cd_extlink\" href=\"https:\/\/www.arbeitgeber.de\/www\/arbeitgeber.nsf\/id\/de_zuwanderung-und-integration\" target=\"_blank\" rel=\"noopener\">Bundesvereinigung deutscher Arbeitgeber<\/a>\u00a0 - sozial\u00adpolitische Spitzen\u00adorganisation der gesamten deutschen Wirtschaft<\/p>\n<p>Leitfaden Willkommenskultur (&gt; <a class=\" cd_pdflink\" title=\"BDA_Willkommenskultur\" href=\"https:\/\/www.uni-siegen.de\/isa\/sieguver\/unternehmen\/unternehmen\/bda_willkommenskultur.pdf\" target=\"_blank\" rel=\"noopener\">Willkommenskultur \u2013 Ein Leitfaden f\u00fcr Unternehmen<\/a>)<\/p>\n<p>&nbsp;<\/p>\n<\/div>\n<\/div><\/div><div id=\"panel-907-1-0-1\" class=\"so-panel widget widget_sow-accordion panel-last-child\" data-index=\"3\" ><div\n\t\t\t\n\t\t\tclass=\"so-widget-sow-accordion so-widget-sow-accordion-default-3003afc06af0-907\"\n\t\t\t\n\t\t><div>\n\t<div class=\"sow-accordion\">\n\t\t\t<div class=\"sow-accordion-panel\n\t\t\t\t\t\"\n\t\t\t\tdata-anchor-id=\"wussten-sie-schon\">\n\t\t\t\t\t<div class=\"sow-accordion-panel-header-container\" role=\"heading\" aria-level=\"2\">\n\t\t\t\t\t<div class=\"sow-accordion-panel-header\" tabindex=\"0\" role=\"button\" id=\"accordion-label-wussten-sie-schon\" aria-controls=\"accordion-content-wussten-sie-schon\" aria-expanded=\"false\">\n\t\t\t\t\t\t<div class=\"sow-accordion-title sow-accordion-title-icon-left\">\n\t\t\t\t\t\t\t\t\t\t\t\t\t\tWussten Sie schon?\t\t\t\t\t\t\t\t\t\t\t\t\t<\/div>\n\t\t\t\t\t\t<div class=\"sow-accordion-open-close-button\">\n\t\t\t\t\t\t\t<div class=\"sow-accordion-open-button\">\n\t\t\t\t\t\t\t\t<span class=\"sow-icon-ionicons\" data-sow-icon=\"&#xf218;\"\n\t\t \n\t\taria-hidden=\"true\"><\/span>\t\t\t\t\t\t\t<\/div>\n\t\t\t\t\t\t\t<div class=\"sow-accordion-close-button\">\n\t\t\t\t\t\t\t\t<span class=\"sow-icon-ionicons\" data-sow-icon=\"&#xf209;\"\n\t\t \n\t\taria-hidden=\"true\"><\/span>\t\t\t\t\t\t\t<\/div>\n\t\t\t\t\t\t<\/div>\n\t\t\t\t\t<\/div>\n\t\t\t\t<\/div>\n\n\t\t\t<div\n\t\t\t\tclass=\"sow-accordion-panel-content\"\n\t\t\t\trole=\"region\"\n\t\t\t\taria-labelledby=\"accordion-label-wussten-sie-schon\"\n\t\t\t\tid=\"accordion-content-wussten-sie-schon\"\n\t\t\t\tstyle=\"display: none;\"\t\t\t>\n\t\t\t\t<div class=\"sow-accordion-panel-border\">\n\t\t\t\t\t<p>Rund <strong>2200<\/strong> Internationale studieren oder promovieren an der Universit\u00e4t Siegen<\/p>\n<p>Viele von ihnen studieren im <strong>naturwissenschaftlich-technischen<\/strong> Bereich, aber auch wirtschaftswissenschaftliche und \u2013rechtliche sowie sozialpolitische F\u00e4cher sind \u2013 neben vielen anderen \u2013 sehr beliebt bei den ausl\u00e4ndischen Studierenden.<\/p>\n<p>Ungef\u00e4hr die H\u00e4lfte der ausl\u00e4ndischen Studierenden an der Universit\u00e4t Siegen sind in einem <strong>Masterstudiengang<\/strong> eingeschrieben.<\/p>\n<p>Die drei Herkunftsl\u00e4nder mit der gr\u00f6\u00dften Studierendenanzahl sind<strong> China<\/strong>, <strong>Indien<\/strong> und <strong>Syrien<\/strong>.<\/p>\n\t\t\t\t<\/div>\n\t\t\t<\/div>\n\t\t<\/div>\n\t\t<\/div>\n<\/div>\n<\/div><\/div><\/div><\/div><\/div><\/div>","protected":false},"excerpt":{"rendered":"<p>Nach dem Abschluss eines Studiums in Deutschland kann ein\/e AbsolventIn f\u00fcr bis zu\u00a018 Monate ein Visum zur Arbeitssuche\u00a0beantragen, wenn er \/ sie nachweisen kann, dass der Lebensunterhalt gesichert ist. Diese Zeit darf auch f\u00fcr Praktika oder zum Jobben genutzt werden. Mit einem konkreten Arbeitsplatzangebot f\u00fcr eine der akademischen Qualifikation angemessenen T\u00e4tigkeit k\u00f6nnen internationale AvsolventInnen je &hellip; <\/p>\n<p class=\"link-more\"><a href=\"https:\/\/blogs.uni-siegen.de\/sieguver\/sieguver-angebote\/kontakt-zu-internationalen-talenten\/wissenswertes\/\" class=\"more-link\"><span class=\"screen-reader-text\">\u201eWissenswertes\u201c <\/span>weiterlesen<\/a><\/p>\n","protected":false},"author":467,"featured_media":0,"parent":376,"menu_order":0,"comment_status":"closed","ping_status":"closed","template":"","meta":{"footnotes":""},"class_list":["post-907","page","type-page","status-publish","hentry"],"_links":{"self":[{"href":"https:\/\/blogs.uni-siegen.de\/sieguver\/wp-json\/wp\/v2\/pages\/907","targetHints":{"allow":["GET"]}}],"collection":[{"href":"https:\/\/blogs.uni-siegen.de\/sieguver\/wp-json\/wp\/v2\/pages"}],"about":[{"href":"https:\/\/blogs.uni-siegen.de\/sieguver\/wp-json\/wp\/v2\/types\/page"}],"author":[{"embeddable":true,"href":"https:\/\/blogs.uni-siegen.de\/sieguver\/wp-json\/wp\/v2\/users\/467"}],"replies":[{"embeddable":true,"href":"https:\/\/blogs.uni-siegen.de\/sieguver\/wp-json\/wp\/v2\/comments?post=907"}],"version-history":[{"count":7,"href":"https:\/\/blogs.uni-siegen.de\/sieguver\/wp-json\/wp\/v2\/pages\/907\/revisions"}],"predecessor-version":[{"id":2639,"href":"https:\/\/blogs.uni-siegen.de\/sieguver\/wp-json\/wp\/v2\/pages\/907\/revisions\/2639"}],"up":[{"embeddable":true,"href":"https:\/\/blogs.uni-siegen.de\/sieguver\/wp-json\/wp\/v2\/pages\/376"}],"wp:attachment":[{"href":"https:\/\/blogs.uni-siegen.de\/sieguver\/wp-json\/wp\/v2\/media?parent=907"}],"curies":[{"name":"wp","href":"https:\/\/api.w.org\/{rel}","templated":true}]}}