{"id":6,"date":"2021-05-25T10:31:06","date_gmt":"2021-05-25T08:31:06","guid":{"rendered":"https:\/\/blogs.uni-siegen.de\/supervise-me\/?page_id=6"},"modified":"2021-06-21T17:13:48","modified_gmt":"2021-06-21T15:13:48","slug":"imug","status":"publish","type":"page","link":"https:\/\/blogs.uni-siegen.de\/supervise-me\/imug\/","title":{"rendered":"Medien und Gesellschaft"},"content":{"rendered":"<h2 class=\"entry-title\" style=\"text-align: center\">M.A. Medien und Gesellschaft<\/h2>\n<p style=\"text-align: center\">Der Interdisziplin\u00e4re Masterstudiengang Medien und Gesellschaft wird getragen von der Philosophischen und der Wirtschaftswissenschaftlichen Fakult\u00e4t der Universit\u00e4t Siegen und verwirklicht ein au\u00dfergew\u00f6hnliches Studienkonzept: Kombiniert werden <strong>zwei F\u00e4cher<\/strong> und ein <strong>interdisziplin\u00e4rer Studienbereich<\/strong>.<\/p>\n<div class=\"block\" style=\"text-align: center\">\n<p>Es k\u00f6nnen dabei <strong>zwei<\/strong> der folgenden vier F\u00e4cher gew\u00e4hlt werden:<\/p>\n<ul>\n<li>Medienwissenschaft<\/li>\n<li>Sozialwissenschaften<\/li>\n<li>Unternehmensf\u00fchrung und Medienmanagement<\/li>\n<li>Sozio-Informatik<\/li>\n<\/ul>\n<\/div>\n<p style=\"text-align: center\"><strong>Innovative Ideen entwickeln<\/strong><br \/>\nDas Studium b\u00fcndelt das Fachwissen der unterschiedlichen Disziplinen und macht Studierende mit den neuesten wissenschaftlichen Forschungsergebnissen und -methoden vertraut. Kleine Lerngruppen und unkonventionelle Lehrmethoden zielen darauf ab, wissenschaftliche Kreativit\u00e4t zu f\u00f6rdern und Innovationspotenziale zu st\u00e4rken. Absolventinnen und Absolventen des Interdisziplin\u00e4ren M.A. Medien und Gesellschaft sind in der Lage konzeptionelle, planerische und analytische Problemstellungen vielf\u00e4ltigster Art einer L\u00f6sung zuzuf\u00fchren.<\/p>\n<p style=\"text-align: center\">Weiterf\u00fchrende Informationen zu dem Studiengang finden Sie <a href=\"https:\/\/www.uni-siegen.de\/phil\/studium\/studiengaenge\/master\/ma_mug\/index.html?lang=de\" target=\"_blank\" rel=\"noopener\">hier<\/a>.<\/p>\n<h2 style=\"text-align: center\">Projektbetreuung<\/h2>\n<p style=\"text-align: center\"><strong>Univ.-Prof. Dr. Joachim Eigler<\/strong><\/p>\n<p><img loading=\"lazy\" decoding=\"async\" class=\"size-full wp-image-138 aligncenter\" src=\"http:\/\/blogs.uni-siegen.de\/supervise-me\/files\/2021\/06\/eigler-e1624189558610.jpg\" alt=\"\" width=\"255\" height=\"170\" \/><\/p>\n<p style=\"text-align: center\">Fakult\u00e4t III &#8211; Wirtschaftswissenschaften, Wirtschaftsinformatik und Wirtschaftsrecht<\/p>\n<p style=\"text-align: center\"><span class=\"tabelle Stil1\">Forschungsschwerpunkte:<\/span> Betriebswirtschaftslehre, insbesondere Medienmanagement<\/p>\n<p style=\"text-align: center\">Projektleitung f\u00fcr den Bereich Unternehmensf\u00fchrung und Medienmanagement<\/p>\n<p>&nbsp;<\/p>\n<p style=\"text-align: center\"><strong>apl. Prof. Dr. Rainer Leschke<\/strong><\/p>\n<p style=\"text-align: center\"><img loading=\"lazy\" decoding=\"async\" class=\"size-full wp-image-130 aligncenter\" src=\"http:\/\/blogs.uni-siegen.de\/supervise-me\/files\/2021\/06\/leschke.jpg\" alt=\"\" width=\"167\" height=\"250\" \/><\/p>\n<p style=\"text-align: center\">Forschungsschwerpunkte: Medienphilosophie, Medientheorie, Medien\u00e4sthetik, Medienethik, Medienkultur, Mediengeschichte<\/p>\n<p style=\"text-align: center\">Projektleitung f\u00fcr den Bereich Medienwissenschaft<\/p>\n<p>&nbsp;<\/p>\n<p style=\"text-align: center\"><strong>PD Dr. Sandra Nuy<\/strong><\/p>\n<p style=\"text-align: center\"><img loading=\"lazy\" decoding=\"async\" class=\"aligncenter wp-image-131\" src=\"http:\/\/blogs.uni-siegen.de\/supervise-me\/files\/2021\/06\/nuy-232x300.jpg\" alt=\"\" width=\"170\" height=\"220\" srcset=\"https:\/\/blogs.uni-siegen.de\/supervise-me\/files\/2021\/06\/nuy-232x300.jpg 232w, https:\/\/blogs.uni-siegen.de\/supervise-me\/files\/2021\/06\/nuy.jpg 495w\" sizes=\"auto, (max-width: 170px) 100vw, 170px\" \/><\/p>\n<p style=\"text-align: center\">Forschungsschwerpunkte: Politische Kultur und Medien\u00e4sthetik, Dramaturgien des Politischen, Erinnerungskulturen, Filmgeschichte und -theorie, Fotografiegeschichte und -theorie<\/p>\n<p style=\"text-align: center\">Projektleitung f\u00fcr den Bereich Politikwissenschaft<\/p>\n<blockquote>\n<p style=\"text-align: center\"><em>Versteht man unter \u00dcberwachung neben der Sammlung, Aufzeichnung und Auswertung pers\u00f6nlicher Daten vor allem die zielgerichtete Beobachtung von Personen, liegt die Affinit\u00e4t zur Medialit\u00e4t des Films auf der Hand: Ein Film will angesehen werden. Da Techniken des Sehens und der Sichtbarkeit als sozial regulierte Praxen begriffen werden m\u00fcssen, die unmittelbar mit Fragen von Macht und Herrschaft verbunden sind, reproduziert das filmische Dispositiv gesellschaftliche Machtverh\u00e4ltnisse. Insofern gibt es in meinem wichtigsten Forschungsfeld (Film und Politik) weniger Chancen und Risiken medialer \u00dcberwachung als vielmehr M\u00f6glichkeiten der \u00e4sthetischen und narrativen Auseinandersetzung, die sich auch in der Artikulation von Kritik \u00e4u\u00dfern kann, aber nicht zwingend muss.<\/em><\/p>\n<\/blockquote>\n<p>&nbsp;<\/p>\n<p style=\"text-align: center\"><strong>Univ.-Professor Dr. Hanna Schramm-Klein<\/strong><\/p>\n<p><img loading=\"lazy\" decoding=\"async\" class=\"aligncenter wp-image-155 size-full\" src=\"http:\/\/blogs.uni-siegen.de\/supervise-me\/files\/2021\/06\/schramm-klein.jpg\" alt=\"\" width=\"155\" height=\"228\" \/><\/p>\n<p style=\"text-align: center\">Forschungsschwerpunkte: Betriebswirtschaftslehre, insbesondere Marketing und Handel<\/p>\n<p style=\"text-align: center\">Projektleitung f\u00fcr den Bereich Marketing<\/p>\n<blockquote><p><em>Im Marketing ist \u201eCustomer Centricity\u201d eines der aktuellen Schlagworte. Dies f\u00fchrt nicht selten dazu, dass Unternehmen so viele Daten wie m\u00f6glich \u00fcber ihre Kunden sammeln, aggregieren und clustern, um sich kundenzentriert aufzustellen. Eine solche datengetriebene Vorgehensweise f\u00fchrt nicht selten dazu, dass versucht wird, die Kunden m\u00f6glichst engmaschig zu \u00fcberwachen, um sie so gut zu verstehen wie m\u00f6glich. Dies ist im digitalen Kontext vergleichsweise einfach. Allerdings f\u00fchrt eine Datengenerierung in Form von Big Data f\u00fchrt nicht zwangsl\u00e4ufig zu einem besseren Verst\u00e4ndnis der Kunden, ihrer Motive, Entscheidungsgr\u00fcnde und des gesamten Konsumverhaltens.<\/em><\/p><\/blockquote>\n<p>&nbsp;<\/p>\n<p style=\"text-align: center\"><strong>M.A. Julia M\u00fcller<br \/>\n<\/strong><\/p>\n<p style=\"text-align: center\"><img loading=\"lazy\" decoding=\"async\" class=\"aligncenter wp-image-132\" src=\"http:\/\/blogs.uni-siegen.de\/supervise-me\/files\/2021\/06\/mueller-225x300.jpg\" alt=\"\" width=\"170\" height=\"226\" srcset=\"https:\/\/blogs.uni-siegen.de\/supervise-me\/files\/2021\/06\/mueller-225x300.jpg 225w, https:\/\/blogs.uni-siegen.de\/supervise-me\/files\/2021\/06\/mueller.jpg 626w\" sizes=\"auto, (max-width: 170px) 100vw, 170px\" \/><\/p>\n<p style=\"text-align: center\">Forschungsschwerpunkte: Diversifikationsstrategien von Internetunternehmen, Innovationsstrategien von Medienunternehmen, Strategisches Management, insb. Generierung von Wettbewerbsvorteilen in dynamischen M\u00e4rkten<\/p>\n<p style=\"text-align: center\">Wissenschaftliche Mitarbeiterin<\/p>\n<blockquote>\n<p style=\"text-align: center\"><em>Ad\u00e4quate Formen der \u00dcberwachung und Kontrolle k\u00f6nnen Unternehmen Daten zur Leistungsmessung bieten. Welche Formen als \u201ead\u00e4quat\u201c gesehen werden k\u00f6nnen, sollte jedes Unternehmen selbst bestimmen. Dabei m\u00fcssen die jeweiligen F\u00fchrungsstile und -potenziale ber\u00fccksichtigt werden. Wenn diese Aspekte vernachl\u00e4ssigt werden, dann k\u00f6nnen eingesetzte \u00dcberwachungs- und Kontrollsysteme u.a. zu einem sch\u00e4digenden Betriebsklima f\u00fchren.<\/em><\/p>\n<\/blockquote>\n<p>&nbsp;<\/p>\n<p style=\"text-align: center\"><strong>M.Sc. Tobias R\u00f6ding<\/strong><\/p>\n<p style=\"text-align: center\"><img loading=\"lazy\" decoding=\"async\" class=\"aligncenter wp-image-133 size-full\" src=\"http:\/\/blogs.uni-siegen.de\/supervise-me\/files\/2021\/06\/roeding.png\" alt=\"\" width=\"164\" height=\"229\" \/><\/p>\n<p style=\"text-align: center\">Forschungsschwerpunkte: Betriebswirtschaftslehre, insbesondere Marketing und Handel<\/p>\n<p style=\"text-align: center\">Wissenschaftlicher Mitarbeiter<\/p>\n<blockquote>\n<p style=\"text-align: center\"><em>Der Begriff \u201e\u00dcberwachung\u201c im Kontext marketingorientierter Prozesse mag sehr forsch klingen, dennoch zeigt sich gerade vor dem Hintergrund digitaler Anwendungen bzw. mit Blick beispielsweise auf die GAFAM (Google, Amazon, Facebook, Apple, Microsoft) eine deutliche Ver\u00e4nderung des unternehmerischen Wertsch\u00f6pfungsprozesses. Dennoch gilt es auch f\u00fcr die kleinen und mittelst\u00e4ndischen Handelsunternehmen sowie H\u00e4ndler Kundendaten zu generieren, da ohne diese kein kundenorientierter Service oder auch Produktentwicklung\/-anpassung\/-management etc. stattfinden kann. Folglich wird sich im Rahmen unserer Forschung intensiv mit der Frage zu besch\u00e4ftigen, welche Ans\u00e4tze innerhalb des kundenorientierten (unmittelbaren) Services (digital als auch analog) zum einen Datenschutzbedenken bei diesen abbauen und zum anderen den Mehrwert des Datenaustausches erkennbar machen, ohne die notwendige Kontrolle \u00fcber die pers\u00f6nlichen Daten aufzugeben.<\/em><\/p>\n<\/blockquote>\n","protected":false},"excerpt":{"rendered":"<p>M.A. Medien und Gesellschaft Der Interdisziplin\u00e4re Masterstudiengang Medien und Gesellschaft wird getragen von der Philosophischen und der Wirtschaftswissenschaftlichen Fakult\u00e4t der Universit\u00e4t Siegen und verwirklicht ein au\u00dfergew\u00f6hnliches Studienkonzept: Kombiniert werden zwei F\u00e4cher und ein interdisziplin\u00e4rer Studienbereich. Es k\u00f6nnen dabei zwei der folgenden vier F\u00e4cher gew\u00e4hlt werden: Medienwissenschaft Sozialwissenschaften Unternehmensf\u00fchrung und Medienmanagement Sozio-Informatik Innovative Ideen entwickeln Das [&hellip;]<\/p>\n","protected":false},"author":502,"featured_media":104,"parent":0,"menu_order":0,"comment_status":"closed","ping_status":"closed","template":"templates\/template-cover.php","meta":{"footnotes":""},"class_list":["post-6","page","type-page","status-publish","has-post-thumbnail","hentry"],"_links":{"self":[{"href":"https:\/\/blogs.uni-siegen.de\/supervise-me\/wp-json\/wp\/v2\/pages\/6","targetHints":{"allow":["GET"]}}],"collection":[{"href":"https:\/\/blogs.uni-siegen.de\/supervise-me\/wp-json\/wp\/v2\/pages"}],"about":[{"href":"https:\/\/blogs.uni-siegen.de\/supervise-me\/wp-json\/wp\/v2\/types\/page"}],"author":[{"embeddable":true,"href":"https:\/\/blogs.uni-siegen.de\/supervise-me\/wp-json\/wp\/v2\/users\/502"}],"replies":[{"embeddable":true,"href":"https:\/\/blogs.uni-siegen.de\/supervise-me\/wp-json\/wp\/v2\/comments?post=6"}],"version-history":[{"count":14,"href":"https:\/\/blogs.uni-siegen.de\/supervise-me\/wp-json\/wp\/v2\/pages\/6\/revisions"}],"predecessor-version":[{"id":161,"href":"https:\/\/blogs.uni-siegen.de\/supervise-me\/wp-json\/wp\/v2\/pages\/6\/revisions\/161"}],"wp:featuredmedia":[{"embeddable":true,"href":"https:\/\/blogs.uni-siegen.de\/supervise-me\/wp-json\/wp\/v2\/media\/104"}],"wp:attachment":[{"href":"https:\/\/blogs.uni-siegen.de\/supervise-me\/wp-json\/wp\/v2\/media?parent=6"}],"curies":[{"name":"wp","href":"https:\/\/api.w.org\/{rel}","templated":true}]}}

<h2 class="entry-title" style="text-align: center">M.A. Medien und Gesellschaft</h2>
<p style="text-align: center">Der Interdisziplinäre Masterstudiengang Medien und Gesellschaft wird getragen von der Philosophischen und der Wirtschaftswissenschaftlichen Fakultät der Universität Siegen und verwirklicht ein außergewöhnliches Studienkonzept: Kombiniert werden <strong>zwei Fächer</strong> und ein <strong>interdisziplinärer Studienbereich</strong>.</p>
<div class="block" style="text-align: center">
<p>Es können dabei <strong>zwei</strong> der folgenden vier Fächer gewählt werden:</p>
<ul>
<li>Medienwissenschaft</li>
<li>Sozialwissenschaften</li>
<li>Unternehmensführung und Medienmanagement</li>
<li>Sozio-Informatik</li>
</ul>
</div>
<p style="text-align: center"><strong>Innovative Ideen entwickeln</strong><br />
Das Studium bündelt das Fachwissen der unterschiedlichen Disziplinen und macht Studierende mit den neuesten wissenschaftlichen Forschungsergebnissen und -methoden vertraut. Kleine Lerngruppen und unkonventionelle Lehrmethoden zielen darauf ab, wissenschaftliche Kreativität zu fördern und Innovationspotenziale zu stärken. Absolventinnen und Absolventen des Interdisziplinären M.A. Medien und Gesellschaft sind in der Lage konzeptionelle, planerische und analytische Problemstellungen vielfältigster Art einer Lösung zuzuführen.</p>
<p style="text-align: center">Weiterführende Informationen zu dem Studiengang finden Sie <a href="https://www.uni-siegen.de/phil/studium/studiengaenge/master/ma_mug/index.html?lang=de" target="_blank" rel="noopener">hier</a>.</p>
<h2 style="text-align: center">Projektbetreuung</h2>
<p style="text-align: center"><strong>Univ.-Prof. Dr. Joachim Eigler</strong></p>
<p><img loading="lazy" decoding="async" class="size-full wp-image-138 aligncenter" src="http://blogs.uni-siegen.de/supervise-me/files/2021/06/eigler-e1624189558610.jpg" alt="" width="255" height="170" /></p>
<p style="text-align: center">Fakultät III &#8211; Wirtschaftswissenschaften, Wirtschaftsinformatik und Wirtschaftsrecht</p>
<p style="text-align: center"><span class="tabelle Stil1">Forschungsschwerpunkte:</span> Betriebswirtschaftslehre, insbesondere Medienmanagement</p>
<p style="text-align: center">Projektleitung für den Bereich Unternehmensführung und Medienmanagement</p>
<p>&nbsp;</p>
<p style="text-align: center"><strong>apl. Prof. Dr. Rainer Leschke</strong></p>
<p style="text-align: center"><img loading="lazy" decoding="async" class="size-full wp-image-130 aligncenter" src="http://blogs.uni-siegen.de/supervise-me/files/2021/06/leschke.jpg" alt="" width="167" height="250" /></p>
<p style="text-align: center">Forschungsschwerpunkte: Medienphilosophie, Medientheorie, Medienästhetik, Medienethik, Medienkultur, Mediengeschichte</p>
<p style="text-align: center">Projektleitung für den Bereich Medienwissenschaft</p>
<p>&nbsp;</p>
<p style="text-align: center"><strong>PD Dr. Sandra Nuy</strong></p>
<p style="text-align: center"><img loading="lazy" decoding="async" class="aligncenter wp-image-131" src="http://blogs.uni-siegen.de/supervise-me/files/2021/06/nuy-232x300.jpg" alt="" width="170" height="220" srcset="https://blogs.uni-siegen.de/supervise-me/files/2021/06/nuy-232x300.jpg 232w, https://blogs.uni-siegen.de/supervise-me/files/2021/06/nuy.jpg 495w" sizes="auto, (max-width: 170px) 100vw, 170px" /></p>
<p style="text-align: center">Forschungsschwerpunkte: Politische Kultur und Medienästhetik, Dramaturgien des Politischen, Erinnerungskulturen, Filmgeschichte und -theorie, Fotografiegeschichte und -theorie</p>
<p style="text-align: center">Projektleitung für den Bereich Politikwissenschaft</p>
<blockquote>
<p style="text-align: center"><em>Versteht man unter Überwachung neben der Sammlung, Aufzeichnung und Auswertung persönlicher Daten vor allem die zielgerichtete Beobachtung von Personen, liegt die Affinität zur Medialität des Films auf der Hand: Ein Film will angesehen werden. Da Techniken des Sehens und der Sichtbarkeit als sozial regulierte Praxen begriffen werden müssen, die unmittelbar mit Fragen von Macht und Herrschaft verbunden sind, reproduziert das filmische Dispositiv gesellschaftliche Machtverhältnisse. Insofern gibt es in meinem wichtigsten Forschungsfeld (Film und Politik) weniger Chancen und Risiken medialer Überwachung als vielmehr Möglichkeiten der ästhetischen und narrativen Auseinandersetzung, die sich auch in der Artikulation von Kritik äußern kann, aber nicht zwingend muss.</em></p>
</blockquote>
<p>&nbsp;</p>
<p style="text-align: center"><strong>Univ.-Professor Dr. Hanna Schramm-Klein</strong></p>
<p><img loading="lazy" decoding="async" class="aligncenter wp-image-155 size-full" src="http://blogs.uni-siegen.de/supervise-me/files/2021/06/schramm-klein.jpg" alt="" width="155" height="228" /></p>
<p style="text-align: center">Forschungsschwerpunkte: Betriebswirtschaftslehre, insbesondere Marketing und Handel</p>
<p style="text-align: center">Projektleitung für den Bereich Marketing</p>
<blockquote><p><em>Im Marketing ist „Customer Centricity” eines der aktuellen Schlagworte. Dies führt nicht selten dazu, dass Unternehmen so viele Daten wie möglich über ihre Kunden sammeln, aggregieren und clustern, um sich kundenzentriert aufzustellen. Eine solche datengetriebene Vorgehensweise führt nicht selten dazu, dass versucht wird, die Kunden möglichst engmaschig zu überwachen, um sie so gut zu verstehen wie möglich. Dies ist im digitalen Kontext vergleichsweise einfach. Allerdings führt eine Datengenerierung in Form von Big Data führt nicht zwangsläufig zu einem besseren Verständnis der Kunden, ihrer Motive, Entscheidungsgründe und des gesamten Konsumverhaltens.</em></p></blockquote>
<p>&nbsp;</p>
<p style="text-align: center"><strong>M.A. Julia Müller<br />
</strong></p>
<p style="text-align: center"><img loading="lazy" decoding="async" class="aligncenter wp-image-132" src="http://blogs.uni-siegen.de/supervise-me/files/2021/06/mueller-225x300.jpg" alt="" width="170" height="226" srcset="https://blogs.uni-siegen.de/supervise-me/files/2021/06/mueller-225x300.jpg 225w, https://blogs.uni-siegen.de/supervise-me/files/2021/06/mueller.jpg 626w" sizes="auto, (max-width: 170px) 100vw, 170px" /></p>
<p style="text-align: center">Forschungsschwerpunkte: Diversifikationsstrategien von Internetunternehmen, Innovationsstrategien von Medienunternehmen, Strategisches Management, insb. Generierung von Wettbewerbsvorteilen in dynamischen Märkten</p>
<p style="text-align: center">Wissenschaftliche Mitarbeiterin</p>
<blockquote>
<p style="text-align: center"><em>Adäquate Formen der Überwachung und Kontrolle können Unternehmen Daten zur Leistungsmessung bieten. Welche Formen als „adäquat“ gesehen werden können, sollte jedes Unternehmen selbst bestimmen. Dabei müssen die jeweiligen Führungsstile und -potenziale berücksichtigt werden. Wenn diese Aspekte vernachlässigt werden, dann können eingesetzte Überwachungs- und Kontrollsysteme u.a. zu einem schädigenden Betriebsklima führen.</em></p>
</blockquote>
<p>&nbsp;</p>
<p style="text-align: center"><strong>M.Sc. Tobias Röding</strong></p>
<p style="text-align: center"><img loading="lazy" decoding="async" class="aligncenter wp-image-133 size-full" src="http://blogs.uni-siegen.de/supervise-me/files/2021/06/roeding.png" alt="" width="164" height="229" /></p>
<p style="text-align: center">Forschungsschwerpunkte: Betriebswirtschaftslehre, insbesondere Marketing und Handel</p>
<p style="text-align: center">Wissenschaftlicher Mitarbeiter</p>
<blockquote>
<p style="text-align: center"><em>Der Begriff „Überwachung“ im Kontext marketingorientierter Prozesse mag sehr forsch klingen, dennoch zeigt sich gerade vor dem Hintergrund digitaler Anwendungen bzw. mit Blick beispielsweise auf die GAFAM (Google, Amazon, Facebook, Apple, Microsoft) eine deutliche Veränderung des unternehmerischen Wertschöpfungsprozesses. Dennoch gilt es auch für die kleinen und mittelständischen Handelsunternehmen sowie Händler Kundendaten zu generieren, da ohne diese kein kundenorientierter Service oder auch Produktentwicklung/-anpassung/-management etc. stattfinden kann. Folglich wird sich im Rahmen unserer Forschung intensiv mit der Frage zu beschäftigen, welche Ansätze innerhalb des kundenorientierten (unmittelbaren) Services (digital als auch analog) zum einen Datenschutzbedenken bei diesen abbauen und zum anderen den Mehrwert des Datenaustausches erkennbar machen, ohne die notwendige Kontrolle über die persönlichen Daten aufzugeben.</em></p>
</blockquote>

<p>M.A. Medien und Gesellschaft Der Interdisziplinäre Masterstudiengang Medien und Gesellschaft wird getragen von der Philosophischen und der Wirtschaftswissenschaftlichen Fakultät der Universität Siegen und verwirklicht ein außergewöhnliches Studienkonzept: Kombiniert werden zwei Fächer und ein interdisziplinärer Studienbereich. Es können dabei zwei der folgenden vier Fächer gewählt werden: Medienwissenschaft Sozialwissenschaften Unternehmensführung und Medienmanagement Sozio-Informatik Innovative Ideen entwickeln Das [&hellip;]</p>
